{"id":1556,"date":"2025-10-27T18:37:00","date_gmt":"2025-10-27T21:37:00","guid":{"rendered":"https:\/\/wp.ufpel.edu.br\/lapso\/?page_id=1556"},"modified":"2026-02-26T15:00:13","modified_gmt":"2026-02-26T18:00:13","slug":"roteiro-saudades","status":"publish","type":"page","link":"https:\/\/wp.ufpel.edu.br\/lapso\/roteiro-saudades\/","title":{"rendered":"Roteiro &#8211; Performance Saudades"},"content":{"rendered":"<p>Sess\u00e3o de sociodrama dirigida por Gracielle Raubach<\/p>\n<p><strong><em>Roteiro:<\/em><\/strong><\/p>\n<p>&#8211; Recep\u00e7\u00e3o e acolhimento<\/p>\n<p>-Explica\u00e7\u00f5es sobre a sess\u00e3o: Sociodrama o foco \u00e9 mais coletivo, nos pap\u00e9is sociais e nas rela\u00e7\u00f5es entre as pessoas ou grupos. Os participantes representam pap\u00e9is sociais (ex: \u201cgerente\u201d, \u201cm\u00e3e\u201d, \u201cadolescente\u201d, \u201cpobre \/ rico\u201d, \u201cprofessor \/ aluno\u201d, \u201cpol\u00edtico \/ comunidade\u201d) possibilitando trazer \u00e0 tona tens\u00f5es, dilemas ou conflitos latentes. Etapas (Aquecimento \/ prepara\u00e7\u00e3o; Articula\u00e7\u00e3o\/ situa\u00e7\u00e3o; Escultura ou estrutura dram\u00e1tica; Dramatiza\u00e7\u00e3o\/ encena\u00e7\u00e3o; Compartilhamento; encerramento);<\/p>\n<p>-Alongamento em grupo (M\u00daSICA: instrumental animado e leve)<\/p>\n<p>-Caminhar aleatoriamente, preenchendo os espa\u00e7os da sala. Varia\u00e7\u00f5es: Com pressa; triste; feliz; Observando os demais; cumprimentar com um sorriso; toque lateral externo do p\u00e9; toca aqui m\u00e3o no alto (M\u00daSICA: instrumental \u201cTrem das onze\u201d, Adoniran Barbosa)<\/p>\n<p>-Din\u00e2mica Ela veio para&#8230; mas eu vou&#8230; (M\u00daSICA: possibilidade de efeitos sonoros se necess\u00e1rio). Tr\u00eas rodadas ou at\u00e9 esgotar. Pensar o tempo para explica\u00e7\u00e3o e compreens\u00e3o da din\u00e2mica.<\/p>\n<p>-Tornar a caminhar aleatoriamente; Buscar olhar os colegas nos olhos ao se cruzar; Encontrar algu\u00e9m para formar dupla;<\/p>\n<p>-Din\u00e2mica Pega-pega em duplas. Em todas as duplas um estar\u00e1 vendado e outro guiar\u00e1. Uma dupla volunt\u00e1ria come\u00e7a pegando. Quem est\u00e1 com a venda precisa pegar a pessoa vendada da outra dupla. As duplas n\u00e3o podem se separar. Varia\u00e7\u00e3o: trocar a venda com o colega de dupla. Repetir at\u00e9 esgotar;<\/p>\n<p>-Check list do corpo (beber \u00e1gua, alongar alguma parte que achar necess\u00e1rio)<\/p>\n<p>-Caminhando devagar. Buscar a aten\u00e7\u00e3o para a saudade. Fala:<\/p>\n<p>\u201cPensem em algu\u00e9m, ou algo, que voc\u00eas tenham saudade. Do que tu sente saudade? Algu\u00e9m que est\u00e1 distante, algu\u00e9m que j\u00e1 partiu e n\u00e3o podes mais ver. Talvez a tua saudade possa ser de ti mesmo, do que fostes e j\u00e1 n\u00e3o pode mais ser. Enquanto caminha, observa os que est\u00e3o contigo esta tarde. Imagina que a tua saudade \u00e9 uma dessas pessoas cruzando por ti.\u201d (M\u00daSICA: instrumental \u201cMorrendo de saudade\u201d, Fernando Iglecias)<\/p>\n<p>-Quero que encontre um lugar e uma posi\u00e7\u00e3o confort\u00e1vel. Sentado, deitado, como preferir. Vamos ouvir a m\u00fasica (M\u00daSICA: \u201cMorrendo de saudade\u201d, Pedro canta primeira parte)<\/p>\n<p>-Sobre a saudade: \u201cA saudade vem do amor. Eu diria que \u00e9 o pre\u00e7o pago por amar. Ela sobressai a falta. Ressoa na alma de quem ousou amar.<\/p>\n<p>Onde est\u00e1 a tua saudade? Est\u00e1 nas m\u00e3os, que j\u00e1 n\u00e3o podem tocar. Est\u00e1 nos bra\u00e7os que j\u00e1 n\u00e3o podem abra\u00e7ar. Nas pernas que j\u00e1 n\u00e3o correm ou brincam mais. Talvez esteja na barriga, e na risada que fazia ela doer. Ou naquela comida, que te faz salivar pela lembran\u00e7a. Na boca que beijou, no ouvido que escutou\u2026 Ela se espalha por varias partes do nosso corpo. Mas muito dela se concentra no peito, que arde, aperta e d\u00f3i- a dor da Saudade. \u00c9 poss\u00edvel que a saudade esteja no que n\u00e3o se viveu? No desejo do afeto que nunca chegou. Do acolhimento t\u00e3o necess\u00e1rio furtado. Uma saudade daquilo que foi desejado mas nunca vivido. Onde est\u00e1 a tua saudade? Em parte do corpo tu sente ela? De que \u00e9poca ela vem?\u201d<\/p>\n<p>A medida que tiver clareza da tua saudade, levanta e torna a caminhar lentamente pela sala. Permanece com a lembran\u00e7a da tua saudade.<\/p>\n<p>Reencontra uma dupla pra compartilhar a tua lembran\u00e7a. (M\u00d9SICA: At\u00e9 aqui segue apenas o fundo instrumental da m\u00fasica cantada)<\/p>\n<p>-Unir as hist\u00f3rias em uma s\u00f3 de modo que se mantenha elementos de ambas;<\/p>\n<p>-Compartilhar a hist\u00f3ria unificada como outra dupla;<\/p>\n<p>-Unificar as hist\u00f3rias contadas pelas duplas;<\/p>\n<p>-Divis\u00e3o dos papeis e planejamento para dramatiza\u00e7\u00e3o para o grupo;<\/p>\n<p>-Dramatiza\u00e7\u00e3o (pode utilizar o aux\u00edlio da m\u00edsica)<\/p>\n<p>-Compartilhamento em grupo;<\/p>\n<p>-Agradecimento e fechamento da sess\u00e3o.<\/p>\n<p>&nbsp;<\/p>\n","protected":false},"excerpt":{"rendered":"<p>Sess\u00e3o de sociodrama dirigida por Gracielle Raubach Roteiro: &#8211; Recep\u00e7\u00e3o e acolhimento -Explica\u00e7\u00f5es sobre a sess\u00e3o: Sociodrama o foco \u00e9 mais coletivo, nos pap\u00e9is sociais e nas rela\u00e7\u00f5es entre as pessoas ou grupos. Os participantes representam pap\u00e9is sociais (ex: \u201cgerente\u201d, \u201cm\u00e3e\u201d, \u201cadolescente\u201d, \u201cpobre \/ rico\u201d, \u201cprofessor \/ aluno\u201d, \u201cpol\u00edtico \/ comunidade\u201d) possibilitando trazer \u00e0 tona [&hellip;]<\/p>\n","protected":false},"author":1195,"featured_media":0,"parent":0,"menu_order":0,"comment_status":"closed","ping_status":"closed","template":"","meta":{"footnotes":""},"class_list":["post-1556","page","type-page","status-publish","hentry","post"],"jetpack_sharing_enabled":true,"_links":{"self":[{"href":"https:\/\/wp.ufpel.edu.br\/lapso\/wp-json\/wp\/v2\/pages\/1556","targetHints":{"allow":["GET"]}}],"collection":[{"href":"https:\/\/wp.ufpel.edu.br\/lapso\/wp-json\/wp\/v2\/pages"}],"about":[{"href":"https:\/\/wp.ufpel.edu.br\/lapso\/wp-json\/wp\/v2\/types\/page"}],"author":[{"embeddable":true,"href":"https:\/\/wp.ufpel.edu.br\/lapso\/wp-json\/wp\/v2\/users\/1195"}],"replies":[{"embeddable":true,"href":"https:\/\/wp.ufpel.edu.br\/lapso\/wp-json\/wp\/v2\/comments?post=1556"}],"version-history":[{"count":2,"href":"https:\/\/wp.ufpel.edu.br\/lapso\/wp-json\/wp\/v2\/pages\/1556\/revisions"}],"predecessor-version":[{"id":1585,"href":"https:\/\/wp.ufpel.edu.br\/lapso\/wp-json\/wp\/v2\/pages\/1556\/revisions\/1585"}],"wp:attachment":[{"href":"https:\/\/wp.ufpel.edu.br\/lapso\/wp-json\/wp\/v2\/media?parent=1556"}],"curies":[{"name":"wp","href":"https:\/\/api.w.org\/{rel}","templated":true}]}}