{"id":1313,"date":"2025-03-09T16:38:36","date_gmt":"2025-03-09T19:38:36","guid":{"rendered":"https:\/\/wp.ufpel.edu.br\/lapso\/?page_id=1313"},"modified":"2025-04-03T10:34:17","modified_gmt":"2025-04-03T13:34:17","slug":"narrativas-infacias","status":"publish","type":"page","link":"https:\/\/wp.ufpel.edu.br\/lapso\/narrativas-infacias\/","title":{"rendered":"Narrativas &#8211; Inf\u00e2cias"},"content":{"rendered":"<p>Relatos do p\u00fablico participante:<\/p>\n<div dir=\"auto\" style=\"text-align: justify;\">&#8220;Reencontro com o c\u00e9u&#8221;<\/div>\n<div dir=\"auto\" style=\"text-align: justify;\">&#8211; &#8216;Em dezembro de 2024 recebi um convite para participar e integrar uma atividade psicodram\u00e1tica em grupo na Furg. Esta, uma a\u00e7\u00e3o de um laborat\u00f3rio de psicologia social da UFPel. Pois bem, me considero algu\u00e9m aberta \u00e0s experi\u00eancias. L\u00e1 fui eu. Levei comigo de carona uma aluna. Ao chegar, encontrei outros alunos e um clima acolhedor, com bolinhos da Manu, \u00e1gua e cafezinho. No audit\u00f3rio, m\u00fasicos, som, pessoas &#8220;novas&#8221; e mais clima acolhedor em um s\u00e1bado nublado, com jeito de chuva.<br \/>\nCom aux\u00edlio de um mo\u00e7o que me pareceu inicialmente t\u00edmido, o Max, fomos nos aquecendo. Os jogos s\u00e3o sempre muito bons pra conectar. Come\u00e7amos conectando ao nosso pr\u00f3prio corpo, a sentir o calor que vibramos no movimento. Depois, conectamos a outros corpos, com gestos e toques suaves. Com o cansa\u00e7o, uma nova conex\u00e3o. A mem\u00f3ria. Interessante pensar que a mem\u00f3ria n\u00e3o \u00e9 algo que se apresenta somente em nossos pensamentos. Sob orienta\u00e7\u00e3o delicada, minha consci\u00eancia me levou a um lugar de inf\u00e2ncia. L\u00e1, uma mem\u00f3ria do corpo. Deitada no ch\u00e3o do audit\u00f3rio, pude sentir a grama da minha casa de inf\u00e2ncia. Senti o sol que batia no rosto por entre as folhas do pinheiro ao meu lado. Eu mirava o c\u00e9u. Ah, o c\u00e9u&#8230; ainda lembro com clareza daquele c\u00e9u azul, limpo e com poucas nuvens que pareciam um sopro. Navegavam por l\u00e1, lentamente. T\u00e3o bom. T\u00e3o bom sentir a grama nas costas, o calor na pele e o cora\u00e7\u00e3o abra\u00e7ado pela imagem daquele c\u00e9u. Nada ali incomodava. Meus pensamentos flu\u00edam, criavam teorias sobre uma poss\u00edvel percep\u00e7\u00e3o do movimento da Terra&#8230; era eu, presente e sem preocupa\u00e7\u00f5es de julgamento.<br \/>\nN\u00e3o paramos ali. Compartilhamos em pequenos grupos, criamos hist\u00f3rias que se interligavam. Cantamos. Nos emocionamos. Est\u00e1vamos presentes. Que presente este reencontro com o c\u00e9u. Divinos somos n\u00f3s, que nos libertamos, mesmo que temporariamente, daquilo que nos diminui. Obrigada por me proporcionarem este reencontro. Saibam, que a grama segue sendo um lugar de paz e seguran\u00e7a. Que bom que voc\u00eas me lembraram disso de forma t\u00e3o amorosa.&#8217;<\/p>\n<\/div>\n<div dir=\"auto\"><\/div>\n<div dir=\"auto\"><\/div>\n<div dir=\"auto\"><\/div>\n<div dir=\"auto\"><\/div>\n<div dir=\"auto\" style=\"text-align: justify;\">\n<p>&#8211; &#8220;Foi um momento muito acolhedor, de muita troca de energia e liberta\u00e7\u00e3o. Foi incr\u00edvel contar e ouvir hist\u00f3rias, sobretudo transform\u00e1-las em parte de um todo. Toda a equipe colaborou para que esses momentos fossem especiais e tivemos uma aten\u00e7\u00e3o \u00edmpar para realizar as atividades propostas. Obrigada pela grandiosidade difundida.&#8221; &#8211;<br \/>\n<em>Luah Ayres<\/em><\/p>\n<\/div>\n<div dir=\"auto\"><\/div>\n<div dir=\"auto\"><\/div>\n<div dir=\"auto\">\n<p style=\"text-align: justify;\">&#8211; &#8220;Queria deixar registrado que sempre gostei da ideia do psicodrama, amo arte, teatro e psicologia, ent\u00e3o essa uni\u00e3o faz todo o sentido pra mim, mas eu n\u00e3o conhecia at\u00e9 ent\u00e3o nada de como seria na pr\u00e1tica. Amei demais essa primeira experi\u00eancia, foi alegre e natural na progress\u00e3o das etapas. Achei super bem conduzida pelo Max, que deixou a gente muito confort\u00e1vel pra nos expressarmos nessa tem\u00e1tica, que trouxe tantas mem\u00f3rias boas. Adorei a atua\u00e7\u00e3o dos colegas tamb\u00e9m, fiquei surpresa com a qualidade das cenas, t\u00e3o bem organizadas, achei incr\u00edvel de assistir. Enfim, amei a experi\u00eancia, vou guardar pra sempre!&#8221;<br \/>\n<em>Teresa Alves<\/em><\/p>\n<\/div>\n<div class=\"adL\" dir=\"auto\"><\/div>\n","protected":false},"excerpt":{"rendered":"<p>Relatos do p\u00fablico participante: &#8220;Reencontro com o c\u00e9u&#8221; &#8211; &#8216;Em dezembro de 2024 recebi um convite para participar e integrar uma atividade psicodram\u00e1tica em grupo na Furg. Esta, uma a\u00e7\u00e3o de um laborat\u00f3rio de psicologia social da UFPel. Pois bem, me considero algu\u00e9m aberta \u00e0s experi\u00eancias. L\u00e1 fui eu. Levei comigo de carona uma aluna. [&hellip;]<\/p>\n","protected":false},"author":1195,"featured_media":0,"parent":0,"menu_order":0,"comment_status":"closed","ping_status":"closed","template":"","meta":{"footnotes":""},"class_list":["post-1313","page","type-page","status-publish","hentry","post"],"jetpack_sharing_enabled":true,"_links":{"self":[{"href":"https:\/\/wp.ufpel.edu.br\/lapso\/wp-json\/wp\/v2\/pages\/1313","targetHints":{"allow":["GET"]}}],"collection":[{"href":"https:\/\/wp.ufpel.edu.br\/lapso\/wp-json\/wp\/v2\/pages"}],"about":[{"href":"https:\/\/wp.ufpel.edu.br\/lapso\/wp-json\/wp\/v2\/types\/page"}],"author":[{"embeddable":true,"href":"https:\/\/wp.ufpel.edu.br\/lapso\/wp-json\/wp\/v2\/users\/1195"}],"replies":[{"embeddable":true,"href":"https:\/\/wp.ufpel.edu.br\/lapso\/wp-json\/wp\/v2\/comments?post=1313"}],"version-history":[{"count":12,"href":"https:\/\/wp.ufpel.edu.br\/lapso\/wp-json\/wp\/v2\/pages\/1313\/revisions"}],"predecessor-version":[{"id":1334,"href":"https:\/\/wp.ufpel.edu.br\/lapso\/wp-json\/wp\/v2\/pages\/1313\/revisions\/1334"}],"wp:attachment":[{"href":"https:\/\/wp.ufpel.edu.br\/lapso\/wp-json\/wp\/v2\/media?parent=1313"}],"curies":[{"name":"wp","href":"https:\/\/api.w.org\/{rel}","templated":true}]}}