{"id":131,"date":"2022-05-21T16:16:42","date_gmt":"2022-05-21T19:16:42","guid":{"rendered":"https:\/\/wp.ufpel.edu.br\/lapso\/?page_id=131"},"modified":"2024-08-06T20:41:08","modified_gmt":"2024-08-06T23:41:08","slug":"o-grupo-como-dispositivo","status":"publish","type":"page","link":"https:\/\/wp.ufpel.edu.br\/lapso\/o-grupo-como-dispositivo\/","title":{"rendered":"O Grupo como Dispositivo"},"content":{"rendered":"<p style=\"text-align: justify;\"><img loading=\"lazy\" decoding=\"async\" class=\"aligncenter wp-image-266 size-full\" src=\"https:\/\/wp.ufpel.edu.br\/lapso\/files\/2022\/07\/279691444_441791137953973_4898118894307879216_n.png\" alt=\"\" width=\"1024\" height=\"746\" srcset=\"https:\/\/wp.ufpel.edu.br\/lapso\/files\/2022\/07\/279691444_441791137953973_4898118894307879216_n.png 1024w, https:\/\/wp.ufpel.edu.br\/lapso\/files\/2022\/07\/279691444_441791137953973_4898118894307879216_n-400x291.png 400w, https:\/\/wp.ufpel.edu.br\/lapso\/files\/2022\/07\/279691444_441791137953973_4898118894307879216_n-768x560.png 768w\" sizes=\"auto, (max-width: 1024px) 100vw, 1024px\" \/><\/p>\n<p>&nbsp;<\/p>\n<p style=\"text-align: justify;\">O projeto busca constituir uma pr\u00e1tica integrada entre o curso de Psicologia, o Centro de Artes e o Mestrado em Artes Visuais da UFPel. Partindo de uma articula\u00e7\u00e3o entre diversas linguagens art\u00edsticas (Artes Visuais; M\u00fasica; Teatro; Cinema) e a Psicologia Social, o projeto busca abrir condi\u00e7\u00f5es de possibilidade para elabora\u00e7\u00e3o, desenvolvimento e divulga\u00e7\u00e3o de novas tecnologias sociais. Trata-se de constituir oficinas, ateliers, espa\u00e7os de cria\u00e7\u00e3o onde possamos nos colocar (encharcados por uma pr\u00e1tica) diante a rela\u00e7\u00e3o que envolve processos de cria\u00e7\u00e3o e processos de subjetiva\u00e7\u00e3o. No primeiro semestre de 2022 oferecemos uma breve forma\u00e7\u00e3o aos alunos selecionados: um estudo pr\u00e1tico sobre aplica\u00e7\u00f5es das linguagens c\u00eanicas no contexto da psicologia (Psicodrama, Sociodrama, Esquizodrama, etc). A partir de agosto \u2013 segundo semestre \u2013 abrimos o projeto \u00e0s institui\u00e7\u00f5es parceiras e a comunidade em geral. O projeto conta com a colabora\u00e7\u00e3o da bolsista Liara Dam\u00e9 Soares.<\/p>\n<p><img loading=\"lazy\" decoding=\"async\" class=\"size-medium wp-image-176 aligncenter\" src=\"https:\/\/wp.ufpel.edu.br\/lapso\/files\/2022\/06\/PSX_20220531_173625-400x301.jpg\" alt=\"\" width=\"400\" height=\"301\" srcset=\"https:\/\/wp.ufpel.edu.br\/lapso\/files\/2022\/06\/PSX_20220531_173625-400x301.jpg 400w, https:\/\/wp.ufpel.edu.br\/lapso\/files\/2022\/06\/PSX_20220531_173625-1024x769.jpg 1024w, https:\/\/wp.ufpel.edu.br\/lapso\/files\/2022\/06\/PSX_20220531_173625-768x577.jpg 768w, https:\/\/wp.ufpel.edu.br\/lapso\/files\/2022\/06\/PSX_20220531_173625-1536x1154.jpg 1536w, https:\/\/wp.ufpel.edu.br\/lapso\/files\/2022\/06\/PSX_20220531_173625-2048x1539.jpg 2048w\" sizes=\"auto, (max-width: 400px) 100vw, 400px\" \/><\/p>\n<p style=\"text-align: center;\"><span style=\"font-size: small;\"> (Membros do Projeto Grupo como Dispositivo em sess\u00e3o de Sociodrama no dia 31\/05\/2022)<\/span><\/p>\n<h2>O que anda acontecendo?<\/h2>\n<p>&nbsp;<\/p>\n<p style=\"text-align: justify;\"><img loading=\"lazy\" decoding=\"async\" class=\"aligncenter wp-image-526 size-large\" src=\"https:\/\/wp.ufpel.edu.br\/lapso\/files\/2022\/11\/Travessias-723x1024.jpg\" alt=\"\" width=\"720\" height=\"1020\" srcset=\"https:\/\/wp.ufpel.edu.br\/lapso\/files\/2022\/11\/Travessias-723x1024.jpg 723w, https:\/\/wp.ufpel.edu.br\/lapso\/files\/2022\/11\/Travessias-282x400.jpg 282w, https:\/\/wp.ufpel.edu.br\/lapso\/files\/2022\/11\/Travessias-768x1088.jpg 768w, https:\/\/wp.ufpel.edu.br\/lapso\/files\/2022\/11\/Travessias.jpg 794w\" sizes=\"auto, (max-width: 720px) 100vw, 720px\" \/>l<\/p>\n<p style=\"text-align: center;\"><span style=\"font-size: small;\">(Cartaz de divulga\u00e7\u00e3o da s\u00e9tima performance a ser realizada com a comunidade &#8211; 2022 | <a href=\"https:\/\/wp.ufpel.edu.br\/lapso\/travessias-cartografia-visual-da-performance\/\">Cartografia Visual da Performance<\/a>)<\/span><\/p>\n<p>&nbsp;<\/p>\n<p><img loading=\"lazy\" decoding=\"async\" class=\"aligncenter wp-image-529 size-large\" style=\"text-align: justify;\" src=\"https:\/\/wp.ufpel.edu.br\/lapso\/files\/2022\/12\/Imagem1-721x1024.jpg\" alt=\"\" width=\"720\" height=\"1023\" srcset=\"https:\/\/wp.ufpel.edu.br\/lapso\/files\/2022\/12\/Imagem1-721x1024.jpg 721w, https:\/\/wp.ufpel.edu.br\/lapso\/files\/2022\/12\/Imagem1-282x400.jpg 282w, https:\/\/wp.ufpel.edu.br\/lapso\/files\/2022\/12\/Imagem1-768x1091.jpg 768w, https:\/\/wp.ufpel.edu.br\/lapso\/files\/2022\/12\/Imagem1.jpg 795w\" sizes=\"auto, (max-width: 720px) 100vw, 720px\" \/><\/p>\n<p style=\"text-align: center;\"><span style=\"font-size: small;\">(Cartaz de divulga\u00e7\u00e3o da sexta performance a ser realizada com a comunidade &#8211; 2022 | <a href=\"https:\/\/wp.ufpel.edu.br\/lapso\/o-sonho-en-cena-cartografia-visual-da-performance\/\">Cartografia Visual da Performance<\/a>)<\/span><\/p>\n<p>&nbsp;<\/p>\n<p><img loading=\"lazy\" decoding=\"async\" class=\"aligncenter wp-image-509 size-large\" src=\"https:\/\/wp.ufpel.edu.br\/lapso\/files\/2022\/10\/2-723x1024.jpg\" alt=\"\" width=\"720\" height=\"1020\" srcset=\"https:\/\/wp.ufpel.edu.br\/lapso\/files\/2022\/10\/2-723x1024.jpg 723w, https:\/\/wp.ufpel.edu.br\/lapso\/files\/2022\/10\/2-282x400.jpg 282w, https:\/\/wp.ufpel.edu.br\/lapso\/files\/2022\/10\/2-768x1088.jpg 768w, https:\/\/wp.ufpel.edu.br\/lapso\/files\/2022\/10\/2.jpg 794w\" sizes=\"auto, (max-width: 720px) 100vw, 720px\" \/><\/p>\n<p style=\"text-align: center;\"><span style=\"font-size: small;\">(Cartaz de divulga\u00e7\u00e3o da quinta performance a ser realizada com a comunidade &#8211; 2022 | <a href=\"https:\/\/wp.ufpel.edu.br\/lapso\/cuidando-dos-cuidadores-ii-cartografia-visual-da-performance\/\">Cartografia Visual da Performance<\/a>)<\/span><\/p>\n<p>&nbsp;<\/p>\n<p><img loading=\"lazy\" decoding=\"async\" class=\"aligncenter wp-image-508 size-large\" src=\"https:\/\/wp.ufpel.edu.br\/lapso\/files\/2022\/10\/1-723x1024.jpg\" alt=\"\" width=\"720\" height=\"1020\" srcset=\"https:\/\/wp.ufpel.edu.br\/lapso\/files\/2022\/10\/1-723x1024.jpg 723w, https:\/\/wp.ufpel.edu.br\/lapso\/files\/2022\/10\/1-282x400.jpg 282w, https:\/\/wp.ufpel.edu.br\/lapso\/files\/2022\/10\/1-768x1088.jpg 768w, https:\/\/wp.ufpel.edu.br\/lapso\/files\/2022\/10\/1.jpg 794w\" sizes=\"auto, (max-width: 720px) 100vw, 720px\" \/><\/p>\n<p style=\"text-align: center;\"><span style=\"font-size: small;\">(Cartaz de divulga\u00e7\u00e3o da quarta performance a ser realizada com a comunidade &#8211; 2022 | <a href=\"https:\/\/wp.ufpel.edu.br\/lapso\/cuidando-dos-cuidadores-cartografia-visual-da-performance\/\">Cartografia Visual da Performance<\/a>)<\/span><\/p>\n<p>&nbsp;<\/p>\n<p style=\"text-align: center;\"><span style=\"font-size: small;\"><img loading=\"lazy\" decoding=\"async\" class=\"alignnone wp-image-484 size-full\" src=\"https:\/\/wp.ufpel.edu.br\/lapso\/files\/2022\/10\/Poster.png\" alt=\"\" width=\"641\" height=\"907\" srcset=\"https:\/\/wp.ufpel.edu.br\/lapso\/files\/2022\/10\/Poster.png 641w, https:\/\/wp.ufpel.edu.br\/lapso\/files\/2022\/10\/Poster-283x400.png 283w\" sizes=\"auto, (max-width: 641px) 100vw, 641px\" \/><\/span><\/p>\n<p style=\"text-align: center;\"><span style=\"font-size: small;\">(Cartaz de divulga\u00e7\u00e3o da terceira performance a ser realizada com a comunidade &#8211; 2022 | <a href=\"https:\/\/wp.ufpel.edu.br\/lapso\/o-corpo-en-cena-cartografia-visual-da-performance\/\">Cartografia Visual da Performanc<\/a>e)<\/span><\/p>\n<p>&nbsp;<\/p>\n<p><img loading=\"lazy\" decoding=\"async\" class=\"aligncenter wp-image-424 size-full\" src=\"https:\/\/wp.ufpel.edu.br\/lapso\/files\/2022\/08\/Segunda-Sessao-Aberta-a-comunidade-cartaz.png\" alt=\"\" width=\"653\" height=\"932\" srcset=\"https:\/\/wp.ufpel.edu.br\/lapso\/files\/2022\/08\/Segunda-Sessao-Aberta-a-comunidade-cartaz.png 653w, https:\/\/wp.ufpel.edu.br\/lapso\/files\/2022\/08\/Segunda-Sessao-Aberta-a-comunidade-cartaz-280x400.png 280w\" sizes=\"auto, (max-width: 653px) 100vw, 653px\" \/><\/p>\n<p style=\"text-align: center;\"><span style=\"font-size: small;\">(Cartaz de divulga\u00e7\u00e3o da segunda performance a ser realizada com a comunidade &#8211; 2022 | <a href=\"https:\/\/wp.ufpel.edu.br\/lapso\/respirar-cartografia-visual-da-performance\/\">Cartografia Visual da Performance<\/a>)<\/span><\/p>\n<p>&nbsp;<\/p>\n<p style=\"text-align: center;\"><img loading=\"lazy\" decoding=\"async\" class=\"aligncenter wp-image-417 size-large\" src=\"https:\/\/wp.ufpel.edu.br\/lapso\/files\/2022\/08\/Primeira-Sessao-Aberta-a-comunidade-cartaz-e1661539148375-786x1024.png\" alt=\"\" width=\"720\" height=\"938\" srcset=\"https:\/\/wp.ufpel.edu.br\/lapso\/files\/2022\/08\/Primeira-Sessao-Aberta-a-comunidade-cartaz-e1661539148375-786x1024.png 786w, https:\/\/wp.ufpel.edu.br\/lapso\/files\/2022\/08\/Primeira-Sessao-Aberta-a-comunidade-cartaz-e1661539148375-307x400.png 307w, https:\/\/wp.ufpel.edu.br\/lapso\/files\/2022\/08\/Primeira-Sessao-Aberta-a-comunidade-cartaz-e1661539148375-768x1000.png 768w, https:\/\/wp.ufpel.edu.br\/lapso\/files\/2022\/08\/Primeira-Sessao-Aberta-a-comunidade-cartaz-e1661539148375.png 904w\" sizes=\"auto, (max-width: 720px) 100vw, 720px\" \/><span style=\"font-size: small;\">(Cartaz de divulga\u00e7\u00e3o da primeira apresenta\u00e7\u00e3o realizada com a comunidade &#8211; 2022 | <a href=\"https:\/\/wp.ufpel.edu.br\/lapso\/olhando-pra-quem-escuta-cartografia-visual\/\">Cartografia Visual da Performance<\/a>)<\/span><\/p>\n<p>Registros da sess\u00e3o interna de Sociodrama coordenada pela graduanda de Psicologia Andressa Silveira da Silva, realizada no dia <strong>31\/05\/2022<\/strong>, no Centro de Artes da UFPEL:<\/p>\n<p><img loading=\"lazy\" decoding=\"async\" class=\"aligncenter wp-image-210\" src=\"https:\/\/wp.ufpel.edu.br\/lapso\/files\/2022\/06\/Lapso-31-05-1-1024x526.jpg\" alt=\"\" width=\"779\" height=\"400\" srcset=\"https:\/\/wp.ufpel.edu.br\/lapso\/files\/2022\/06\/Lapso-31-05-1-1024x526.jpg 1024w, https:\/\/wp.ufpel.edu.br\/lapso\/files\/2022\/06\/Lapso-31-05-1-400x205.jpg 400w, https:\/\/wp.ufpel.edu.br\/lapso\/files\/2022\/06\/Lapso-31-05-1-768x394.jpg 768w, https:\/\/wp.ufpel.edu.br\/lapso\/files\/2022\/06\/Lapso-31-05-1-1536x789.jpg 1536w, https:\/\/wp.ufpel.edu.br\/lapso\/files\/2022\/06\/Lapso-31-05-1-2048x1052.jpg 2048w\" sizes=\"auto, (max-width: 779px) 100vw, 779px\" \/> <img loading=\"lazy\" decoding=\"async\" class=\"aligncenter wp-image-211\" src=\"https:\/\/wp.ufpel.edu.br\/lapso\/files\/2022\/06\/Lapso-31-05-2-1024x746.jpg\" alt=\"\" width=\"779\" height=\"567\" srcset=\"https:\/\/wp.ufpel.edu.br\/lapso\/files\/2022\/06\/Lapso-31-05-2-1024x746.jpg 1024w, https:\/\/wp.ufpel.edu.br\/lapso\/files\/2022\/06\/Lapso-31-05-2-400x291.jpg 400w, https:\/\/wp.ufpel.edu.br\/lapso\/files\/2022\/06\/Lapso-31-05-2-768x559.jpg 768w, https:\/\/wp.ufpel.edu.br\/lapso\/files\/2022\/06\/Lapso-31-05-2-1536x1118.jpg 1536w, https:\/\/wp.ufpel.edu.br\/lapso\/files\/2022\/06\/Lapso-31-05-2-2048x1491.jpg 2048w\" sizes=\"auto, (max-width: 779px) 100vw, 779px\" \/><\/p>\n<p>Registros da sess\u00e3o interna de Psicodrama coordenada pela graduanda de Psicologia Renata Azevedo Peres, realizada no dia <strong>24\/05\/2022<\/strong>, no Centro de Artes da UFPEL:<\/p>\n<p><img loading=\"lazy\" decoding=\"async\" class=\"aligncenter wp-image-206 size-large\" src=\"https:\/\/wp.ufpel.edu.br\/lapso\/files\/2022\/06\/Lapso-24-05-1-1024x596.jpg\" alt=\"\" width=\"1024\" height=\"596\" srcset=\"https:\/\/wp.ufpel.edu.br\/lapso\/files\/2022\/06\/Lapso-24-05-1-1024x596.jpg 1024w, https:\/\/wp.ufpel.edu.br\/lapso\/files\/2022\/06\/Lapso-24-05-1-400x233.jpg 400w, https:\/\/wp.ufpel.edu.br\/lapso\/files\/2022\/06\/Lapso-24-05-1-768x447.jpg 768w, https:\/\/wp.ufpel.edu.br\/lapso\/files\/2022\/06\/Lapso-24-05-1-1536x894.jpg 1536w, https:\/\/wp.ufpel.edu.br\/lapso\/files\/2022\/06\/Lapso-24-05-1-2048x1192.jpg 2048w\" sizes=\"auto, (max-width: 1024px) 100vw, 1024px\" \/> <img loading=\"lazy\" decoding=\"async\" class=\"aligncenter wp-image-207 size-large\" src=\"https:\/\/wp.ufpel.edu.br\/lapso\/files\/2022\/06\/Lapso-24-05-2-1024x719.jpg\" alt=\"\" width=\"1024\" height=\"719\" srcset=\"https:\/\/wp.ufpel.edu.br\/lapso\/files\/2022\/06\/Lapso-24-05-2-1024x719.jpg 1024w, https:\/\/wp.ufpel.edu.br\/lapso\/files\/2022\/06\/Lapso-24-05-2-400x281.jpg 400w, https:\/\/wp.ufpel.edu.br\/lapso\/files\/2022\/06\/Lapso-24-05-2-768x539.jpg 768w, https:\/\/wp.ufpel.edu.br\/lapso\/files\/2022\/06\/Lapso-24-05-2-1536x1079.jpg 1536w, https:\/\/wp.ufpel.edu.br\/lapso\/files\/2022\/06\/Lapso-24-05-2-2048x1438.jpg 2048w\" sizes=\"auto, (max-width: 1024px) 100vw, 1024px\" \/> <img loading=\"lazy\" decoding=\"async\" class=\"aligncenter wp-image-208 size-large\" src=\"https:\/\/wp.ufpel.edu.br\/lapso\/files\/2022\/06\/Lapso-24-05-3-1024x815.jpg\" alt=\"\" width=\"1024\" height=\"815\" srcset=\"https:\/\/wp.ufpel.edu.br\/lapso\/files\/2022\/06\/Lapso-24-05-3-1024x815.jpg 1024w, https:\/\/wp.ufpel.edu.br\/lapso\/files\/2022\/06\/Lapso-24-05-3-400x318.jpg 400w, https:\/\/wp.ufpel.edu.br\/lapso\/files\/2022\/06\/Lapso-24-05-3-768x612.jpg 768w, https:\/\/wp.ufpel.edu.br\/lapso\/files\/2022\/06\/Lapso-24-05-3-1536x1223.jpg 1536w, https:\/\/wp.ufpel.edu.br\/lapso\/files\/2022\/06\/Lapso-24-05-3-2048x1631.jpg 2048w\" sizes=\"auto, (max-width: 1024px) 100vw, 1024px\" \/><\/p>\n<p style=\"text-align: justify;\">Registros da reuni\u00e3o que aconteceu no dia <strong>10\/05\/22<\/strong> com a coordena\u00e7\u00e3o do departamento de\u00a0 Prote\u00e7\u00e3o Social Especial de M\u00e9dia Complexidade (CREAS). Onde estiveram presentes coordena\u00e7\u00f5es dos CRAS e CREAS de Pelotas, bem como representantes das equipes t\u00e9cnicas destas mesmas institui\u00e7\u00f5es:<\/p>\n<div id=\"ladoalado\">\u00a0 \u00a0 \u00a0 \u00a0 \u00a0 \u00a0 \u00a0 \u00a0 \u00a0 \u00a0 \u00a0 \u00a0 \u00a0 \u00a0 \u00a0<img decoding=\"async\" src=\"https:\/\/wp.ufpel.edu.br\/lapso\/files\/2022\/05\/2022-05-10-at-11.51.22-400x185.jpeg\" \/>\u00a0 \u00a0 \u00a0 <img decoding=\"async\" src=\"https:\/\/wp.ufpel.edu.br\/lapso\/files\/2022\/05\/2022-05-10-at-11.51.24-400x185.jpeg\" alt=\"&quot;\" \/><\/div>\n<p style=\"text-align: center;\"><span style=\"font-size: small;\"> (Coordenador do projeto, \u00c9dio Raniere, em encontro com representantes das equipes t\u00e9cnicas dos CRAS e CREAS de Pelotas)\u00a0<\/span><\/p>\n<p>&nbsp;<\/p>\n","protected":false},"excerpt":{"rendered":"<p>&nbsp; O projeto busca constituir uma pr\u00e1tica integrada entre o curso de Psicologia, o Centro de Artes e o Mestrado em Artes Visuais da UFPel. Partindo de uma articula\u00e7\u00e3o entre diversas linguagens art\u00edsticas (Artes Visuais; M\u00fasica; Teatro; Cinema) e a Psicologia Social, o projeto busca abrir condi\u00e7\u00f5es de possibilidade para elabora\u00e7\u00e3o, desenvolvimento e divulga\u00e7\u00e3o de [&hellip;]<\/p>\n","protected":false},"author":1195,"featured_media":0,"parent":0,"menu_order":0,"comment_status":"closed","ping_status":"closed","template":"","meta":{"footnotes":""},"class_list":["post-131","page","type-page","status-publish","hentry","post"],"jetpack_sharing_enabled":true,"_links":{"self":[{"href":"https:\/\/wp.ufpel.edu.br\/lapso\/wp-json\/wp\/v2\/pages\/131","targetHints":{"allow":["GET"]}}],"collection":[{"href":"https:\/\/wp.ufpel.edu.br\/lapso\/wp-json\/wp\/v2\/pages"}],"about":[{"href":"https:\/\/wp.ufpel.edu.br\/lapso\/wp-json\/wp\/v2\/types\/page"}],"author":[{"embeddable":true,"href":"https:\/\/wp.ufpel.edu.br\/lapso\/wp-json\/wp\/v2\/users\/1195"}],"replies":[{"embeddable":true,"href":"https:\/\/wp.ufpel.edu.br\/lapso\/wp-json\/wp\/v2\/comments?post=131"}],"version-history":[{"count":82,"href":"https:\/\/wp.ufpel.edu.br\/lapso\/wp-json\/wp\/v2\/pages\/131\/revisions"}],"predecessor-version":[{"id":994,"href":"https:\/\/wp.ufpel.edu.br\/lapso\/wp-json\/wp\/v2\/pages\/131\/revisions\/994"}],"wp:attachment":[{"href":"https:\/\/wp.ufpel.edu.br\/lapso\/wp-json\/wp\/v2\/media?parent=131"}],"curies":[{"name":"wp","href":"https:\/\/api.w.org\/{rel}","templated":true}]}}