{"id":175,"date":"2010-11-22T12:22:28","date_gmt":"2010-11-22T15:22:28","guid":{"rendered":"https:\/\/wp.ufpel.edu.br\/lapramec\/"},"modified":"2011-12-10T23:30:50","modified_gmt":"2011-12-11T02:30:50","slug":"projetos-de-extensao","status":"publish","type":"page","link":"https:\/\/wp.ufpel.edu.br\/lapramec\/projetos\/projetos-de-extensao\/","title":{"rendered":"Projetos de Extens\u00e3o"},"content":{"rendered":"<p>O projeto de extens\u00e3o \u00e9 o processo educativo, cultural e cient\u00edfico que articula o ensino e a pesquisa de forma indissoci\u00e1vel e viabiliza a rela\u00e7\u00e3o transformadora entre a Universidade e a sociedade.<\/p>\n<p>Dentro dos projetos de extens\u00e3o atrav\u00e9s de sua equipe, o LAPRAMEC busca atender as demandas regionais nas \u00e1reas de Projeto de m\u00e1quinas e M\u00e1quinas e Implementos Agr\u00edcolas, transformando-as em Projetos de Extens\u00e3o, em sintonia com os Departamentos Acad\u00eamicos e articula\u00e7\u00e3o com os Setores produtivos da Comunidade Regional.<\/p>\n<p>Atualmente os projetos de Extens\u00e3o em execus\u00e3o no LAPRAMEC s\u00e3o:<\/p>\n<p><a title=\"CPMA\" href=\"https:\/\/wp.ufpel.edu.br\/lapramec\/projetos-de-extensao\/cpma-ciclo-de-palestra-de-maquinas-agricolas\/\" target=\"_self\">CPMA &#8211; Ciclo de Palestra de M\u00e1quinas Agr\u00edcolas<\/a><\/p>\n","protected":false},"excerpt":{"rendered":"<p>O projeto de extens\u00e3o \u00e9 o processo educativo, cultural e cient\u00edfico que articula o ensino e a pesquisa de forma indissoci\u00e1vel e viabiliza a rela\u00e7\u00e3o transformadora entre a Universidade e a sociedade. Dentro dos projetos de extens\u00e3o atrav\u00e9s de sua equipe, o LAPRAMEC busca atender as demandas regionais nas \u00e1reas de Projeto de m\u00e1quinas e [&hellip;]<\/p>\n","protected":false},"author":62,"featured_media":0,"parent":407,"menu_order":5,"comment_status":"closed","ping_status":"open","template":"","meta":{"footnotes":""},"class_list":["post-175","page","type-page","status-publish","hentry"],"_links":{"self":[{"href":"https:\/\/wp.ufpel.edu.br\/lapramec\/wp-json\/wp\/v2\/pages\/175","targetHints":{"allow":["GET"]}}],"collection":[{"href":"https:\/\/wp.ufpel.edu.br\/lapramec\/wp-json\/wp\/v2\/pages"}],"about":[{"href":"https:\/\/wp.ufpel.edu.br\/lapramec\/wp-json\/wp\/v2\/types\/page"}],"author":[{"embeddable":true,"href":"https:\/\/wp.ufpel.edu.br\/lapramec\/wp-json\/wp\/v2\/users\/62"}],"replies":[{"embeddable":true,"href":"https:\/\/wp.ufpel.edu.br\/lapramec\/wp-json\/wp\/v2\/comments?post=175"}],"version-history":[{"count":6,"href":"https:\/\/wp.ufpel.edu.br\/lapramec\/wp-json\/wp\/v2\/pages\/175\/revisions"}],"predecessor-version":[{"id":409,"href":"https:\/\/wp.ufpel.edu.br\/lapramec\/wp-json\/wp\/v2\/pages\/175\/revisions\/409"}],"up":[{"embeddable":true,"href":"https:\/\/wp.ufpel.edu.br\/lapramec\/wp-json\/wp\/v2\/pages\/407"}],"wp:attachment":[{"href":"https:\/\/wp.ufpel.edu.br\/lapramec\/wp-json\/wp\/v2\/media?parent=175"}],"curies":[{"name":"wp","href":"https:\/\/api.w.org\/{rel}","templated":true}]}}