{"id":126,"date":"2010-11-19T08:25:15","date_gmt":"2010-11-19T11:25:15","guid":{"rendered":"https:\/\/wp.ufpel.edu.br\/lapramec\/"},"modified":"2010-11-26T08:38:44","modified_gmt":"2010-11-26T11:38:44","slug":"126-2","status":"publish","type":"page","link":"https:\/\/wp.ufpel.edu.br\/lapramec\/publicacoes\/126-2\/","title":{"rendered":"Resumos Expandidos"},"content":{"rendered":"<ul>\n<li><em><strong>Artigos CIC 2010<\/strong><\/em><\/li>\n<\/ul>\n<p><a href=\"https:\/\/docs.google.com\/viewer?a=v&amp;pid=explorer&amp;chrome=true&amp;srcid=0Bz7Q7hNYyG7_M2M0M2E5ZmQtNWVkMS00ZmEzLWI1OTgtNjBhYmExNzlmODM1&amp;hl=pt_BR&amp;authkey=CJeRuMkF\">SISTEMA PARA MAPEAMENTO DO CEN\u00c1RIO DO SETOR DE M\u00c1QUINAS AGR\u00cdCOLAS NA MESORREGI\u00c3O SUDESTE DO RIO GRANDE DO SUL , <strong>CARVALHO, R. O.; SARTORI, F.; PORCI\u00daNCULA, G. (2010) <\/strong><\/a><\/p>\n<p><a title=\"Uso do QFD (Stefanello, et all; 2010)\" href=\"https:\/\/docs.google.com\/viewer?a=v&amp;pid=explorer&amp;chrome=true&amp;srcid=0Bz7Q7hNYyG7_MGQzOWU1OWQtNzM0MS00NWM1LWFhOTEtMzM5MjU1MjNlYTlh&amp;hl=pt_BR&amp;authkey=CP3Bu6sH\" target=\"_blank\">USO DO QFD NO PROJETO DE UM DOSADOR-DEPOSITOR DE SEMENTES GRA\u00daDAS PARA SEMEADORAS UTILIZADAS PELA AGRICULTURA DE BASE FAMILIAR. <strong>STEFANELLO G.; MACHADO, A. L. T.; MORAIS, C. S.; OLDONI, A.; REIS, \u00c2. V. dos; MACHADO, R. L. T.<\/strong><\/a><\/p>\n<p><a href=\"https:\/\/docs.google.com\/viewer?a=v&amp;pid=explorer&amp;chrome=true&amp;srcid=0Bz7Q7hNYyG7_OTZkYzFlMTgtOGNhNy00NzQ2LWI4MDItZDlhMzUxZmM4NjFm&amp;hl=pt_BR&amp;authkey=CNOq5okG\" target=\"_blank\">PERDAS NA COLHEITA MECANIZADA DE ARROZ IRRIGADO &#8211; 3\u00aa Edi\u00e7\u00e3o <strong>FRANCK, C. J.;CHIELLE, D. P.; SEIBT, E. J.; OLDONI, H. TILLMANN, C. A. C.<\/strong><\/a><\/p>\n","protected":false},"excerpt":{"rendered":"<p>Artigos CIC 2010 SISTEMA PARA MAPEAMENTO DO CEN\u00c1RIO DO SETOR DE M\u00c1QUINAS AGR\u00cdCOLAS NA MESORREGI\u00c3O SUDESTE DO RIO GRANDE DO SUL , CARVALHO, R. O.; SARTORI, F.; PORCI\u00daNCULA, G. (2010) USO DO QFD NO PROJETO DE UM DOSADOR-DEPOSITOR DE SEMENTES GRA\u00daDAS PARA SEMEADORAS UTILIZADAS PELA AGRICULTURA DE BASE FAMILIAR. STEFANELLO G.; MACHADO, A. L. T.; [&hellip;]<\/p>\n","protected":false},"author":62,"featured_media":0,"parent":124,"menu_order":5,"comment_status":"closed","ping_status":"open","template":"","meta":{"footnotes":""},"class_list":["post-126","page","type-page","status-publish","hentry"],"_links":{"self":[{"href":"https:\/\/wp.ufpel.edu.br\/lapramec\/wp-json\/wp\/v2\/pages\/126","targetHints":{"allow":["GET"]}}],"collection":[{"href":"https:\/\/wp.ufpel.edu.br\/lapramec\/wp-json\/wp\/v2\/pages"}],"about":[{"href":"https:\/\/wp.ufpel.edu.br\/lapramec\/wp-json\/wp\/v2\/types\/page"}],"author":[{"embeddable":true,"href":"https:\/\/wp.ufpel.edu.br\/lapramec\/wp-json\/wp\/v2\/users\/62"}],"replies":[{"embeddable":true,"href":"https:\/\/wp.ufpel.edu.br\/lapramec\/wp-json\/wp\/v2\/comments?post=126"}],"version-history":[{"count":9,"href":"https:\/\/wp.ufpel.edu.br\/lapramec\/wp-json\/wp\/v2\/pages\/126\/revisions"}],"predecessor-version":[{"id":131,"href":"https:\/\/wp.ufpel.edu.br\/lapramec\/wp-json\/wp\/v2\/pages\/126\/revisions\/131"}],"up":[{"embeddable":true,"href":"https:\/\/wp.ufpel.edu.br\/lapramec\/wp-json\/wp\/v2\/pages\/124"}],"wp:attachment":[{"href":"https:\/\/wp.ufpel.edu.br\/lapramec\/wp-json\/wp\/v2\/media?parent=126"}],"curies":[{"name":"wp","href":"https:\/\/api.w.org\/{rel}","templated":true}]}}