{"id":579,"date":"2024-06-13T16:30:15","date_gmt":"2024-06-13T19:30:15","guid":{"rendered":"https:\/\/wp.ufpel.edu.br\/laplimm\/?page_id=579"},"modified":"2024-12-03T10:01:02","modified_gmt":"2024-12-03T13:01:02","slug":"multilinguismo-em-sala-de-aula","status":"publish","type":"page","link":"https:\/\/wp.ufpel.edu.br\/laplimm\/multilinguismo-em-sala-de-aula\/","title":{"rendered":"Multilinguismo em sala de aula"},"content":{"rendered":"<p style=\"text-align: justify;\"><span style=\"font-weight: 400;\">O multilinguismo \u00e9 uma regra &#8211; n\u00e3o uma exce\u00e7\u00e3o. A maioria das pessoas carrega mais de uma l\u00edngua em seu repert\u00f3rio lingu\u00edstico. N\u00e3o se trata de ser fluente em v\u00e1rias l\u00ednguas &#8211; se trata de conhecer e interagir com diversas l\u00ednguas no cotidiano, o que acarreta uma gama de conhecimentos lingu\u00edsticos. Mas como mobilizar esses conhecimentos durante a aula de l\u00edngua estrangeira?<\/span><\/p>\n<p style=\"text-align: justify;\"><span style=\"font-weight: 400;\">Para auxiliar nessa tarefa, o<a href=\"https:\/\/wp.ufpel.edu.br\/laplimm\/sobre\/\"> Laborat\u00f3rio de Psicolingu\u00edstica, L\u00ednguas Minorit\u00e1ria e Multilinguismo (Laplimm)<\/a> produz e disponibiliza materiais did\u00e1ticos, elaborados atrav\u00e9s de uma perspectiva multil\u00edngue. Esses materiais acompanham instru\u00e7\u00f5es did\u00e1ticas e podem ser usados livremente por todos os professores, estudantes e estudiosos interessados. Acesse os links abaixo para navegar pelas produ\u00e7\u00f5es:<\/span><\/p>\n<ul>\n<li><a href=\"https:\/\/wp.ufpel.edu.br\/laplimm\/conscientizacao-sobre-o-multilinguismo\/\">Conscientiza\u00e7\u00e3o sobre o multilinguismo<\/a><\/li>\n<li><a href=\"https:\/\/wp.ufpel.edu.br\/laplimm\/multilinguismo-em-sala-de-aula-alemao-e-linguas-minoritarias\/\">Alem\u00e3o e l\u00ednguas minorit\u00e1rias<\/a><\/li>\n<\/ul>\n<p style=\"text-align: center;\"><strong><span style=\"font-size: 14pt;\">Bons estudos!<\/span><\/strong><\/p>\n<p>&nbsp;<\/p>\n<p>&nbsp;<\/p>\n<p>&nbsp;<\/p>\n<p>&nbsp;<\/p>\n<p>&nbsp;<\/p>\n<p>&nbsp;<\/p>\n<p>&nbsp;<\/p>\n<p>&nbsp;<\/p>\n","protected":false},"excerpt":{"rendered":"<p>O multilinguismo \u00e9 uma regra &#8211; n\u00e3o uma exce\u00e7\u00e3o. A maioria das pessoas carrega mais de uma l\u00edngua em seu repert\u00f3rio lingu\u00edstico. N\u00e3o se trata de ser fluente em v\u00e1rias l\u00ednguas &#8211; se trata de conhecer e interagir com diversas &hellip; <a href=\"https:\/\/wp.ufpel.edu.br\/laplimm\/multilinguismo-em-sala-de-aula\/\">Continue lendo <span class=\"meta-nav\">&rarr;<\/span><\/a><\/p>\n","protected":false},"author":916,"featured_media":0,"parent":0,"menu_order":0,"comment_status":"closed","ping_status":"closed","template":"","meta":{"footnotes":""},"class_list":["post-579","page","type-page","status-publish","hentry"],"_links":{"self":[{"href":"https:\/\/wp.ufpel.edu.br\/laplimm\/wp-json\/wp\/v2\/pages\/579","targetHints":{"allow":["GET"]}}],"collection":[{"href":"https:\/\/wp.ufpel.edu.br\/laplimm\/wp-json\/wp\/v2\/pages"}],"about":[{"href":"https:\/\/wp.ufpel.edu.br\/laplimm\/wp-json\/wp\/v2\/types\/page"}],"author":[{"embeddable":true,"href":"https:\/\/wp.ufpel.edu.br\/laplimm\/wp-json\/wp\/v2\/users\/916"}],"replies":[{"embeddable":true,"href":"https:\/\/wp.ufpel.edu.br\/laplimm\/wp-json\/wp\/v2\/comments?post=579"}],"version-history":[{"count":18,"href":"https:\/\/wp.ufpel.edu.br\/laplimm\/wp-json\/wp\/v2\/pages\/579\/revisions"}],"predecessor-version":[{"id":757,"href":"https:\/\/wp.ufpel.edu.br\/laplimm\/wp-json\/wp\/v2\/pages\/579\/revisions\/757"}],"wp:attachment":[{"href":"https:\/\/wp.ufpel.edu.br\/laplimm\/wp-json\/wp\/v2\/media?parent=579"}],"curies":[{"name":"wp","href":"https:\/\/api.w.org\/{rel}","templated":true}]}}