{"id":444,"date":"2024-04-09T17:09:49","date_gmt":"2024-04-09T20:09:49","guid":{"rendered":"https:\/\/wp.ufpel.edu.br\/laplimm\/?page_id=444"},"modified":"2024-04-22T17:05:18","modified_gmt":"2024-04-22T20:05:18","slug":"divulgacao-cientifica-na-midia","status":"publish","type":"page","link":"https:\/\/wp.ufpel.edu.br\/laplimm\/divulgacao-cientifica-na-midia\/","title":{"rendered":"Divulga\u00e7\u00e3o cient\u00edfica na m\u00eddia"},"content":{"rendered":"<p><strong>2023<\/strong><\/p>\n<p><strong>T\u00edtulo:<\/strong> <a href=\"https:\/\/www.jornaldocomercio.com\/jornal-cidades\/2023\/08\/1117163-ufpel-promove-estudo-sobre-uso-da-lingua-pomerana-na-regiao.html\">UFPel promove estudo sobre uso da l\u00edngua pomerana na regi\u00e3o<\/a><\/p>\n<p><strong>Plataforma:<\/strong> Jornal Cidades<\/p>\n<p>&nbsp;<\/p>\n<p><strong>KAHMANN &#8211; 2020<\/strong><\/p>\n<p><strong>T\u00edtulo:<\/strong> <a href=\"https:\/\/wp.ufpel.edu.br\/laplimm\/files\/2020\/10\/A-traducao-como-direito.pdf\">A tradu\u00e7\u00e3o como um direito<\/a><\/p>\n<p><strong>Autor:<\/strong> Andrea Kahmann<\/p>\n<p><strong>Plataforma:<\/strong> Caderno de S\u00e1bado (Correio do Povo)<\/p>\n","protected":false},"excerpt":{"rendered":"<p>2023 T\u00edtulo: UFPel promove estudo sobre uso da l\u00edngua pomerana na regi\u00e3o Plataforma: Jornal Cidades &nbsp; KAHMANN &#8211; 2020 T\u00edtulo: A tradu\u00e7\u00e3o como um direito Autor: Andrea Kahmann Plataforma: Caderno de S\u00e1bado (Correio do Povo)<\/p>\n","protected":false},"author":916,"featured_media":0,"parent":0,"menu_order":0,"comment_status":"closed","ping_status":"closed","template":"","meta":{"footnotes":""},"class_list":["post-444","page","type-page","status-publish","hentry"],"_links":{"self":[{"href":"https:\/\/wp.ufpel.edu.br\/laplimm\/wp-json\/wp\/v2\/pages\/444","targetHints":{"allow":["GET"]}}],"collection":[{"href":"https:\/\/wp.ufpel.edu.br\/laplimm\/wp-json\/wp\/v2\/pages"}],"about":[{"href":"https:\/\/wp.ufpel.edu.br\/laplimm\/wp-json\/wp\/v2\/types\/page"}],"author":[{"embeddable":true,"href":"https:\/\/wp.ufpel.edu.br\/laplimm\/wp-json\/wp\/v2\/users\/916"}],"replies":[{"embeddable":true,"href":"https:\/\/wp.ufpel.edu.br\/laplimm\/wp-json\/wp\/v2\/comments?post=444"}],"version-history":[{"count":4,"href":"https:\/\/wp.ufpel.edu.br\/laplimm\/wp-json\/wp\/v2\/pages\/444\/revisions"}],"predecessor-version":[{"id":553,"href":"https:\/\/wp.ufpel.edu.br\/laplimm\/wp-json\/wp\/v2\/pages\/444\/revisions\/553"}],"wp:attachment":[{"href":"https:\/\/wp.ufpel.edu.br\/laplimm\/wp-json\/wp\/v2\/media?parent=444"}],"curies":[{"name":"wp","href":"https:\/\/api.w.org\/{rel}","templated":true}]}}

Divulgação científica na mídia

<p><strong>2023</strong></p>
<p><strong>Título:</strong> <a href="https://www.jornaldocomercio.com/jornal-cidades/2023/08/1117163-ufpel-promove-estudo-sobre-uso-da-lingua-pomerana-na-regiao.html">UFPel promove estudo sobre uso da língua pomerana na região</a></p>
<p><strong>Plataforma:</strong> Jornal Cidades</p>
<p>&nbsp;</p>
<p><strong>KAHMANN &#8211; 2020</strong></p>
<p><strong>Título:</strong> <a href="https://wp.ufpel.edu.br/laplimm/files/2020/10/A-traducao-como-direito.pdf">A tradução como um direito</a></p>
<p><strong>Autor:</strong> Andrea Kahmann</p>
<p><strong>Plataforma:</strong> Caderno de Sábado (Correio do Povo)</p>

<p>2023 Título: UFPel promove estudo sobre uso da língua pomerana na região Plataforma: Jornal Cidades &nbsp; KAHMANN &#8211; 2020 Título: A tradução como um direito Autor: Andrea Kahmann Plataforma: Caderno de Sábado (Correio do Povo)</p>
