{"id":399,"date":"2024-03-19T20:01:23","date_gmt":"2024-03-19T23:01:23","guid":{"rendered":"https:\/\/wp.ufpel.edu.br\/laplimm\/?page_id=399"},"modified":"2026-02-03T17:32:41","modified_gmt":"2026-02-03T20:32:41","slug":"capitulos-de-livros","status":"publish","type":"page","link":"https:\/\/wp.ufpel.edu.br\/laplimm\/capitulos-de-livros\/","title":{"rendered":"Cap\u00edtulos de livros"},"content":{"rendered":"<p><strong>LIMBERGER &#8211; 2025<\/strong><\/p>\n<p><strong>T\u00edtulo do cap\u00edtulo<\/strong>: Dialetologia e Psicolingu\u00edstica em di\u00e1logo: estudos sobre processamento do Hunsr\u00fcckisch e bilinguismo<\/p>\n<p><strong>Autor<\/strong>: Bernardo K. Limberger<\/p>\n<p><strong>T\u00edtulo do livro<\/strong>: <a href=\"https:\/\/library.oapen.org\/handle\/20.500.12657\/106512\">Sprachkontakt, Variation und Mehrsprachigkeit. Sprachliche Perspektiven auf die akademische Arbeit von Cl\u00e9o Vilson Altenhofen<\/a><\/p>\n<p>&nbsp;<\/p>\n<p><strong>BLANK M\u00dcLLING; LIMBERGER; ALTENHOFEN &#8211; 2025<\/strong><\/p>\n<p><strong>T\u00edtulo do cap\u00edtulo<\/strong>: O pomerano como l\u00edngua de imigra\u00e7\u00e3o no Brasil: migra\u00e7\u00f5es, vitalidade e contatos lingu\u00edsticos<\/p>\n<p><strong>Autores (cap\u00edtulo)<\/strong>: Gisleia Blank M\u00fclling; Bernardo K. Limberger; Cl\u00e9o V. Altenhofen<\/p>\n<p><strong>T\u00edtulo do livro<\/strong>: <a href=\"https:\/\/pedroejoaoeditores.com.br\/produto\/pomerano-em-prosa-e-verso-da-fala-a-escrita-da-pesquisa-a-sociedade\/\">Pomerano em prosa e verso: da fala \u00e0 escrita, da pesquisa \u00e0 sociedade<\/a><\/p>\n<p>&nbsp;<\/p>\n<p><strong>LIMBERGER e TOASSI &#8211; 2025<\/strong><\/p>\n<p><b>T\u00edtulo do cap\u00edtulo:\u00a0<\/b><span style=\"box-sizing: border-box; margin: 0px; padding: 0px;\">An\u00e1lise<\/span>\u00a0de Movimentos Oculares Aplicada aos Estudos em Bilinguismo.<\/p>\n<p><strong>Autores (cap\u00edtulo)<\/strong>: Bernardo K. Limberger; P\u00e2mela Toassi<\/p>\n<p><strong>T\u00edtulo do livro<\/strong>:\u00a0<a href=\"https:\/\/editora.abralin.org\/publicacoes\/bilinguismo-2\/\">Bilinguismo: um manual introdut\u00f3rio<\/a><\/p>\n<p>&nbsp;<\/p>\n<p><strong>NOGUEIRA E KAHMANN &#8211; 2024<br \/>\n<\/strong><\/p>\n<p><strong>T\u00edtulo do cap\u00edtulo:<\/strong>\u00a0Tradu\u00e7\u00e3o comunit\u00e1ria e perspectivas para o extremo sul do Brasil<\/p>\n<p><strong>Autores (cap\u00edtulo):<\/strong> Carla A. M. Nogueira; Andrea C. Kahmann<\/p>\n<p><strong>T\u00edtulo do livro:<\/strong> <a href=\"https:\/\/fundarfenix.com.br\/ebook\/341do-sul-para-mundo-pensando-traducao-contexto-pos-pandemia\/\">Do Sul para o Mundo: pensando a tradu\u00e7\u00e3o no contexto p\u00f3s-pandemia<\/a><\/p>\n<p>&nbsp;<\/p>\n<p><strong>DUARTE e LIMBERGER &#8211; 2023<\/strong><\/p>\n<p><strong>T\u00edtulo do cap\u00edtulo:<\/strong> <a href=\"https:\/\/ponteseditores.com.br\/loja3\/pontes-editores-home-2__trashed\/ebook\/lancamento-e-book\/bilinguismo-e-leitura-contribuicoes-da-psicolinguistica-2\/\"><span style=\"font-weight: 400;\">Acesso lexical bil\u00edngue na leitura<\/span><\/a><\/p>\n<p><strong>Autores (cap\u00edtulo):<\/strong> Aline B. Duarte; Bernardo K. Limberger<\/p>\n<p><strong>T\u00edtulo do livro:<\/strong> <span style=\"font-weight: 400;\">Bilinguismo e leitura: contribui\u00e7\u00f5es da Psicolingu\u00edstica<\/span><\/p>\n<p>&nbsp;<\/p>\n<p><strong>LIMBERGER &#8211; 2022<\/strong><\/p>\n<p><strong>T\u00edtulo do cap\u00edtulo:<\/strong> <a href=\"https:\/\/www.fundarfenix.com.br\/ebook\/154diemottersproch\"><span style=\"font-weight: 400;\">&#8216;Enn Gehenn, viele Sproche&#8217;: Hunsr\u00fcckisch, Brasilioonisch ann annre Sproche (&#8216;Um c\u00e9rebro, v\u00e1rias l\u00ednguas&#8217;: Hunsr\u00fcckisch, portugu\u00eas e outras l\u00ednguas)<\/span><\/a><\/p>\n<p><strong>Autor (cap\u00edtulo):<\/strong> Bernardo K. Limberger<\/p>\n<p><strong>T\u00edtulo do livro:<\/strong> <span style=\"font-weight: 400;\">Die &#8220;Mottersproch&#8221; in der Vielfalt des Deutschen &#8211; A l\u00edngua materna na diversidade do alem\u00e3o<\/span><\/p>\n<p>&nbsp;<\/p>\n<p><strong>LIMBERGER e KLEIN &#8211; 2021<\/strong><\/p>\n<p><strong>T\u00edtulo do cap\u00edtulo:<\/strong> <a href=\"https:\/\/app.uff.br\/riuff\/bitstream\/handle\/1\/29745\/Travessias-encontros-di%C3%A1logos-nos-estudos-german%C3%ADsticos-no-Brasil.pdf?sequence=1&amp;isAllowed=y\"><span style=\"font-weight: 400;\">Alem\u00e3o como l\u00edngua estrangeira e multilinguismo no Brasil: panorama de estudos psicolingu\u00edsticos<\/span><\/a><\/p>\n<p><strong>Autores (cap\u00edtulo):<\/strong> Bernardo K. Limberger; \u00c2ngela I. Klein<\/p>\n<p><strong>T\u00edtulo do livro:<\/strong> <span style=\"font-weight: 400;\">Travessias, encontros, di\u00e1logos nos estudos german\u00edsticos no Brasil<\/span><\/p>\n<p>&nbsp;<\/p>\n<p><strong>LIMBERGER e BUCHWEITZ &#8211; 2019<\/strong><\/p>\n<p><strong>T\u00edtulo do cap\u00edtulo:<\/strong> <span style=\"font-weight: 400;\">O c\u00e9rebro bil\u00edngue de l\u00ednguas minorit\u00e1rias<\/span><\/p>\n<p><strong>Autores (cap\u00edtulo):<\/strong> Bernardo K. Limberger; Augusto Buchweitz<\/p>\n<p><strong>T\u00edtulo do livro:<\/strong> <span style=\"font-weight: 400;\">Interface linguagem e cogni\u00e7\u00e3o: contribui\u00e7\u00f5es da Psicolingu\u00edstica<\/span><\/p>\n","protected":false},"excerpt":{"rendered":"<p>LIMBERGER &#8211; 2025 T\u00edtulo do cap\u00edtulo: Dialetologia e Psicolingu\u00edstica em di\u00e1logo: estudos sobre processamento do Hunsr\u00fcckisch e bilinguismo Autor: Bernardo K. Limberger T\u00edtulo do livro: Sprachkontakt, Variation und Mehrsprachigkeit. Sprachliche Perspektiven auf die akademische Arbeit von Cl\u00e9o Vilson Altenhofen &nbsp; &hellip; <a href=\"https:\/\/wp.ufpel.edu.br\/laplimm\/capitulos-de-livros\/\">Continue lendo <span class=\"meta-nav\">&rarr;<\/span><\/a><\/p>\n","protected":false},"author":916,"featured_media":0,"parent":0,"menu_order":0,"comment_status":"closed","ping_status":"closed","template":"","meta":{"footnotes":""},"class_list":["post-399","page","type-page","status-publish","hentry"],"_links":{"self":[{"href":"https:\/\/wp.ufpel.edu.br\/laplimm\/wp-json\/wp\/v2\/pages\/399","targetHints":{"allow":["GET"]}}],"collection":[{"href":"https:\/\/wp.ufpel.edu.br\/laplimm\/wp-json\/wp\/v2\/pages"}],"about":[{"href":"https:\/\/wp.ufpel.edu.br\/laplimm\/wp-json\/wp\/v2\/types\/page"}],"author":[{"embeddable":true,"href":"https:\/\/wp.ufpel.edu.br\/laplimm\/wp-json\/wp\/v2\/users\/916"}],"replies":[{"embeddable":true,"href":"https:\/\/wp.ufpel.edu.br\/laplimm\/wp-json\/wp\/v2\/comments?post=399"}],"version-history":[{"count":3,"href":"https:\/\/wp.ufpel.edu.br\/laplimm\/wp-json\/wp\/v2\/pages\/399\/revisions"}],"predecessor-version":[{"id":862,"href":"https:\/\/wp.ufpel.edu.br\/laplimm\/wp-json\/wp\/v2\/pages\/399\/revisions\/862"}],"wp:attachment":[{"href":"https:\/\/wp.ufpel.edu.br\/laplimm\/wp-json\/wp\/v2\/media?parent=399"}],"curies":[{"name":"wp","href":"https:\/\/api.w.org\/{rel}","templated":true}]}}

Capítulos de livros

<p><strong>LIMBERGER &#8211; 2025</strong></p>
<p><strong>Título do capítulo</strong>: Dialetologia e Psicolinguística em diálogo: estudos sobre processamento do Hunsrückisch e bilinguismo</p>
<p><strong>Autor</strong>: Bernardo K. Limberger</p>
<p><strong>Título do livro</strong>: <a href="https://library.oapen.org/handle/20.500.12657/106512">Sprachkontakt, Variation und Mehrsprachigkeit. Sprachliche Perspektiven auf die akademische Arbeit von Cléo Vilson Altenhofen</a></p>
<p>&nbsp;</p>
<p><strong>BLANK MÜLLING; LIMBERGER; ALTENHOFEN &#8211; 2025</strong></p>
<p><strong>Título do capítulo</strong>: O pomerano como língua de imigração no Brasil: migrações, vitalidade e contatos linguísticos</p>
<p><strong>Autores (capítulo)</strong>: Gisleia Blank Mülling; Bernardo K. Limberger; Cléo V. Altenhofen</p>
<p><strong>Título do livro</strong>: <a href="https://pedroejoaoeditores.com.br/produto/pomerano-em-prosa-e-verso-da-fala-a-escrita-da-pesquisa-a-sociedade/">Pomerano em prosa e verso: da fala à escrita, da pesquisa à sociedade</a></p>
<p>&nbsp;</p>
<p><strong>LIMBERGER e TOASSI &#8211; 2025</strong></p>
<p><b>Título do capítulo: </b><span style="box-sizing: border-box; margin: 0px; padding: 0px;">Análise</span> de Movimentos Oculares Aplicada aos Estudos em Bilinguismo.</p>
<p><strong>Autores (capítulo)</strong>: Bernardo K. Limberger; Pâmela Toassi</p>
<p><strong>Título do livro</strong>: <a href="https://editora.abralin.org/publicacoes/bilinguismo-2/">Bilinguismo: um manual introdutório</a></p>
<p>&nbsp;</p>
<p><strong>NOGUEIRA E KAHMANN &#8211; 2024<br />
</strong></p>
<p><strong>Título do capítulo:</strong> Tradução comunitária e perspectivas para o extremo sul do Brasil</p>
<p><strong>Autores (capítulo):</strong> Carla A. M. Nogueira; Andrea C. Kahmann</p>
<p><strong>Título do livro:</strong> <a href="https://fundarfenix.com.br/ebook/341do-sul-para-mundo-pensando-traducao-contexto-pos-pandemia/">Do Sul para o Mundo: pensando a tradução no contexto pós-pandemia</a></p>
<p>&nbsp;</p>
<p><strong>DUARTE e LIMBERGER &#8211; 2023</strong></p>
<p><strong>Título do capítulo:</strong> <a href="https://ponteseditores.com.br/loja3/pontes-editores-home-2__trashed/ebook/lancamento-e-book/bilinguismo-e-leitura-contribuicoes-da-psicolinguistica-2/"><span style="font-weight: 400;">Acesso lexical bilíngue na leitura</span></a></p>
<p><strong>Autores (capítulo):</strong> Aline B. Duarte; Bernardo K. Limberger</p>
<p><strong>Título do livro:</strong> <span style="font-weight: 400;">Bilinguismo e leitura: contribuições da Psicolinguística</span></p>
<p>&nbsp;</p>
<p><strong>LIMBERGER &#8211; 2022</strong></p>
<p><strong>Título do capítulo:</strong> <a href="https://www.fundarfenix.com.br/ebook/154diemottersproch"><span style="font-weight: 400;">&#8216;Enn Gehenn, viele Sproche&#8217;: Hunsrückisch, Brasilioonisch ann annre Sproche (&#8216;Um cérebro, várias línguas&#8217;: Hunsrückisch, português e outras línguas)</span></a></p>
<p><strong>Autor (capítulo):</strong> Bernardo K. Limberger</p>
<p><strong>Título do livro:</strong> <span style="font-weight: 400;">Die &#8220;Mottersproch&#8221; in der Vielfalt des Deutschen &#8211; A língua materna na diversidade do alemão</span></p>
<p>&nbsp;</p>
<p><strong>LIMBERGER e KLEIN &#8211; 2021</strong></p>
<p><strong>Título do capítulo:</strong> <a href="https://app.uff.br/riuff/bitstream/handle/1/29745/Travessias-encontros-di%C3%A1logos-nos-estudos-german%C3%ADsticos-no-Brasil.pdf?sequence=1&amp;isAllowed=y"><span style="font-weight: 400;">Alemão como língua estrangeira e multilinguismo no Brasil: panorama de estudos psicolinguísticos</span></a></p>
<p><strong>Autores (capítulo):</strong> Bernardo K. Limberger; Ângela I. Klein</p>
<p><strong>Título do livro:</strong> <span style="font-weight: 400;">Travessias, encontros, diálogos nos estudos germanísticos no Brasil</span></p>
<p>&nbsp;</p>
<p><strong>LIMBERGER e BUCHWEITZ &#8211; 2019</strong></p>
<p><strong>Título do capítulo:</strong> <span style="font-weight: 400;">O cérebro bilíngue de línguas minoritárias</span></p>
<p><strong>Autores (capítulo):</strong> Bernardo K. Limberger; Augusto Buchweitz</p>
<p><strong>Título do livro:</strong> <span style="font-weight: 400;">Interface linguagem e cognição: contribuições da Psicolinguística</span></p>

<p>LIMBERGER &#8211; 2025 Título do capítulo: Dialetologia e Psicolinguística em diálogo: estudos sobre processamento do Hunsrückisch e bilinguismo Autor: Bernardo K. Limberger Título do livro: Sprachkontakt, Variation und Mehrsprachigkeit. Sprachliche Perspektiven auf die akademische Arbeit von Cléo Vilson Altenhofen &nbsp; &hellip; <a href="https://wp.ufpel.edu.br/laplimm/capitulos-de-livros/">Continue lendo <span class="meta-nav">&rarr;</span></a></p>
