{"id":86,"date":"2020-11-05T18:46:05","date_gmt":"2020-11-05T21:46:05","guid":{"rendered":"https:\/\/wp.ufpel.edu.br\/lapam\/?page_id=86"},"modified":"2022-02-16T17:09:28","modified_gmt":"2022-02-16T20:09:28","slug":"laboratorio","status":"publish","type":"page","link":"https:\/\/wp.ufpel.edu.br\/lapam\/laboratorio\/","title":{"rendered":"Laborat\u00f3rio"},"content":{"rendered":"<h2>OBJETIVOS<\/h2>\n<p>O Laborat\u00f3rio de Pain\u00e9is de Madeira (LAPAM) tem como objetivo contribuir para as atividades did\u00e1ticas dos Cursos do Centro de Engenharias, em especial ao Curso de Engenharia Industrial Madeireira, assim como para o desenvolvimento de atividades\u00a0 relacionadas \u00e0 pesquisa e extens\u00e3o dos cursos de gradua\u00e7\u00e3o e p\u00f3s-gradua\u00e7\u00e3o vinculados.<\/p>\n<h3 style=\"text-align: justify\"><strong>Especifica\u00e7\u00f5es das an\u00e1lises realizadas no LAPAM<\/strong><\/h3>\n<ul style=\"text-align: justify\">\n<li>Avalia\u00e7\u00e3o dos par\u00e2metros de qualidade em adesivos termopl\u00e1sticos e termofixos aplicados no setor madeireiro (an\u00e1lises: tempo de forma\u00e7\u00e3o de gel, teor de s\u00f3lidos, viscosidade din\u00e2mica e cinem\u00e1tica, densidade e pH);<\/li>\n<li>Produ\u00e7\u00e3o em escala laboratorial de pain\u00e9is reconstitu\u00eddos por meio de l\u00e2minas, part\u00edculas e fibras de madeira e materiais lignocelul\u00f3sicos em prensagem em temperatura ambiente e at\u00e9 350\u00b0C;<\/li>\n<li>Colagem de madeira s\u00f3lida por meio de prensagem a frio;<\/li>\n<li>Avalia\u00e7\u00e3o das propriedades f\u00edsicas (teor de umidade, densidade, absor\u00e7\u00e3o de \u00e1gua e inchamento em espessura) e mec\u00e2nicas (flex\u00e3o est\u00e1tica &#8211; MOE e MOR, Liga\u00e7\u00e3o Interna, Cisalhamento na linha de cola, arrancamento de parafuso &#8211; topo e superf\u00edcie) de pain\u00e9is base madeira e materiais lignocelul\u00f3sicos de acordo com normas nacionais e internacionais.<\/li>\n<\/ul>\n<p>&nbsp;<\/p>\n<h2 style=\"text-align: justify\">INFRAESTRUTURA<\/h2>\n<p style=\"text-align: justify\">Conhe\u00e7a a Infraestrutura do LAPAM <a href=\"https:\/\/wp.ufpel.edu.br\/nulab\/lapam\/\">AQUI<\/a>. O laborat\u00f3rio conta v\u00e1rios tipos de equipamentos voltados para a confec\u00e7\u00e3o de pain\u00e9is e produ\u00e7\u00e3o de adesivos.<\/p>\n<p>&nbsp;<\/p>\n<h2 style=\"text-align: justify\">CONTATO PARA AGENDAMENTO<\/h2>\n<p style=\"text-align: justify\">Para agendamento de uso do laborat\u00f3rio e equipamentos entre em contato pelo e-mail: ufpellapam@gmail.com<\/p>\n<p>&nbsp;<\/p>\n<h2>REGIMENTO INTERNO DO LABORAT\u00d3RIO<\/h2>\n<p><a href=\"https:\/\/wp.ufpel.edu.br\/lapam\/files\/2021\/10\/REGIMENTO-INTERNO-DO-LABORATORIO-DE-PAINEIS-DE-MADEIRA-LAPAM.pdf\">REGIMENTO INTERNO DO LABORAT\u00d3RIO DE PAIN\u00c9IS DE MADEIRA (LAPAM)<\/a><\/p>\n<p>&nbsp;<\/p>\n<p><!--nextpage--><\/p>\n<h3>GALERIA DO LABORAT\u00d3RIO<\/h3>\n\n\t\t<style type=\"text\/css\">\n\t\t\t#gallery-1 {\n\t\t\t\tmargin: auto;\n\t\t\t}\n\t\t\t#gallery-1 .gallery-item {\n\t\t\t\tfloat: left;\n\t\t\t\tmargin-top: 10px;\n\t\t\t\ttext-align: center;\n\t\t\t\twidth: 16%;\n\t\t\t}\n\t\t\t#gallery-1 img {\n\t\t\t\tborder: 2px solid #cfcfcf;\n\t\t\t}\n\t\t\t#gallery-1 .gallery-caption {\n\t\t\t\tmargin-left: 0;\n\t\t\t}\n\t\t\t\/* see gallery_shortcode() in wp-includes\/media.php *\/\n\t\t<\/style>\n\t\t<div id='gallery-1' class='gallery galleryid-86 gallery-columns-6 gallery-size-thumbnail'><dl class='gallery-item'>\n\t\t\t<dt class='gallery-icon landscape'>\n\t\t\t\t<a href='https:\/\/wp.ufpel.edu.br\/lapam\/laboratorio\/cimg4920\/'><img width=\"200\" height=\"200\" src=\"https:\/\/wp.ufpel.edu.br\/lapam\/files\/2021\/11\/CIMG4920-200x200.jpg\" class=\"attachment-thumbnail size-thumbnail\" alt=\"\" aria-describedby=\"gallery-1-478\" \/><\/a>\n\t\t\t<\/dt>\n\t\t\t\t<dd class='wp-caption-text gallery-caption' id='gallery-1-478'>\n\t\t\t\tForma\u00e7\u00e3o do colch\u00e3o de part\u00edculas\n\t\t\t\t<\/dd><\/dl><dl class='gallery-item'>\n\t\t\t<dt class='gallery-icon landscape'>\n\t\t\t\t<a href='https:\/\/wp.ufpel.edu.br\/lapam\/laboratorio\/cimg4926\/'><img width=\"200\" height=\"200\" src=\"https:\/\/wp.ufpel.edu.br\/lapam\/files\/2021\/11\/CIMG4926-200x200.jpg\" class=\"attachment-thumbnail size-thumbnail\" alt=\"\" aria-describedby=\"gallery-1-479\" \/><\/a>\n\t\t\t<\/dt>\n\t\t\t\t<dd class='wp-caption-text gallery-caption' id='gallery-1-479'>\n\t\t\t\tColch\u00e3o de part\u00edculas com bitolador de espessura\n\t\t\t\t<\/dd><\/dl><dl class='gallery-item'>\n\t\t\t<dt class='gallery-icon landscape'>\n\t\t\t\t<a href='https:\/\/wp.ufpel.edu.br\/lapam\/laboratorio\/cimg5062\/'><img width=\"200\" height=\"200\" src=\"https:\/\/wp.ufpel.edu.br\/lapam\/files\/2021\/11\/CIMG5062-200x200.jpg\" class=\"attachment-thumbnail size-thumbnail\" alt=\"\" aria-describedby=\"gallery-1-481\" \/><\/a>\n\t\t\t<\/dt>\n\t\t\t\t<dd class='wp-caption-text gallery-caption' id='gallery-1-481'>\n\t\t\t\tDosagem de resina ureia-formalde\u00eddo e catalisador\n\t\t\t\t<\/dd><\/dl><dl class='gallery-item'>\n\t\t\t<dt class='gallery-icon landscape'>\n\t\t\t\t<a href='https:\/\/wp.ufpel.edu.br\/lapam\/laboratorio\/cimg5081\/'><img width=\"200\" height=\"200\" src=\"https:\/\/wp.ufpel.edu.br\/lapam\/files\/2021\/11\/CIMG5081-200x200.jpg\" class=\"attachment-thumbnail size-thumbnail\" alt=\"\" aria-describedby=\"gallery-1-482\" \/><\/a>\n\t\t\t<\/dt>\n\t\t\t\t<dd class='wp-caption-text gallery-caption' id='gallery-1-482'>\n\t\t\t\tColch\u00e3o de part\u00edculas formado\n\t\t\t\t<\/dd><\/dl><dl class='gallery-item'>\n\t\t\t<dt class='gallery-icon landscape'>\n\t\t\t\t<a href='https:\/\/wp.ufpel.edu.br\/lapam\/laboratorio\/cimg5132\/'><img width=\"200\" height=\"200\" src=\"https:\/\/wp.ufpel.edu.br\/lapam\/files\/2021\/11\/CIMG5132-200x200.jpg\" class=\"attachment-thumbnail size-thumbnail\" alt=\"\" aria-describedby=\"gallery-1-483\" \/><\/a>\n\t\t\t<\/dt>\n\t\t\t\t<dd class='wp-caption-text gallery-caption' id='gallery-1-483'>\n\t\t\t\tAplica\u00e7\u00e3o de adesivo para produ\u00e7\u00e3o de pain\u00e9is laminados\n\t\t\t\t<\/dd><\/dl><dl class='gallery-item'>\n\t\t\t<dt class='gallery-icon landscape'>\n\t\t\t\t<a href='https:\/\/wp.ufpel.edu.br\/lapam\/laboratorio\/cimg4968\/'><img width=\"200\" height=\"200\" src=\"https:\/\/wp.ufpel.edu.br\/lapam\/files\/2021\/11\/CIMG4968-200x200.jpg\" class=\"attachment-thumbnail size-thumbnail\" alt=\"\" aria-describedby=\"gallery-1-484\" \/><\/a>\n\t\t\t<\/dt>\n\t\t\t\t<dd class='wp-caption-text gallery-caption' id='gallery-1-484'>\n\t\t\t\tSecagem de l\u00e2minas torneadas em estufa com circula\u00e7\u00e3o for\u00e7ada de ar\n\t\t\t\t<\/dd><\/dl><br style=\"clear: both\" \/><dl class='gallery-item'>\n\t\t\t<dt class='gallery-icon portrait'>\n\t\t\t\t<a href='https:\/\/wp.ufpel.edu.br\/lapam\/laboratorio\/cimg4978\/'><img width=\"200\" height=\"200\" src=\"https:\/\/wp.ufpel.edu.br\/lapam\/files\/2021\/11\/CIMG4978-200x200.jpg\" class=\"attachment-thumbnail size-thumbnail\" alt=\"\" aria-describedby=\"gallery-1-485\" \/><\/a>\n\t\t\t<\/dt>\n\t\t\t\t<dd class='wp-caption-text gallery-caption' id='gallery-1-485'>\n\t\t\t\tEnsaio de resist\u00eancia ao cisalhamento na linha de cola &#8211; pain\u00e9is laminados\n\t\t\t\t<\/dd><\/dl><dl class='gallery-item'>\n\t\t\t<dt class='gallery-icon portrait'>\n\t\t\t\t<a href='https:\/\/wp.ufpel.edu.br\/lapam\/laboratorio\/cimg0011\/'><img width=\"200\" height=\"200\" src=\"https:\/\/wp.ufpel.edu.br\/lapam\/files\/2021\/11\/CIMG0011-200x200.jpg\" class=\"attachment-thumbnail size-thumbnail\" alt=\"\" aria-describedby=\"gallery-1-486\" \/><\/a>\n\t\t\t<\/dt>\n\t\t\t\t<dd class='wp-caption-text gallery-caption' id='gallery-1-486'>\n\t\t\t\tOSB\n\t\t\t\t<\/dd><\/dl><dl class='gallery-item'>\n\t\t\t<dt class='gallery-icon landscape'>\n\t\t\t\t<a href='https:\/\/wp.ufpel.edu.br\/lapam\/laboratorio\/cimg2130\/'><img width=\"200\" height=\"200\" src=\"https:\/\/wp.ufpel.edu.br\/lapam\/files\/2021\/11\/CIMG2130-200x200.jpg\" class=\"attachment-thumbnail size-thumbnail\" alt=\"\" aria-describedby=\"gallery-1-487\" \/><\/a>\n\t\t\t<\/dt>\n\t\t\t\t<dd class='wp-caption-text gallery-caption' id='gallery-1-487'>\n\t\t\t\tImagem de fibras para produ\u00e7\u00e3o de MDF\n\t\t\t\t<\/dd><\/dl><dl class='gallery-item'>\n\t\t\t<dt class='gallery-icon landscape'>\n\t\t\t\t<a href='https:\/\/wp.ufpel.edu.br\/lapam\/laboratorio\/colchao-formado-lapam-ufpel\/'><img width=\"200\" height=\"200\" src=\"https:\/\/wp.ufpel.edu.br\/lapam\/files\/2021\/11\/Colchao-formado-LAPAM-UFPel-200x200.jpg\" class=\"attachment-thumbnail size-thumbnail\" alt=\"\" aria-describedby=\"gallery-1-488\" \/><\/a>\n\t\t\t<\/dt>\n\t\t\t\t<dd class='wp-caption-text gallery-caption' id='gallery-1-488'>\n\t\t\t\tColch\u00e3o de fibras formado para produ\u00e7\u00e3o de MDF\n\t\t\t\t<\/dd><\/dl><dl class='gallery-item'>\n\t\t\t<dt class='gallery-icon landscape'>\n\t\t\t\t<a href='https:\/\/wp.ufpel.edu.br\/lapam\/laboratorio\/cimg2570\/'><img width=\"200\" height=\"200\" src=\"https:\/\/wp.ufpel.edu.br\/lapam\/files\/2021\/11\/CIMG2570-200x200.jpg\" class=\"attachment-thumbnail size-thumbnail\" alt=\"\" aria-describedby=\"gallery-1-489\" \/><\/a>\n\t\t\t<\/dt>\n\t\t\t\t<dd class='wp-caption-text gallery-caption' id='gallery-1-489'>\n\t\t\t\tViscos\u00edmetro Copo Ford\n\t\t\t\t<\/dd><\/dl><dl class='gallery-item'>\n\t\t\t<dt class='gallery-icon landscape'>\n\t\t\t\t<a href='https:\/\/wp.ufpel.edu.br\/lapam\/laboratorio\/cimg2580\/'><img width=\"200\" height=\"200\" src=\"https:\/\/wp.ufpel.edu.br\/lapam\/files\/2021\/11\/CIMG2580-200x200.jpg\" class=\"attachment-thumbnail size-thumbnail\" alt=\"\" aria-describedby=\"gallery-1-490\" \/><\/a>\n\t\t\t<\/dt>\n\t\t\t\t<dd class='wp-caption-text gallery-caption' id='gallery-1-490'>\n\t\t\t\tpHmetro digital de bancada para an\u00e1lies de adesivos e extratos de madeira\n\t\t\t\t<\/dd><\/dl><br style=\"clear: both\" \/><dl class='gallery-item'>\n\t\t\t<dt class='gallery-icon portrait'>\n\t\t\t\t<a href='https:\/\/wp.ufpel.edu.br\/lapam\/laboratorio\/cimg2573\/'><img width=\"200\" height=\"200\" src=\"https:\/\/wp.ufpel.edu.br\/lapam\/files\/2021\/11\/CIMG2573-200x200.jpg\" class=\"attachment-thumbnail size-thumbnail\" alt=\"\" aria-describedby=\"gallery-1-491\" \/><\/a>\n\t\t\t<\/dt>\n\t\t\t\t<dd class='wp-caption-text gallery-caption' id='gallery-1-491'>\n\t\t\t\tAgitador mec\u00e2nico para mistura de adesivo\n\t\t\t\t<\/dd><\/dl><dl class='gallery-item'>\n\t\t\t<dt class='gallery-icon landscape'>\n\t\t\t\t<a href='https:\/\/wp.ufpel.edu.br\/lapam\/laboratorio\/cimg4963\/'><img width=\"200\" height=\"200\" src=\"https:\/\/wp.ufpel.edu.br\/lapam\/files\/2021\/11\/CIMG4963-200x200.jpg\" class=\"attachment-thumbnail size-thumbnail\" alt=\"\" aria-describedby=\"gallery-1-492\" \/><\/a>\n\t\t\t<\/dt>\n\t\t\t\t<dd class='wp-caption-text gallery-caption' id='gallery-1-492'>\n\t\t\t\tDosagem de material de enchimento e extensor para a batida de cola e produ\u00e7\u00e3o de pain\u00e9is laminados\n\t\t\t\t<\/dd><\/dl><dl class='gallery-item'>\n\t\t\t<dt class='gallery-icon landscape'>\n\t\t\t\t<a href='https:\/\/wp.ufpel.edu.br\/lapam\/laboratorio\/cimg4962\/'><img width=\"200\" height=\"200\" src=\"https:\/\/wp.ufpel.edu.br\/lapam\/files\/2021\/11\/CIMG4962-200x200.jpg\" class=\"attachment-thumbnail size-thumbnail\" alt=\"\" aria-describedby=\"gallery-1-493\" \/><\/a>\n\t\t\t<\/dt>\n\t\t\t\t<dd class='wp-caption-text gallery-caption' id='gallery-1-493'>\n\t\t\t\tManuten\u00e7\u00e3o da temperatura em adesivos para determina\u00e7\u00e3o das propriedades\n\t\t\t\t<\/dd><\/dl><dl class='gallery-item'>\n\t\t\t<dt class='gallery-icon landscape'>\n\t\t\t\t<a href='https:\/\/wp.ufpel.edu.br\/lapam\/laboratorio\/cimg5134\/'><img width=\"200\" height=\"200\" src=\"https:\/\/wp.ufpel.edu.br\/lapam\/files\/2021\/11\/CIMG5134-200x200.jpg\" class=\"attachment-thumbnail size-thumbnail\" alt=\"\" aria-describedby=\"gallery-1-494\" \/><\/a>\n\t\t\t<\/dt>\n\t\t\t\t<dd class='wp-caption-text gallery-caption' id='gallery-1-494'>\n\t\t\t\tPrensa hidr\u00e1ulica com capacidade de 160 toneladas e controle de temperatura\n\t\t\t\t<\/dd><\/dl><dl class='gallery-item'>\n\t\t\t<dt class='gallery-icon landscape'>\n\t\t\t\t<a href='https:\/\/wp.ufpel.edu.br\/lapam\/laboratorio\/cimg5129\/'><img width=\"200\" height=\"200\" src=\"https:\/\/wp.ufpel.edu.br\/lapam\/files\/2021\/11\/CIMG5129-200x200.jpg\" class=\"attachment-thumbnail size-thumbnail\" alt=\"\" aria-describedby=\"gallery-1-495\" \/><\/a>\n\t\t\t<\/dt>\n\t\t\t\t<dd class='wp-caption-text gallery-caption' id='gallery-1-495'>\n\t\t\t\tControle da gramatura de adesivo\n\t\t\t\t<\/dd><\/dl><dl class='gallery-item'>\n\t\t\t<dt class='gallery-icon portrait'>\n\t\t\t\t<a href='https:\/\/wp.ufpel.edu.br\/lapam\/laboratorio\/cimg0013\/'><img width=\"200\" height=\"200\" src=\"https:\/\/wp.ufpel.edu.br\/lapam\/files\/2021\/11\/CIMG0013-200x200.jpg\" class=\"attachment-thumbnail size-thumbnail\" alt=\"\" \/><\/a>\n\t\t\t<\/dt><\/dl><br style=\"clear: both\" \/><dl class='gallery-item'>\n\t\t\t<dt class='gallery-icon portrait'>\n\t\t\t\t<a href='https:\/\/wp.ufpel.edu.br\/lapam\/laboratorio\/adesivo-natural-caseina\/'><img width=\"200\" height=\"200\" src=\"https:\/\/wp.ufpel.edu.br\/lapam\/files\/2021\/11\/Adesivo-Natural-Caseina-200x200.jpg\" class=\"attachment-thumbnail size-thumbnail\" alt=\"\" aria-describedby=\"gallery-1-497\" \/><\/a>\n\t\t\t<\/dt>\n\t\t\t\t<dd class='wp-caption-text gallery-caption' id='gallery-1-497'>\n\t\t\t\tAdesino Natural a Base de Case\u00edna\n\t\t\t\t<\/dd><\/dl><dl class='gallery-item'>\n\t\t\t<dt class='gallery-icon portrait'>\n\t\t\t\t<a href='https:\/\/wp.ufpel.edu.br\/lapam\/laboratorio\/cimg2577\/'><img width=\"200\" height=\"200\" src=\"https:\/\/wp.ufpel.edu.br\/lapam\/files\/2021\/11\/CIMG2577-200x200.jpg\" class=\"attachment-thumbnail size-thumbnail\" alt=\"\" aria-describedby=\"gallery-1-498\" \/><\/a>\n\t\t\t<\/dt>\n\t\t\t\t<dd class='wp-caption-text gallery-caption' id='gallery-1-498'>\n\t\t\t\tViscos\u00edmetro Copo Ford\n\t\t\t\t<\/dd><\/dl><dl class='gallery-item'>\n\t\t\t<dt class='gallery-icon landscape'>\n\t\t\t\t<a href='https:\/\/wp.ufpel.edu.br\/lapam\/laboratorio\/cimg4939\/'><img width=\"200\" height=\"200\" src=\"https:\/\/wp.ufpel.edu.br\/lapam\/files\/2021\/11\/CIMG4939-200x200.jpg\" class=\"attachment-thumbnail size-thumbnail\" alt=\"\" aria-describedby=\"gallery-1-499\" \/><\/a>\n\t\t\t<\/dt>\n\t\t\t\t<dd class='wp-caption-text gallery-caption' id='gallery-1-499'>\n\t\t\t\tViscos\u00edmetro Copo Ford n.8 \n\t\t\t\t<\/dd><\/dl><dl class='gallery-item'>\n\t\t\t<dt class='gallery-icon portrait'>\n\t\t\t\t<a href='https:\/\/wp.ufpel.edu.br\/lapam\/laboratorio\/cimg2483\/'><img width=\"200\" height=\"200\" src=\"https:\/\/wp.ufpel.edu.br\/lapam\/files\/2021\/11\/CIMG2483-200x200.jpg\" class=\"attachment-thumbnail size-thumbnail\" alt=\"\" aria-describedby=\"gallery-1-500\" \/><\/a>\n\t\t\t<\/dt>\n\t\t\t\t<dd class='wp-caption-text gallery-caption' id='gallery-1-500'>\n\t\t\t\tDetermina\u00e7\u00e3o do Tempo de Forma\u00e7\u00e3o de Gel\n\t\t\t\t<\/dd><\/dl>\n\t\t\t<br style='clear: both' \/>\n\t\t<\/div>\n\n","protected":false},"excerpt":{"rendered":"<p>OBJETIVOS O Laborat\u00f3rio de Pain\u00e9is de Madeira (LAPAM) tem como objetivo contribuir para as atividades did\u00e1ticas dos Cursos do Centro de Engenharias, em especial ao Curso de Engenharia Industrial Madeireira, assim como para o desenvolvimento de atividades\u00a0 relacionadas \u00e0 pesquisa e extens\u00e3o dos cursos de gradua\u00e7\u00e3o e p\u00f3s-gradua\u00e7\u00e3o vinculados. Especifica\u00e7\u00f5es das an\u00e1lises realizadas no LAPAM [&hellip;]<\/p>\n","protected":false},"author":1058,"featured_media":0,"parent":0,"menu_order":0,"comment_status":"closed","ping_status":"closed","template":"","meta":{"footnotes":""},"class_list":["post-86","page","type-page","status-publish","hentry"],"_links":{"self":[{"href":"https:\/\/wp.ufpel.edu.br\/lapam\/wp-json\/wp\/v2\/pages\/86","targetHints":{"allow":["GET"]}}],"collection":[{"href":"https:\/\/wp.ufpel.edu.br\/lapam\/wp-json\/wp\/v2\/pages"}],"about":[{"href":"https:\/\/wp.ufpel.edu.br\/lapam\/wp-json\/wp\/v2\/types\/page"}],"author":[{"embeddable":true,"href":"https:\/\/wp.ufpel.edu.br\/lapam\/wp-json\/wp\/v2\/users\/1058"}],"replies":[{"embeddable":true,"href":"https:\/\/wp.ufpel.edu.br\/lapam\/wp-json\/wp\/v2\/comments?post=86"}],"version-history":[{"count":19,"href":"https:\/\/wp.ufpel.edu.br\/lapam\/wp-json\/wp\/v2\/pages\/86\/revisions"}],"predecessor-version":[{"id":546,"href":"https:\/\/wp.ufpel.edu.br\/lapam\/wp-json\/wp\/v2\/pages\/86\/revisions\/546"}],"wp:attachment":[{"href":"https:\/\/wp.ufpel.edu.br\/lapam\/wp-json\/wp\/v2\/media?parent=86"}],"curies":[{"name":"wp","href":"https:\/\/api.w.org\/{rel}","templated":true}]}}