{"id":66,"date":"2020-11-05T18:19:25","date_gmt":"2020-11-05T21:19:25","guid":{"rendered":"https:\/\/wp.ufpel.edu.br\/lapam\/?page_id=66"},"modified":"2023-04-24T17:15:04","modified_gmt":"2023-04-24T20:15:04","slug":"extensao","status":"publish","type":"page","link":"https:\/\/wp.ufpel.edu.br\/lapam\/projetos\/extensao\/","title":{"rendered":"Projetos de Extens\u00e3o"},"content":{"rendered":"<h3 style=\"text-align: justify;\">Aproveitamento de res\u00edduos s\u00f3lidos de madeira para produ\u00e7\u00e3o de artefatos<\/h3>\n<ul>\n<li style=\"text-align: justify;\">O desenvolvimento do projeto de extens\u00e3o se embasa na concep\u00e7\u00e3o de produtos por meio do aproveitamento dos res\u00edduos s\u00f3lidos de empresas que beneficiam madeira no munic\u00edpio de Pelotas sendo caracterizado pelo desenvolvimento de uma metodologia projetual diferenciada buscando os equipamentos mais adequados para se trabalhar com os variados tipos de res\u00edduos s\u00f3lidos. Gerando prot\u00f3tipos ou mesmo replicando o conhecimento emp\u00edrico da comunidade em foco, para produ\u00e7\u00e3o em escala artesanal de Artefatos em Madeira, tais como: artigos para escrit\u00f3rio (porta materiais), souvenir (chaveiros entre outras pe\u00e7as), brinquedos (jogos did\u00e1ticos e etc), mobili\u00e1rio e materiais utilit\u00e1rios abrangendo desta forma uma grande diversidade de artefatos poss\u00edveis de serem produzidos. Posteriormente, ser\u00e1 desenvolvido o processo de qualifica\u00e7\u00e3o da m\u00e3o de obra das comunidades atendidas por meio de oficinas com exposi\u00e7\u00e3o dos artefatos e empregando-se a t\u00e9cnica artesanal para produ\u00e7\u00e3o dos diferentes artefatos que ser\u00e3o gerados nos laborat\u00f3rios do curso de Engenharia Industrial Madeireira da Universidade Federal de Pelotas. Os professores e alunos colaboradores participar\u00e3o ativamente de cada etapa do projeto fomentando o desenvolvimento t\u00e9cnico-cient\u00edfico por meio das rela\u00e7\u00f5es intr\u00ednsecas ao processo de ensino-aprendizagem, tanto da comunidade civil quanto a acad\u00eamica por meio da troca de experi\u00eancias e conhecimento de ambas as esferas de trabalho. <strong>PER\u00cdODO: 2017 &#8211; em andamento.<\/strong><\/li>\n<li>Coordenadora: \u00c9rika da Silva Ferreira.<\/li>\n<li>Integrantes: Leonardo da Silva Oliveira; C\u00edntia Boldt Souza; Vin\u00edcius\u00a0 Reis Vasques; Andrey Janke dos Santos; Nathalia Farias Gomes; Mariana Figueira Machado.<\/li>\n<li>V\u00eddeos produzidos:<\/li>\n<\/ul>\n<p><iframe title=\"V\u00eddeo Passo a Passo Produ\u00e7\u00e3o de Porta Incenso Arestas\" width=\"500\" height=\"281\" src=\"https:\/\/www.youtube.com\/embed\/_esXcGWg-Qs?feature=oembed\" frameborder=\"0\" allow=\"accelerometer; autoplay; clipboard-write; encrypted-media; gyroscope; picture-in-picture; web-share\" referrerpolicy=\"strict-origin-when-cross-origin\" allowfullscreen><\/iframe><\/p>\n<h3><\/h3>\n<p><iframe title=\"V\u00eddeo Passo a Passo Produ\u00e7\u00e3o de Suporte para Celular\" width=\"500\" height=\"281\" src=\"https:\/\/www.youtube.com\/embed\/4YwmejYdIAs?feature=oembed\" frameborder=\"0\" allow=\"accelerometer; autoplay; clipboard-write; encrypted-media; gyroscope; picture-in-picture; web-share\" referrerpolicy=\"strict-origin-when-cross-origin\" allowfullscreen><\/iframe><\/p>\n<h3><\/h3>\n<p><iframe title=\"V\u00eddeo Passo a Passo Produ\u00e7\u00e3o de Porta Incenso Arestas\" width=\"500\" height=\"281\" src=\"https:\/\/www.youtube.com\/embed\/_esXcGWg-Qs?feature=oembed\" frameborder=\"0\" allow=\"accelerometer; autoplay; clipboard-write; encrypted-media; gyroscope; picture-in-picture; web-share\" referrerpolicy=\"strict-origin-when-cross-origin\" allowfullscreen><\/iframe><\/p>\n<p>&nbsp;<\/p>\n<p><iframe title=\"V\u00eddeo passo a passo produ\u00e7\u00e3o de um PORTA VELAS e PORTA INCENSO\" width=\"500\" height=\"281\" src=\"https:\/\/www.youtube.com\/embed\/mhsNR0kPqm0?feature=oembed\" frameborder=\"0\" allow=\"accelerometer; autoplay; clipboard-write; encrypted-media; gyroscope; picture-in-picture; web-share\" referrerpolicy=\"strict-origin-when-cross-origin\" allowfullscreen><\/iframe><\/p>\n<p>&nbsp;<\/p>\n<p><iframe title=\"V\u00eddeo de passo a passo da produ\u00e7\u00e3o de um PORTA CANETAS\" width=\"500\" height=\"281\" src=\"https:\/\/www.youtube.com\/embed\/dtrVo5lapds?feature=oembed\" frameborder=\"0\" allow=\"accelerometer; autoplay; clipboard-write; encrypted-media; gyroscope; picture-in-picture; web-share\" referrerpolicy=\"strict-origin-when-cross-origin\" allowfullscreen><\/iframe><\/p>\n<p>&nbsp;<\/p>\n<p><iframe title=\"V\u00eddeo passo a passo produ\u00e7\u00e3o de um  PORTA OVOS\" width=\"500\" height=\"281\" src=\"https:\/\/www.youtube.com\/embed\/IsNQrmYH3Ys?feature=oembed\" frameborder=\"0\" allow=\"accelerometer; autoplay; clipboard-write; encrypted-media; gyroscope; picture-in-picture; web-share\" referrerpolicy=\"strict-origin-when-cross-origin\" allowfullscreen><\/iframe><\/p>\n<h3>Qualifica\u00e7\u00e3o do Setor de Secagem da Madeira do Rio Grande do Sul<\/h3>\n<ul>\n<li>Para o uso da madeira, para as mais variadas finalidades, necessariamente, deve-se ter o teor de umidade adequado. Portanto, a secagem \u00e9 uma etapa obrigat\u00f3ria e fundamental para o beneficiamento da madeira. Entretanto, o processo de secagem \u00e9 complexo, sendo necess\u00e1rio procedimento espec\u00edficos para cada tipo de madeira. No setor industrial essa etapa \u00e9 um dos principais gargalos do setor, onde se demanda altos custos com energia e tempo prolongado para obten\u00e7\u00e3o de pe\u00e7as de madeira de qualidade, livres de defeitos. Neste contexto o presente projeto visa estabelecer uma aproxima\u00e7\u00e3o entre o Laborat\u00f3rio de Secagem da Madeira do CEng\/UFPel com o setor, gerando contribui\u00e7\u00f5es, orienta\u00e7\u00f5es e recomenda\u00e7\u00f5es t\u00e9cnicas. <strong>PER\u00cdODO: 2017 &#8211; em andamento.<\/strong><\/li>\n<li>Coordenador: Leonardo da Silva Oliveira.<\/li>\n<li>Integrantes: \u00c9rika da Silva Ferreira; Merielen de Carvalho Lopes; Arthur Garcia Lucas; Gabriel Antunez Braz; Lucas Oertel da Fonseca ; Thais Vieira Holz.<\/li>\n<\/ul>\n<p>&nbsp;<\/p>\n<h3>XIII Semana Acad\u00eamica da Engenharia Industrial Madeireira<\/h3>\n<ul>\n<li>Semana Acad\u00eamica \u00e9 um evento promovido por uma comiss\u00e3o de alunos do curso de Engenharia Industrial Madeireira, contando com a coordena\u00e7\u00e3o de um docente de \u00e1rea especifica do Curso e participa\u00e7\u00e3o dos demais docentes como colaboradores. A Semana Acad\u00eamica da Engenharia Industrial Madeireira \u00e9 uma oportunidade acad\u00eamica de integra\u00e7\u00e3o entre os discentes e a sociedade t\u00e9cnica, pois oportuniza momentos de atualiza\u00e7\u00e3o e discuss\u00e3o sobre temas pertinentes ao setor florestal, da madeira e m\u00f3veis. <strong>PER\u00cdODO: 2018 &#8211; 2018.<\/strong><\/li>\n<li>Corrdenadora: Merielen de Carvalho Lopes.<\/li>\n<li>Integrantes: \u00c9rika da Silva Ferreira; Leonardo da Silva Oliveira; Darci Alberto Gatto; Marcos Theodoro Muller; Rafael Beltrame; Gabriel Valim Cardoso; Kelvin Techera Barbosa; Pedro Henrique de Moraes Kolton; Arthur Garcia Lucas; Ana Carolina Rodrigues Ribeiro; Marco Antonio Muniz Fernandes; Vitoria Correia Mota Canil; W\u00e2ndria dos Santos Ribeiro.<\/li>\n<\/ul>\n<p><!--nextpage--><\/p>\n<h3>Aproveitamento de res\u00edduos s\u00f3lidos da regi\u00e3o Sul &#8211; RS para produ\u00e7\u00e3o de pequenos artefatos a base de madeira.<\/h3>\n<ul>\n<li><strong>PER\u00cdODO: 2015 &#8211; 2016.<\/strong><\/li>\n<li>Coordenadora: \u00c9rika da Silva Ferreira.<\/li>\n<li>Integrantes: Leonardo da Silva Oliveira; Merielen de Carvalho Lopes.<\/li>\n<\/ul>\n<p>&nbsp;<\/p>\n<h3>VII Semana Acad\u00eamica da Engenharia Industrial Madeireira<\/h3>\n<ul>\n<li>A SAEIM tem como objetivos gerais proporcionar a integra\u00e7\u00e3o de alunos, professores e demais profissionais da \u00e1rea de Engenharia Industrial Madeireira e \u00e1reas relacionadas, possibilitando a apresenta\u00e7\u00e3o e discuss\u00e3o de novas tecnologias e pesquisas, com o intuito de aprimorar a forma\u00e7\u00e3o t\u00e9cnica-cient\u00edfica dos participantes. Al\u00e9m de contribuir para o esclarecimento das \u00e1reas de atua\u00e7\u00e3o do engenheiro industrial madeireiro e divulga\u00e7\u00e3o desse profissional. <strong>PER\u00cdODO: 2012 &#8211; 2012.<\/strong><\/li>\n<li>Coordenadora: \u00c9rika da Silva Ferreira.<\/li>\n<li>Integrantes: Cristiane Pedrazzi; Liliane Costa da Silva; Rafael Beltrame; M\u00f4nica Let\u00edcia Mackedanz Ribeiro; Isis Helena Soares de Oliveira; Aline Krolow Soares; Darlene Cruz de Oliveira; Aline Scheer Knuth; Filipe Santos da Silva; Eduardo Lima Tortelli.<\/li>\n<\/ul>\n<p>&nbsp;<\/p>\n<h3>VI Semana Acad\u00eamica da Engenharia Industrial Madeireira<\/h3>\n<ul>\n<li>A SAEIM tem como objetivos gerais proporcionar a integra\u00e7\u00e3o de alunos, professores e demais profissionais da \u00e1rea de Engenharia Industrial Madeireira e \u00e1reas relacionadas, possibilitando a apresenta\u00e7\u00e3o e discuss\u00e3o de novas tecnologias e pesquisas, com o intuito de aprimorar a forma\u00e7\u00e3o t\u00e9cnica-cient\u00edfica dos participantes. Al\u00e9m de contribuir para o esclarecimento das \u00e1reas de atua\u00e7\u00e3o do engenheiro industrial madeireiro e divulga\u00e7\u00e3o desse profissional. <strong>PER\u00cdODO: 2011 &#8211; 2011.<\/strong><\/li>\n<li>Coordenadora: \u00c9rika da Silva Ferreira.<\/li>\n<li>Integrantes: Darlan de Oliveira; Michael Pinto Garcia; Cristiane Pedrazzi; M\u00e1rcio da Fonseca Martins; Leonardo Weinert Corr\u00eaa; Isis Helena Soares de Oliveira; Caroline Coelho da Silva; D\u00e9bora Duarte Ribes; Priscila dos Santos Antuart; Kely Cristina Cardoso; Reinaldo Haerter.<\/li>\n<\/ul>\n<p>&nbsp;<\/p>\n<h3>Apostila did\u00e1tica sobre produtos de ades\u00e3o e colagem<\/h3>\n<ul>\n<li>O projeto de extens\u00e3o tem como objetivo elaborar material t\u00e9cnico-cient\u00edfico, em forma de apostila, como apoio a disciplina Produtos de Ades\u00e3o e Colagem e para acesso da comunidade de modo geral. Ementa: Teoria da ades\u00e3o. Influ\u00eancia das caracter\u00edsticas da madeira sobre a colagem. Tipos de adesivos e classifica\u00e7\u00e3o de uso. Metodologia de colagem. Madeira reconstitu\u00edda. Colagem de madeira s\u00f3lida. Preserva\u00e7\u00e3o e colagem. <strong>PER\u00cdODO: 2011 &#8211; em andamento.<\/strong><\/li>\n<li>Coordenadora: \u00c9rika da Silva Ferreira.<\/li>\n<li>Integrantes: Leonardo da Silva Oliveira; Merielen de Carvalho Lopes.<\/li>\n<\/ul>\n<p><!--nextpage--><\/p>\n<h3>Proposta de layout para uma Serraria de pequeno porte na regi\u00e3o de Pelotas-RS<\/h3>\n<ul>\n<li>As serrarias da regi\u00e3o de Pelotas tem como caracter\u00edstica principal serem de origem familiar e processarem madeiras de reflorestamento (pinus e eucalipto). O n\u00edvel tecnol\u00f3gico destas empresas \u00e9 baixo, onde os maquin\u00e1rios n\u00e3o s\u00e3o automatizados e a manuten\u00e7\u00e3o \u00e9 feita de forma inadequada gerando pe\u00e7as de qualidade inferior a ideal. Outra caracter\u00edstica que deve ser salientada \u00e9 a m\u00e3o de obra barata e sem especializa\u00e7\u00e3o, onde \u00e9 marcante o uso do conhecimento emp\u00edrico dos funcion\u00e1rios. Com a defini\u00e7\u00e3o de um novo layout da serraria pode-se otimizar de forma consider\u00e1vel a distribui\u00e7\u00e3o dos equipamentos de acordo com as dimens\u00f5es das toras que s\u00e3o processadas, facilitando assim o fluxo operacional da empresa. Desta forma, o Programa de Inicia\u00e7\u00e3o Cient\u00edfica e Tecnol\u00f3gica para Micro e Pequenas Empresas &#8211; Bitec veio como um aux\u00edlio fundamental para a implementa\u00e7\u00e3o de melhorias nessas empresas criando um v\u00ednculo do empres\u00e1rio com a universidade por meio da concess\u00e3o de bolsa ao discente que desenvolve o est\u00e1gio. Da mesma maneira os alunos do curso de Engenharia Industrial Madeireira ir\u00e3o se beneficiar diretamente da possibilidade de entrar em contato direto com essa realidade local e exercer sua fun\u00e7\u00e3o de solucionar problemas do cotidiano da empresa SERRARIA E MADEIREIRA GOTUZZO LTDA localizada na regi\u00e3o de Pelotas-RS. <strong>PER\u00cdODO: 2009 &#8211; 2009.<\/strong><\/li>\n<li>Coordenadora: \u00c9rika da Silva Ferreira.<\/li>\n<li>Integrantes: Ariane Angelita Pacheco Piccini.<\/li>\n<\/ul>\n<p>&nbsp;<\/p>\n<h3>Monitoramento do teor de umidade de diferentes esp\u00e9cies e sua influ\u00eancia na efici\u00eancia em tempo e qualidade do produto final numa empresa de esquadrias de madeira na regi\u00e3o de Pelotas-RS<\/h3>\n<ul>\n<li>Este projeto tem como objetivo realizar o monitoramento do teor de umidade de diferentes esp\u00e9cies florestais nativas utilizadas na fabrica\u00e7\u00e3o de esquadrias de madeira visando correlacionar efici\u00eancia de produ\u00e7\u00e3o em tempo e qualidade do produto final na empresa Esquadrias Dallmann por meio da concess\u00e3o de bolsa ao discente pelo Programa de Inicia\u00e7\u00e3o Cient\u00edfica e Tecnol\u00f3gica para Micro e Pequenas Empresas ? BITEC. Como objetivos espec\u00edficos: ?Determinar o teor de umidade das t\u00e1buas de madeira no p\u00e1tio de mat\u00e9ria-prima e na fase final de produ\u00e7\u00e3o da esquadria; ?Determinar a efici\u00eancia do beneficiamento das pe\u00e7as de madeira atrav\u00e9s da determina\u00e7\u00e3o do tempo de processamento gasto por equipamento; ?Avaliar a qualidade do produto final obtido atrav\u00e9s da observa\u00e7\u00e3o de defeitos nas pe\u00e7as de madeira; ?Correlacionar o teor de umidade com o tempo de processamento dos equipamentos. <strong>PER\u00cdODO: 2009 &#8211; 2009.<\/strong><\/li>\n<li>Coordenadora: \u00c9rika da Silva Ferreira.<\/li>\n<li>Integrantes: Michael Pinto Garcia.<\/li>\n<\/ul>\n","protected":false},"excerpt":{"rendered":"<p>Aproveitamento de res\u00edduos s\u00f3lidos de madeira para produ\u00e7\u00e3o de artefatos O desenvolvimento do projeto de extens\u00e3o se embasa na concep\u00e7\u00e3o de produtos por meio do aproveitamento dos res\u00edduos s\u00f3lidos de empresas que beneficiam madeira no munic\u00edpio de Pelotas sendo caracterizado pelo desenvolvimento de uma metodologia projetual diferenciada buscando os equipamentos mais adequados para se trabalhar [&hellip;]<\/p>\n","protected":false},"author":1058,"featured_media":0,"parent":35,"menu_order":0,"comment_status":"closed","ping_status":"closed","template":"","meta":{"footnotes":""},"class_list":["post-66","page","type-page","status-publish","hentry"],"_links":{"self":[{"href":"https:\/\/wp.ufpel.edu.br\/lapam\/wp-json\/wp\/v2\/pages\/66","targetHints":{"allow":["GET"]}}],"collection":[{"href":"https:\/\/wp.ufpel.edu.br\/lapam\/wp-json\/wp\/v2\/pages"}],"about":[{"href":"https:\/\/wp.ufpel.edu.br\/lapam\/wp-json\/wp\/v2\/types\/page"}],"author":[{"embeddable":true,"href":"https:\/\/wp.ufpel.edu.br\/lapam\/wp-json\/wp\/v2\/users\/1058"}],"replies":[{"embeddable":true,"href":"https:\/\/wp.ufpel.edu.br\/lapam\/wp-json\/wp\/v2\/comments?post=66"}],"version-history":[{"count":16,"href":"https:\/\/wp.ufpel.edu.br\/lapam\/wp-json\/wp\/v2\/pages\/66\/revisions"}],"predecessor-version":[{"id":824,"href":"https:\/\/wp.ufpel.edu.br\/lapam\/wp-json\/wp\/v2\/pages\/66\/revisions\/824"}],"up":[{"embeddable":true,"href":"https:\/\/wp.ufpel.edu.br\/lapam\/wp-json\/wp\/v2\/pages\/35"}],"wp:attachment":[{"href":"https:\/\/wp.ufpel.edu.br\/lapam\/wp-json\/wp\/v2\/media?parent=66"}],"curies":[{"name":"wp","href":"https:\/\/api.w.org\/{rel}","templated":true}]}}