{"id":294,"date":"2021-10-13T22:18:06","date_gmt":"2021-10-14T01:18:06","guid":{"rendered":"https:\/\/wp.ufpel.edu.br\/lapam\/?page_id=294"},"modified":"2021-10-13T22:35:40","modified_gmt":"2021-10-14T01:35:40","slug":"pac-e-pmr","status":"publish","type":"page","link":"https:\/\/wp.ufpel.edu.br\/lapam\/projetos\/ensino\/pac-e-pmr\/","title":{"rendered":"PAC e PMR"},"content":{"rendered":"<h2><a href=\"https:\/\/wp.ufpel.edu.br\/lapam\/projetos\/ensino\/pac-e-pmr\/produtos-de-adesao-e-colagem\/\">Produtos de Ades\u00e3o e Colagem (PAC)<\/a><\/h2>\n<h2><a href=\"https:\/\/wp.ufpel.edu.br\/lapam\/projetos\/ensino\/pac-e-pmr\/paineis-de-madeira-reconstituida\/\">Pain\u00e9is de Madeira Reconstitu\u00edda (PMR)<\/a><\/h2>\n<h2><a href=\"https:\/\/wp.ufpel.edu.br\/lapam\/projetos\/ensino\/pac-e-pmr\/desdobro-de-toras-em-serraria-movel\/\">Desdobro de Toras em Serraria M\u00f3vel (B\u00d4NUS)<\/a><\/h2>\n<p>&nbsp;<\/p>\n","protected":false},"excerpt":{"rendered":"<p>Produtos de Ades\u00e3o e Colagem (PAC) Pain\u00e9is de Madeira Reconstitu\u00edda (PMR) Desdobro de Toras em Serraria M\u00f3vel (B\u00d4NUS) &nbsp;<\/p>\n","protected":false},"author":1058,"featured_media":0,"parent":52,"menu_order":0,"comment_status":"closed","ping_status":"closed","template":"","meta":{"footnotes":""},"class_list":["post-294","page","type-page","status-publish","hentry"],"_links":{"self":[{"href":"https:\/\/wp.ufpel.edu.br\/lapam\/wp-json\/wp\/v2\/pages\/294","targetHints":{"allow":["GET"]}}],"collection":[{"href":"https:\/\/wp.ufpel.edu.br\/lapam\/wp-json\/wp\/v2\/pages"}],"about":[{"href":"https:\/\/wp.ufpel.edu.br\/lapam\/wp-json\/wp\/v2\/types\/page"}],"author":[{"embeddable":true,"href":"https:\/\/wp.ufpel.edu.br\/lapam\/wp-json\/wp\/v2\/users\/1058"}],"replies":[{"embeddable":true,"href":"https:\/\/wp.ufpel.edu.br\/lapam\/wp-json\/wp\/v2\/comments?post=294"}],"version-history":[{"count":7,"href":"https:\/\/wp.ufpel.edu.br\/lapam\/wp-json\/wp\/v2\/pages\/294\/revisions"}],"predecessor-version":[{"id":311,"href":"https:\/\/wp.ufpel.edu.br\/lapam\/wp-json\/wp\/v2\/pages\/294\/revisions\/311"}],"up":[{"embeddable":true,"href":"https:\/\/wp.ufpel.edu.br\/lapam\/wp-json\/wp\/v2\/pages\/52"}],"wp:attachment":[{"href":"https:\/\/wp.ufpel.edu.br\/lapam\/wp-json\/wp\/v2\/media?parent=294"}],"curies":[{"name":"wp","href":"https:\/\/api.w.org\/{rel}","templated":true}]}}