{"id":95,"date":"2010-11-21T21:37:13","date_gmt":"2010-11-22T00:37:13","guid":{"rendered":"https:\/\/wp.ufpel.edu.br\/laoufpel\/"},"modified":"2011-03-30T19:58:28","modified_gmt":"2011-03-30T22:58:28","slug":"2010-campanha-nacional-contra-o-cancer-de-pele","status":"publish","type":"page","link":"https:\/\/wp.ufpel.edu.br\/laoufpel\/extensao-lao-ufpel\/2010-campanha-nacional-contra-o-cancer-de-pele\/","title":{"rendered":"Campanha Nacional contra o C\u00e2ncer de Pele \u2013 2010"},"content":{"rendered":"<p>Foi realizada em 27\/11\/2010 a Campanha Nacional contra o C\u00e2ncer de Pele pela Sociedade Brasileira de Dermatologia com a participa\u00e7\u00e3o da Liga Acad\u00eamica de Oncologia.<\/p>\n<p>O Evento ocorreu das 9 as 16 horas. Em Pelotas, a Campanha ocorreu no Centro de Especialidades na Rua Volunt\u00e1rios da P\u00e1tria. Foram atendidos mais de 400 pacientes nesse per\u00edodo.<\/p>\n<p>Agradecemos a Dra. Maria Gertrudes por essa incr\u00edvel experi\u00eancia.<\/p>\n<p><a href=\"https:\/\/wp.ufpel.edu.br\/laoufpel\/files\/2010\/11\/DSC09980.jpg\"><img loading=\"lazy\" decoding=\"async\" class=\"alignnone size-medium wp-image-232\" src=\"https:\/\/wp.ufpel.edu.br\/laoufpel\/files\/2010\/11\/DSC09980-300x225.jpg\" alt=\"\" width=\"300\" height=\"225\" srcset=\"https:\/\/wp.ufpel.edu.br\/laoufpel\/files\/2010\/11\/DSC09980-300x225.jpg 300w, https:\/\/wp.ufpel.edu.br\/laoufpel\/files\/2010\/11\/DSC09980.jpg 640w\" sizes=\"auto, (max-width: 300px) 100vw, 300px\" \/><\/a><a href=\"https:\/\/wp.ufpel.edu.br\/laoufpel\/files\/2010\/11\/Foto0625.jpg\"><img loading=\"lazy\" decoding=\"async\" class=\"alignnone size-medium wp-image-233\" src=\"https:\/\/wp.ufpel.edu.br\/laoufpel\/files\/2010\/11\/Foto0625-300x225.jpg\" alt=\"\" width=\"300\" height=\"225\" srcset=\"https:\/\/wp.ufpel.edu.br\/laoufpel\/files\/2010\/11\/Foto0625-300x225.jpg 300w, https:\/\/wp.ufpel.edu.br\/laoufpel\/files\/2010\/11\/Foto0625-1024x768.jpg 1024w, https:\/\/wp.ufpel.edu.br\/laoufpel\/files\/2010\/11\/Foto0625.jpg 1600w\" sizes=\"auto, (max-width: 300px) 100vw, 300px\" \/><\/a><\/p>\n<p>Divulga\u00e7\u00e3o da Campanha na m\u00eddia:<\/p>\n<p><a href=\"http:\/\/radio-com.blogspot.com\/2010\/11\/campanha-nacional-de-prevencao-ao.html\">http:\/\/radio-com.blogspot.com\/2010\/11\/campanha-nacional-de-prevencao-ao.html<\/a><\/p>\n<p><a href=\"http:\/\/ccs.ufpel.edu.br\/wp\/2010\/11\/26\/ufpel-na-campanha-nacional-contra-o-cancer-de-pele-que-ocorre-neste-sabado27\/\">http:\/\/ccs.ufpel.edu.br\/wp\/2010\/11\/26\/ufpel-na-campanha-nacional-contra-o-cancer-de-pele-que-ocorre-neste-sabado27\/<\/a><\/p>\n<p><a href=\"https:\/\/wp.ufpel.edu.br\/laoufpel\/files\/2010\/11\/campanha-de-pele-001.jpg\"><img loading=\"lazy\" decoding=\"async\" class=\"aligncenter size-large wp-image-120\" src=\"https:\/\/wp.ufpel.edu.br\/laoufpel\/files\/2010\/11\/campanha-de-pele-001-744x1024.jpg\" alt=\"\" width=\"744\" height=\"1024\" srcset=\"https:\/\/wp.ufpel.edu.br\/laoufpel\/files\/2010\/11\/campanha-de-pele-001-744x1024.jpg 744w, https:\/\/wp.ufpel.edu.br\/laoufpel\/files\/2010\/11\/campanha-de-pele-001-218x300.jpg 218w, https:\/\/wp.ufpel.edu.br\/laoufpel\/files\/2010\/11\/campanha-de-pele-001.jpg 1700w\" sizes=\"auto, (max-width: 744px) 100vw, 744px\" \/><\/a><\/p>\n","protected":false},"excerpt":{"rendered":"<p>Foi realizada em 27\/11\/2010 a Campanha Nacional contra o C\u00e2ncer de Pele pela Sociedade Brasileira de Dermatologia com a participa\u00e7\u00e3o da Liga Acad\u00eamica de Oncologia. O Evento ocorreu das 9 as 16 horas. Em Pelotas, a Campanha ocorreu no Centro &hellip; <a href=\"https:\/\/wp.ufpel.edu.br\/laoufpel\/extensao-lao-ufpel\/2010-campanha-nacional-contra-o-cancer-de-pele\/\">Continue lendo <span class=\"meta-nav\">&rarr;<\/span><\/a><\/p>\n","protected":false},"author":80,"featured_media":0,"parent":43,"menu_order":3,"comment_status":"closed","ping_status":"closed","template":"","meta":{"footnotes":""},"class_list":["post-95","page","type-page","status-publish","hentry"],"_links":{"self":[{"href":"https:\/\/wp.ufpel.edu.br\/laoufpel\/wp-json\/wp\/v2\/pages\/95","targetHints":{"allow":["GET"]}}],"collection":[{"href":"https:\/\/wp.ufpel.edu.br\/laoufpel\/wp-json\/wp\/v2\/pages"}],"about":[{"href":"https:\/\/wp.ufpel.edu.br\/laoufpel\/wp-json\/wp\/v2\/types\/page"}],"author":[{"embeddable":true,"href":"https:\/\/wp.ufpel.edu.br\/laoufpel\/wp-json\/wp\/v2\/users\/80"}],"replies":[{"embeddable":true,"href":"https:\/\/wp.ufpel.edu.br\/laoufpel\/wp-json\/wp\/v2\/comments?post=95"}],"version-history":[{"count":11,"href":"https:\/\/wp.ufpel.edu.br\/laoufpel\/wp-json\/wp\/v2\/pages\/95\/revisions"}],"predecessor-version":[{"id":235,"href":"https:\/\/wp.ufpel.edu.br\/laoufpel\/wp-json\/wp\/v2\/pages\/95\/revisions\/235"}],"up":[{"embeddable":true,"href":"https:\/\/wp.ufpel.edu.br\/laoufpel\/wp-json\/wp\/v2\/pages\/43"}],"wp:attachment":[{"href":"https:\/\/wp.ufpel.edu.br\/laoufpel\/wp-json\/wp\/v2\/media?parent=95"}],"curies":[{"name":"wp","href":"https:\/\/api.w.org\/{rel}","templated":true}]}}

Campanha Nacional contra o Câncer de Pele – 2010

<p>Foi realizada em 27/11/2010 a Campanha Nacional contra o Câncer de Pele pela Sociedade Brasileira de Dermatologia com a participação da Liga Acadêmica de Oncologia.</p>
<p>O Evento ocorreu das 9 as 16 horas. Em Pelotas, a Campanha ocorreu no Centro de Especialidades na Rua Voluntários da Pátria. Foram atendidos mais de 400 pacientes nesse período.</p>
<p>Agradecemos a Dra. Maria Gertrudes por essa incrível experiência.</p>
<p><a href="https://wp.ufpel.edu.br/laoufpel/files/2010/11/DSC09980.jpg"><img loading="lazy" decoding="async" class="alignnone size-medium wp-image-232" src="https://wp.ufpel.edu.br/laoufpel/files/2010/11/DSC09980-300x225.jpg" alt="" width="300" height="225" srcset="https://wp.ufpel.edu.br/laoufpel/files/2010/11/DSC09980-300x225.jpg 300w, https://wp.ufpel.edu.br/laoufpel/files/2010/11/DSC09980.jpg 640w" sizes="auto, (max-width: 300px) 100vw, 300px" /></a><a href="https://wp.ufpel.edu.br/laoufpel/files/2010/11/Foto0625.jpg"><img loading="lazy" decoding="async" class="alignnone size-medium wp-image-233" src="https://wp.ufpel.edu.br/laoufpel/files/2010/11/Foto0625-300x225.jpg" alt="" width="300" height="225" srcset="https://wp.ufpel.edu.br/laoufpel/files/2010/11/Foto0625-300x225.jpg 300w, https://wp.ufpel.edu.br/laoufpel/files/2010/11/Foto0625-1024x768.jpg 1024w, https://wp.ufpel.edu.br/laoufpel/files/2010/11/Foto0625.jpg 1600w" sizes="auto, (max-width: 300px) 100vw, 300px" /></a></p>
<p>Divulgação da Campanha na mídia:</p>
<p><a href="http://radio-com.blogspot.com/2010/11/campanha-nacional-de-prevencao-ao.html">http://radio-com.blogspot.com/2010/11/campanha-nacional-de-prevencao-ao.html</a></p>
<p><a href="http://ccs.ufpel.edu.br/wp/2010/11/26/ufpel-na-campanha-nacional-contra-o-cancer-de-pele-que-ocorre-neste-sabado27/">http://ccs.ufpel.edu.br/wp/2010/11/26/ufpel-na-campanha-nacional-contra-o-cancer-de-pele-que-ocorre-neste-sabado27/</a></p>
<p><a href="https://wp.ufpel.edu.br/laoufpel/files/2010/11/campanha-de-pele-001.jpg"><img loading="lazy" decoding="async" class="aligncenter size-large wp-image-120" src="https://wp.ufpel.edu.br/laoufpel/files/2010/11/campanha-de-pele-001-744x1024.jpg" alt="" width="744" height="1024" srcset="https://wp.ufpel.edu.br/laoufpel/files/2010/11/campanha-de-pele-001-744x1024.jpg 744w, https://wp.ufpel.edu.br/laoufpel/files/2010/11/campanha-de-pele-001-218x300.jpg 218w, https://wp.ufpel.edu.br/laoufpel/files/2010/11/campanha-de-pele-001.jpg 1700w" sizes="auto, (max-width: 744px) 100vw, 744px" /></a></p>

<p>Foi realizada em 27/11/2010 a Campanha Nacional contra o Câncer de Pele pela Sociedade Brasileira de Dermatologia com a participação da Liga Acadêmica de Oncologia. O Evento ocorreu das 9 as 16 horas. Em Pelotas, a Campanha ocorreu no Centro &hellip; <a href="https://wp.ufpel.edu.br/laoufpel/extensao-lao-ufpel/2010-campanha-nacional-contra-o-cancer-de-pele/">Continue lendo <span class="meta-nav">&rarr;</span></a></p>
