{"id":73,"date":"2010-11-03T16:21:27","date_gmt":"2010-11-03T19:21:27","guid":{"rendered":"https:\/\/wp.ufpel.edu.br\/laoufpel\/"},"modified":"2011-03-15T22:20:53","modified_gmt":"2011-03-16T01:20:53","slug":"ronda-da-cidadania-2009","status":"publish","type":"page","link":"https:\/\/wp.ufpel.edu.br\/laoufpel\/extensao-lao-ufpel\/ronda-da-cidadania-2009\/","title":{"rendered":"Ronda da Cidadania &#8211; 2009"},"content":{"rendered":"<p>O Projeto Ronda da Cidadania, coordenado pelo Poder Judici\u00e1rio do Rio Grande do Sul\/Comarca de Pelotas e pela UFPel, e tendo como parceiros a Pr\u00f3-Reitoria de Extens\u00e3o e Cultura e o Banco do Brasil, foi realizado no dia 07 de novembro de 2009 no Campus Porto da UFPel. A LAO foi convidada a participar do projeto, para desempenhar \u00a0um papel de conscentizadora acerca dos fatores de riscos\u00a0do c\u00e2ncer de pele e pulm\u00e3o. Devido a forma criativa com que os membros abordaram a quest\u00e3o, a LAO foi entrevistada pela TV- Nativa de Pelotas.<\/p>\n<p><a href=\"https:\/\/wp.ufpel.edu.br\/laoufpel\/files\/2010\/11\/Viajem-Gramado-034.jpg\"><img loading=\"lazy\" decoding=\"async\" class=\"alignnone size-medium wp-image-74\" src=\"https:\/\/wp.ufpel.edu.br\/laoufpel\/files\/2010\/11\/Viajem-Gramado-034-225x300.jpg\" alt=\"\" width=\"225\" height=\"300\" srcset=\"https:\/\/wp.ufpel.edu.br\/laoufpel\/files\/2010\/11\/Viajem-Gramado-034-225x300.jpg 225w, https:\/\/wp.ufpel.edu.br\/laoufpel\/files\/2010\/11\/Viajem-Gramado-034-768x1024.jpg 768w\" sizes=\"auto, (max-width: 225px) 100vw, 225px\" \/><\/a><img loading=\"lazy\" decoding=\"async\" class=\"size-medium wp-image-76 alignnone\" src=\"https:\/\/wp.ufpel.edu.br\/laoufpel\/files\/2010\/11\/Viajem-Gramado-040-300x225.jpg\" alt=\"\" width=\"300\" height=\"225\" srcset=\"https:\/\/wp.ufpel.edu.br\/laoufpel\/files\/2010\/11\/Viajem-Gramado-040-300x225.jpg 300w, https:\/\/wp.ufpel.edu.br\/laoufpel\/files\/2010\/11\/Viajem-Gramado-040-1024x768.jpg 1024w\" sizes=\"auto, (max-width: 300px) 100vw, 300px\" \/><a href=\"https:\/\/wp.ufpel.edu.br\/laoufpel\/files\/2010\/11\/Viajem-Gramado-036.jpg\"><img loading=\"lazy\" decoding=\"async\" class=\"alignnone size-medium wp-image-77\" src=\"https:\/\/wp.ufpel.edu.br\/laoufpel\/files\/2010\/11\/Viajem-Gramado-036-300x225.jpg\" alt=\"\" width=\"300\" height=\"225\" srcset=\"https:\/\/wp.ufpel.edu.br\/laoufpel\/files\/2010\/11\/Viajem-Gramado-036-300x225.jpg 300w, https:\/\/wp.ufpel.edu.br\/laoufpel\/files\/2010\/11\/Viajem-Gramado-036-1024x768.jpg 1024w\" sizes=\"auto, (max-width: 300px) 100vw, 300px\" \/><\/a><\/p>\n","protected":false},"excerpt":{"rendered":"<p>O Projeto Ronda da Cidadania, coordenado pelo Poder Judici\u00e1rio do Rio Grande do Sul\/Comarca de Pelotas e pela UFPel, e tendo como parceiros a Pr\u00f3-Reitoria de Extens\u00e3o e Cultura e o Banco do Brasil, foi realizado no dia 07 de &hellip; <a href=\"https:\/\/wp.ufpel.edu.br\/laoufpel\/extensao-lao-ufpel\/ronda-da-cidadania-2009\/\">Continue lendo <span class=\"meta-nav\">&rarr;<\/span><\/a><\/p>\n","protected":false},"author":80,"featured_media":0,"parent":43,"menu_order":5,"comment_status":"closed","ping_status":"open","template":"","meta":{"footnotes":""},"class_list":["post-73","page","type-page","status-publish","hentry"],"_links":{"self":[{"href":"https:\/\/wp.ufpel.edu.br\/laoufpel\/wp-json\/wp\/v2\/pages\/73","targetHints":{"allow":["GET"]}}],"collection":[{"href":"https:\/\/wp.ufpel.edu.br\/laoufpel\/wp-json\/wp\/v2\/pages"}],"about":[{"href":"https:\/\/wp.ufpel.edu.br\/laoufpel\/wp-json\/wp\/v2\/types\/page"}],"author":[{"embeddable":true,"href":"https:\/\/wp.ufpel.edu.br\/laoufpel\/wp-json\/wp\/v2\/users\/80"}],"replies":[{"embeddable":true,"href":"https:\/\/wp.ufpel.edu.br\/laoufpel\/wp-json\/wp\/v2\/comments?post=73"}],"version-history":[{"count":5,"href":"https:\/\/wp.ufpel.edu.br\/laoufpel\/wp-json\/wp\/v2\/pages\/73\/revisions"}],"predecessor-version":[{"id":183,"href":"https:\/\/wp.ufpel.edu.br\/laoufpel\/wp-json\/wp\/v2\/pages\/73\/revisions\/183"}],"up":[{"embeddable":true,"href":"https:\/\/wp.ufpel.edu.br\/laoufpel\/wp-json\/wp\/v2\/pages\/43"}],"wp:attachment":[{"href":"https:\/\/wp.ufpel.edu.br\/laoufpel\/wp-json\/wp\/v2\/media?parent=73"}],"curies":[{"name":"wp","href":"https:\/\/api.w.org\/{rel}","templated":true}]}}

<p>O Projeto Ronda da Cidadania, coordenado pelo Poder Judiciário do Rio Grande do Sul/Comarca de Pelotas e pela UFPel, e tendo como parceiros a Pró-Reitoria de Extensão e Cultura e o Banco do Brasil, foi realizado no dia 07 de novembro de 2009 no Campus Porto da UFPel. A LAO foi convidada a participar do projeto, para desempenhar  um papel de conscentizadora acerca dos fatores de riscos do câncer de pele e pulmão. Devido a forma criativa com que os membros abordaram a questão, a LAO foi entrevistada pela TV- Nativa de Pelotas.</p>
<p><a href="https://wp.ufpel.edu.br/laoufpel/files/2010/11/Viajem-Gramado-034.jpg"><img loading="lazy" decoding="async" class="alignnone size-medium wp-image-74" src="https://wp.ufpel.edu.br/laoufpel/files/2010/11/Viajem-Gramado-034-225x300.jpg" alt="" width="225" height="300" srcset="https://wp.ufpel.edu.br/laoufpel/files/2010/11/Viajem-Gramado-034-225x300.jpg 225w, https://wp.ufpel.edu.br/laoufpel/files/2010/11/Viajem-Gramado-034-768x1024.jpg 768w" sizes="auto, (max-width: 225px) 100vw, 225px" /></a><img loading="lazy" decoding="async" class="size-medium wp-image-76 alignnone" src="https://wp.ufpel.edu.br/laoufpel/files/2010/11/Viajem-Gramado-040-300x225.jpg" alt="" width="300" height="225" srcset="https://wp.ufpel.edu.br/laoufpel/files/2010/11/Viajem-Gramado-040-300x225.jpg 300w, https://wp.ufpel.edu.br/laoufpel/files/2010/11/Viajem-Gramado-040-1024x768.jpg 1024w" sizes="auto, (max-width: 300px) 100vw, 300px" /><a href="https://wp.ufpel.edu.br/laoufpel/files/2010/11/Viajem-Gramado-036.jpg"><img loading="lazy" decoding="async" class="alignnone size-medium wp-image-77" src="https://wp.ufpel.edu.br/laoufpel/files/2010/11/Viajem-Gramado-036-300x225.jpg" alt="" width="300" height="225" srcset="https://wp.ufpel.edu.br/laoufpel/files/2010/11/Viajem-Gramado-036-300x225.jpg 300w, https://wp.ufpel.edu.br/laoufpel/files/2010/11/Viajem-Gramado-036-1024x768.jpg 1024w" sizes="auto, (max-width: 300px) 100vw, 300px" /></a></p>

<p>O Projeto Ronda da Cidadania, coordenado pelo Poder Judiciário do Rio Grande do Sul/Comarca de Pelotas e pela UFPel, e tendo como parceiros a Pró-Reitoria de Extensão e Cultura e o Banco do Brasil, foi realizado no dia 07 de &hellip; <a href="https://wp.ufpel.edu.br/laoufpel/extensao-lao-ufpel/ronda-da-cidadania-2009/">Continue lendo <span class="meta-nav">&rarr;</span></a></p>
