{"id":63,"date":"2010-11-03T15:36:09","date_gmt":"2010-11-03T18:36:09","guid":{"rendered":"https:\/\/wp.ufpel.edu.br\/laoufpel\/"},"modified":"2011-04-11T21:37:18","modified_gmt":"2011-04-12T00:37:18","slug":"membros-2010","status":"publish","type":"page","link":"https:\/\/wp.ufpel.edu.br\/laoufpel\/membros\/membros-2010\/","title":{"rendered":"Membros 2010"},"content":{"rendered":"<p><span style=\"color: #000000\"><strong>S\u00e3o membros efetivos da LAO no ano de 2010 sob a Coordena\u00e7\u00e3o da Dra. S\u00edlvia Saueressig:<\/strong><\/span><\/p>\n<ol>\n<li><span style=\"line-height: normal;font-size: small\">Carolina   Ferreira Gomes &#8211; <strong>(Presidente)<\/strong> &#8211; 6\u00ba semestre<\/span><\/li>\n<li><span style=\"line-height: normal;font-size: small\">Caroline Krein &#8211; <strong>(Diretora de Divulga\u00e7\u00e3o)<\/strong> &#8211; 5\u00ba semestre<\/span><\/li>\n<li><span style=\"line-height: normal;font-size: small\">Cristiano Augusto Batista &#8211; 7\u00ba semestre<\/span><\/li>\n<li><span style=\"line-height: normal;font-size: small\">Debora Figueiro Aldabe &#8211; 7\u00ba semestre<\/span><\/li>\n<li><span style=\"line-height: normal;font-size: small\">Fabiane   Brados Farias &#8211; 7\u00ba semestre<\/span><\/li>\n<li><span style=\"line-height: normal;font-size: small\">Fernanda Soncini Pasetto &#8211; 5\u00ba semestre<\/span><\/li>\n<li><span style=\"line-height: normal;font-size: small\">Fernanda Ziegler Bennemann &#8211; 4\u00ba semestre<\/span><\/li>\n<li><span style=\"line-height: normal;font-size: small\">Gabriele Budke Tiecher &#8211; 5\u00ba semestre<\/span><\/li>\n<li><span style=\"line-height: normal;font-size: small\">Juliane da Silva Nemitz &#8211;<strong>(Diretora de Extens\u00e3o)<\/strong> &#8211; 6\u00basemestre<\/span><\/li>\n<li><span style=\"line-height: normal;font-size: small\">Kamile   De Souza Maciel &#8211; 7\u00ba semestre<\/span><\/li>\n<li><span style=\"line-height: normal;font-size: small\">Karoline Mallmann &#8211; 5\u00ba semestre<\/span><\/li>\n<li><span style=\"line-height: normal;font-size: small\">Katsuki Arima Tiscoski &#8211; 7\u00ba semestre<\/span><\/li>\n<li><span style=\"line-height: normal;font-size: small\">Luciana   Bergamini Blaya &#8211; 7\u00ba semestre<\/span><\/li>\n<li><span style=\"line-height: normal;font-size: small\">Luisiane Krzizanski Domingues &#8211; 6\u00ba semestre<\/span><\/li>\n<li><span style=\"line-height: normal;font-size: small\">Matheus Golenia dos Passos &#8211; 7\u00ba semestre<\/span><\/li>\n<li><span style=\"line-height: normal;font-size: small\">Michele Krug &#8211; <strong>(Diretora de Pesquisa)<\/strong> &#8211; 4\u00ba semestre<\/span><\/li>\n<li><span style=\"line-height: normal;font-size: small\">Nat\u00e1lia Pieroni &#8211; 7\u00ba semestre<\/span><\/li>\n<li><span style=\"line-height: normal;font-size: small\">Renata   Gottinari &#8211; <strong>(Tesoureira)<\/strong> &#8211; 6\u00ba semestre<\/span><\/li>\n<li><span style=\"line-height: normal;font-size: small\">Sandra Mara Caetano Moraes &#8211; 7\u00ba semestre<\/span><\/li>\n<li><span style=\"line-height: normal;font-size: small\">Taiara   Galvan Debiasi &#8211; 7\u00ba semestre<\/span><\/li>\n<li><span style=\"line-height: normal;font-size: small\">Tatiane Morgana da Silva &#8211; <strong>(Vice-Presidente)<\/strong> &#8211; 3\u00ba semestre<\/span><\/li>\n<li><span style=\"line-height: normal;font-size: small\">Tha\u00edza T. Lessa &#8211; <strong>(Secret\u00e1ria)<\/strong> &#8211; 2\u00ba semestre<\/span><\/li>\n<li><span style=\"line-height: normal;font-size: small\">T\u00falio   Victor de Rezende &#8211; 7\u00ba semestre<\/span><\/li>\n<li><span style=\"line-height: normal;font-size: small\">Vania Silva Lugo &#8211; 4\u00ba semestre<\/span><\/li>\n<\/ol>\n","protected":false},"excerpt":{"rendered":"<p>S\u00e3o membros efetivos da LAO no ano de 2010 sob a Coordena\u00e7\u00e3o da Dra. S\u00edlvia Saueressig: Carolina Ferreira Gomes &#8211; (Presidente) &#8211; 6\u00ba semestre Caroline Krein &#8211; (Diretora de Divulga\u00e7\u00e3o) &#8211; 5\u00ba semestre Cristiano Augusto Batista &#8211; 7\u00ba semestre Debora &hellip; <a href=\"https:\/\/wp.ufpel.edu.br\/laoufpel\/membros\/membros-2010\/\">Continue lendo <span class=\"meta-nav\">&rarr;<\/span><\/a><\/p>\n","protected":false},"author":80,"featured_media":0,"parent":255,"menu_order":1,"comment_status":"closed","ping_status":"closed","template":"","meta":{"footnotes":""},"class_list":["post-63","page","type-page","status-publish","hentry"],"_links":{"self":[{"href":"https:\/\/wp.ufpel.edu.br\/laoufpel\/wp-json\/wp\/v2\/pages\/63","targetHints":{"allow":["GET"]}}],"collection":[{"href":"https:\/\/wp.ufpel.edu.br\/laoufpel\/wp-json\/wp\/v2\/pages"}],"about":[{"href":"https:\/\/wp.ufpel.edu.br\/laoufpel\/wp-json\/wp\/v2\/types\/page"}],"author":[{"embeddable":true,"href":"https:\/\/wp.ufpel.edu.br\/laoufpel\/wp-json\/wp\/v2\/users\/80"}],"replies":[{"embeddable":true,"href":"https:\/\/wp.ufpel.edu.br\/laoufpel\/wp-json\/wp\/v2\/comments?post=63"}],"version-history":[{"count":7,"href":"https:\/\/wp.ufpel.edu.br\/laoufpel\/wp-json\/wp\/v2\/pages\/63\/revisions"}],"predecessor-version":[{"id":66,"href":"https:\/\/wp.ufpel.edu.br\/laoufpel\/wp-json\/wp\/v2\/pages\/63\/revisions\/66"}],"up":[{"embeddable":true,"href":"https:\/\/wp.ufpel.edu.br\/laoufpel\/wp-json\/wp\/v2\/pages\/255"}],"wp:attachment":[{"href":"https:\/\/wp.ufpel.edu.br\/laoufpel\/wp-json\/wp\/v2\/media?parent=63"}],"curies":[{"name":"wp","href":"https:\/\/api.w.org\/{rel}","templated":true}]}}

<p><span style="color: #000000"><strong>São membros efetivos da LAO no ano de 2010 sob a Coordenação da Dra. Sílvia Saueressig:</strong></span></p>
<ol>
<li><span style="line-height: normal;font-size: small">Carolina   Ferreira Gomes &#8211; <strong>(Presidente)</strong> &#8211; 6º semestre</span></li>
<li><span style="line-height: normal;font-size: small">Caroline Krein &#8211; <strong>(Diretora de Divulgação)</strong> &#8211; 5º semestre</span></li>
<li><span style="line-height: normal;font-size: small">Cristiano Augusto Batista &#8211; 7º semestre</span></li>
<li><span style="line-height: normal;font-size: small">Debora Figueiro Aldabe &#8211; 7º semestre</span></li>
<li><span style="line-height: normal;font-size: small">Fabiane   Brados Farias &#8211; 7º semestre</span></li>
<li><span style="line-height: normal;font-size: small">Fernanda Soncini Pasetto &#8211; 5º semestre</span></li>
<li><span style="line-height: normal;font-size: small">Fernanda Ziegler Bennemann &#8211; 4º semestre</span></li>
<li><span style="line-height: normal;font-size: small">Gabriele Budke Tiecher &#8211; 5º semestre</span></li>
<li><span style="line-height: normal;font-size: small">Juliane da Silva Nemitz &#8211;<strong>(Diretora de Extensão)</strong> &#8211; 6ºsemestre</span></li>
<li><span style="line-height: normal;font-size: small">Kamile   De Souza Maciel &#8211; 7º semestre</span></li>
<li><span style="line-height: normal;font-size: small">Karoline Mallmann &#8211; 5º semestre</span></li>
<li><span style="line-height: normal;font-size: small">Katsuki Arima Tiscoski &#8211; 7º semestre</span></li>
<li><span style="line-height: normal;font-size: small">Luciana   Bergamini Blaya &#8211; 7º semestre</span></li>
<li><span style="line-height: normal;font-size: small">Luisiane Krzizanski Domingues &#8211; 6º semestre</span></li>
<li><span style="line-height: normal;font-size: small">Matheus Golenia dos Passos &#8211; 7º semestre</span></li>
<li><span style="line-height: normal;font-size: small">Michele Krug &#8211; <strong>(Diretora de Pesquisa)</strong> &#8211; 4º semestre</span></li>
<li><span style="line-height: normal;font-size: small">Natália Pieroni &#8211; 7º semestre</span></li>
<li><span style="line-height: normal;font-size: small">Renata   Gottinari &#8211; <strong>(Tesoureira)</strong> &#8211; 6º semestre</span></li>
<li><span style="line-height: normal;font-size: small">Sandra Mara Caetano Moraes &#8211; 7º semestre</span></li>
<li><span style="line-height: normal;font-size: small">Taiara   Galvan Debiasi &#8211; 7º semestre</span></li>
<li><span style="line-height: normal;font-size: small">Tatiane Morgana da Silva &#8211; <strong>(Vice-Presidente)</strong> &#8211; 3º semestre</span></li>
<li><span style="line-height: normal;font-size: small">Thaíza T. Lessa &#8211; <strong>(Secretária)</strong> &#8211; 2º semestre</span></li>
<li><span style="line-height: normal;font-size: small">Túlio   Victor de Rezende &#8211; 7º semestre</span></li>
<li><span style="line-height: normal;font-size: small">Vania Silva Lugo &#8211; 4º semestre</span></li>
</ol>

<p>São membros efetivos da LAO no ano de 2010 sob a Coordenação da Dra. Sílvia Saueressig: Carolina Ferreira Gomes &#8211; (Presidente) &#8211; 6º semestre Caroline Krein &#8211; (Diretora de Divulgação) &#8211; 5º semestre Cristiano Augusto Batista &#8211; 7º semestre Debora &hellip; <a href="https://wp.ufpel.edu.br/laoufpel/membros/membros-2010/">Continue lendo <span class="meta-nav">&rarr;</span></a></p>
