{"id":49,"date":"2010-11-03T15:26:44","date_gmt":"2010-11-03T18:26:44","guid":{"rendered":"https:\/\/wp.ufpel.edu.br\/laoufpel\/"},"modified":"2010-11-03T15:31:29","modified_gmt":"2010-11-03T18:31:29","slug":"sobre-a-lao-ufpel","status":"publish","type":"page","link":"https:\/\/wp.ufpel.edu.br\/laoufpel\/sobre-a-lao-ufpel\/","title":{"rendered":"Sobre"},"content":{"rendered":"<p>As neoplasias malignas atraem a aten\u00e7\u00e3o por sua alta preval\u00eancia, por consumir em grande volume de recursos financeiros, por representarem um grande \u00f4nus social e institucional, e por sua crescente relev\u00e2ncia como causa de morte no Brasil. Assim, considera-se o c\u00e2ncer como um importante problema de sa\u00fade p\u00fablica, que pode ter suas implica\u00e7\u00f5es reduzidas, por meio de a\u00e7\u00f5es que possibilitem o diagn\u00f3stico precoce e a preven\u00e7\u00e3o, compreendendo promo\u00e7\u00e3o \u00e0 sa\u00fade e interven\u00e7\u00e3o dos fatores de risco.<\/p>\n<p>Tendo em vista a magnitude do c\u00e2ncer em uma popula\u00e7\u00e3o esta relacionada \u00a0a qualidade de assist\u00eancia a ela prestada e a qualidade da informa\u00e7\u00e3o dispon\u00edvel a ela, a Liga Acad\u00eamica de Oncologia da Universidade Federal de Pelotas \u2013 LAO-UFPel, de forma s\u00e9ria e consciente, mobilizar\u00e1 esfor\u00e7os e proporcionar\u00e1 eventos que interfiram na hist\u00f3ria natural do c\u00e2ncer, o qual n\u00e3o se deve ser encarado como um tabu, mas sim como uma realidade pass\u00edvel de interven\u00e7\u00e3o.<\/p>\n<p>Tentando aprimorar a rela\u00e7\u00e3o com os pacientes oncol\u00f3gicos assim como o conhecimento cientifico dos acad\u00eamicos, futuros profissionais da sa\u00fade, a LAO-UFPel cr\u00ea que estar\u00e1 contribuindo para a modifica\u00e7\u00e3o da atual realidade do c\u00e2ncer.<\/p>\n","protected":false},"excerpt":{"rendered":"<p>As neoplasias malignas atraem a aten\u00e7\u00e3o por sua alta preval\u00eancia, por consumir em grande volume de recursos financeiros, por representarem um grande \u00f4nus social e institucional, e por sua crescente relev\u00e2ncia como causa de morte no Brasil. Assim, considera-se o &hellip; <a href=\"https:\/\/wp.ufpel.edu.br\/laoufpel\/sobre-a-lao-ufpel\/\">Continue lendo <span class=\"meta-nav\">&rarr;<\/span><\/a><\/p>\n","protected":false},"author":80,"featured_media":0,"parent":0,"menu_order":2,"comment_status":"closed","ping_status":"closed","template":"","meta":{"footnotes":""},"class_list":["post-49","page","type-page","status-publish","hentry"],"_links":{"self":[{"href":"https:\/\/wp.ufpel.edu.br\/laoufpel\/wp-json\/wp\/v2\/pages\/49","targetHints":{"allow":["GET"]}}],"collection":[{"href":"https:\/\/wp.ufpel.edu.br\/laoufpel\/wp-json\/wp\/v2\/pages"}],"about":[{"href":"https:\/\/wp.ufpel.edu.br\/laoufpel\/wp-json\/wp\/v2\/types\/page"}],"author":[{"embeddable":true,"href":"https:\/\/wp.ufpel.edu.br\/laoufpel\/wp-json\/wp\/v2\/users\/80"}],"replies":[{"embeddable":true,"href":"https:\/\/wp.ufpel.edu.br\/laoufpel\/wp-json\/wp\/v2\/comments?post=49"}],"version-history":[{"count":4,"href":"https:\/\/wp.ufpel.edu.br\/laoufpel\/wp-json\/wp\/v2\/pages\/49\/revisions"}],"predecessor-version":[{"id":200,"href":"https:\/\/wp.ufpel.edu.br\/laoufpel\/wp-json\/wp\/v2\/pages\/49\/revisions\/200"}],"wp:attachment":[{"href":"https:\/\/wp.ufpel.edu.br\/laoufpel\/wp-json\/wp\/v2\/media?parent=49"}],"curies":[{"name":"wp","href":"https:\/\/api.w.org\/{rel}","templated":true}]}}

<p>As neoplasias malignas atraem a atenção por sua alta prevalência, por consumir em grande volume de recursos financeiros, por representarem um grande ônus social e institucional, e por sua crescente relevância como causa de morte no Brasil. Assim, considera-se o câncer como um importante problema de saúde pública, que pode ter suas implicações reduzidas, por meio de ações que possibilitem o diagnóstico precoce e a prevenção, compreendendo promoção à saúde e intervenção dos fatores de risco.</p>
<p>Tendo em vista a magnitude do câncer em uma população esta relacionada  a qualidade de assistência a ela prestada e a qualidade da informação disponível a ela, a Liga Acadêmica de Oncologia da Universidade Federal de Pelotas – LAO-UFPel, de forma séria e consciente, mobilizará esforços e proporcionará eventos que interfiram na história natural do câncer, o qual não se deve ser encarado como um tabu, mas sim como uma realidade passível de intervenção.</p>
<p>Tentando aprimorar a relação com os pacientes oncológicos assim como o conhecimento cientifico dos acadêmicos, futuros profissionais da saúde, a LAO-UFPel crê que estará contribuindo para a modificação da atual realidade do câncer.</p>

<p>As neoplasias malignas atraem a atenção por sua alta prevalência, por consumir em grande volume de recursos financeiros, por representarem um grande ônus social e institucional, e por sua crescente relevância como causa de morte no Brasil. Assim, considera-se o &hellip; <a href="https://wp.ufpel.edu.br/laoufpel/sobre-a-lao-ufpel/">Continue lendo <span class="meta-nav">&rarr;</span></a></p>
