{"id":253,"date":"2011-04-11T21:35:57","date_gmt":"2011-04-12T00:35:57","guid":{"rendered":"https:\/\/wp.ufpel.edu.br\/laoufpel\/"},"modified":"2011-04-11T21:37:38","modified_gmt":"2011-04-12T00:37:38","slug":"membros-2011","status":"publish","type":"page","link":"https:\/\/wp.ufpel.edu.br\/laoufpel\/membros\/membros-2011\/","title":{"rendered":"Membros 2011"},"content":{"rendered":"<div>S\u00e3o membros da LAO-UFPel no ano de 2011, sob orienta\u00e7\u00e3o da Dra Silvia Saueressig:<\/div>\n<div>\n<ol>\n<li><span style=\"line-height: 19px\">Ana Carolina Carraro<\/span><\/li>\n<li><span style=\"line-height: 19px\">Aniele Reis Vahl<\/span><\/li>\n<li><span style=\"line-height: 19px\">Bernardo Vaz Alves<\/span><\/li>\n<li><span style=\"line-height: 19px\">Bibiana Mello de Oliveira<\/span><\/li>\n<li><span style=\"line-height: 19px\">Bruna Navarrete<\/span><\/li>\n<li><span style=\"line-height: 19px\">Caio F. De Souza<\/span><\/li>\n<li><span style=\"line-height: 19px\">Carlos J\u00fanior Felchilcher<\/span><\/li>\n<li><span style=\"line-height: 19px\">Carolina Ferreira Gomes <em><strong>(Presidente)<\/strong><\/em><\/span><\/li>\n<li><span style=\"line-height: 19px\">Caroline Krein <em><strong>(Diretora de Divulga\u00e7\u00e3o)<\/strong><\/em><\/span><\/li>\n<li><span style=\"line-height: 19px\">Caroline Peneiras Miranda<\/span><\/li>\n<li><span style=\"line-height: 19px\">Cl\u00e1udia Sayuri Suzuqui<\/span><\/li>\n<li><span style=\"line-height: 19px\">Debora Figueiro Aldabe<\/span><\/li>\n<li><span style=\"line-height: 19px\">Diego de Souza <em><strong>(Diretor de Pesquisa)<\/strong><\/em><\/span><\/li>\n<li><span style=\"line-height: 19px\">Ezequiel Rocha Mattos<\/span><\/li>\n<li><span style=\"line-height: 19px\">Fernanda Serr\u00e3o Margotto<\/span><\/li>\n<li><span style=\"line-height: 19px\">Fernanda Soncini Pasetto<\/span><\/li>\n<li><span style=\"line-height: 19px\">Fernanda Ziegler Bennemann<\/span><\/li>\n<li><span style=\"line-height: 19px\">Gabriele Budke Tiecher<\/span><\/li>\n<li><span style=\"line-height: 19px\">Gustavo de Mac\u00eado<\/span><\/li>\n<li><span style=\"line-height: 19px\">Juliana Russo Simon <strong><em>(Diretora de Extens\u00e3o)<\/em><\/strong><\/span><\/li>\n<li><span style=\"line-height: 19px\">Juliane da Silva Nemitz <em><strong>(Diretora de Extens\u00e3o)<\/strong><\/em><\/span><\/li>\n<li><span style=\"line-height: 19px\">Karoline Mallmann<\/span><\/li>\n<li><span style=\"line-height: 19px\">Luisiane Krzizanski Domingues<\/span><\/li>\n<li><span style=\"line-height: 19px\">Michelle Krug <strong><em>(Diretora de Pesquisa)<\/em><\/strong><\/span><\/li>\n<li><span style=\"line-height: 19px\">Renata Gottinari <strong><em>(Tesoureira)<\/em><\/strong><\/span><\/li>\n<li><span style=\"line-height: 19px\">Sandra Mara Caetano Moraes <\/span><\/li>\n<li><span style=\"line-height: 19px\">Suelyn Portalupi Ramos<\/span><\/li>\n<li><span style=\"line-height: 19px\">Tatiane Morgana da Silva <\/span><span style=\"line-height: 19px\"><strong><em>(Vice-presidente)<\/em><\/strong><\/span><\/li>\n<li><span style=\"line-height: 19px\">Tha\u00edza Tavares Lessa <em><strong>(Secret\u00e1ria)<\/strong><\/em><\/span><\/li>\n<li><span style=\"line-height: 19px\">Vanessa Santos Cerqueira<\/span><\/li>\n<\/ol>\n<\/div>\n","protected":false},"excerpt":{"rendered":"<p>S\u00e3o membros da LAO-UFPel no ano de 2011, sob orienta\u00e7\u00e3o da Dra Silvia Saueressig: Ana Carolina Carraro Aniele Reis Vahl Bernardo Vaz Alves Bibiana Mello de Oliveira Bruna Navarrete Caio F. De Souza Carlos J\u00fanior Felchilcher Carolina Ferreira Gomes (Presidente) &hellip; <a href=\"https:\/\/wp.ufpel.edu.br\/laoufpel\/membros\/membros-2011\/\">Continue lendo <span class=\"meta-nav\">&rarr;<\/span><\/a><\/p>\n","protected":false},"author":80,"featured_media":0,"parent":255,"menu_order":2,"comment_status":"closed","ping_status":"closed","template":"","meta":{"footnotes":""},"class_list":["post-253","page","type-page","status-publish","hentry"],"_links":{"self":[{"href":"https:\/\/wp.ufpel.edu.br\/laoufpel\/wp-json\/wp\/v2\/pages\/253","targetHints":{"allow":["GET"]}}],"collection":[{"href":"https:\/\/wp.ufpel.edu.br\/laoufpel\/wp-json\/wp\/v2\/pages"}],"about":[{"href":"https:\/\/wp.ufpel.edu.br\/laoufpel\/wp-json\/wp\/v2\/types\/page"}],"author":[{"embeddable":true,"href":"https:\/\/wp.ufpel.edu.br\/laoufpel\/wp-json\/wp\/v2\/users\/80"}],"replies":[{"embeddable":true,"href":"https:\/\/wp.ufpel.edu.br\/laoufpel\/wp-json\/wp\/v2\/comments?post=253"}],"version-history":[{"count":2,"href":"https:\/\/wp.ufpel.edu.br\/laoufpel\/wp-json\/wp\/v2\/pages\/253\/revisions"}],"predecessor-version":[{"id":258,"href":"https:\/\/wp.ufpel.edu.br\/laoufpel\/wp-json\/wp\/v2\/pages\/253\/revisions\/258"}],"up":[{"embeddable":true,"href":"https:\/\/wp.ufpel.edu.br\/laoufpel\/wp-json\/wp\/v2\/pages\/255"}],"wp:attachment":[{"href":"https:\/\/wp.ufpel.edu.br\/laoufpel\/wp-json\/wp\/v2\/media?parent=253"}],"curies":[{"name":"wp","href":"https:\/\/api.w.org\/{rel}","templated":true}]}}