{"id":171,"date":"2011-03-15T22:15:34","date_gmt":"2011-03-16T01:15:34","guid":{"rendered":"https:\/\/wp.ufpel.edu.br\/laoufpel\/"},"modified":"2011-04-01T14:42:04","modified_gmt":"2011-04-01T17:42:04","slug":"i-jornada-de-oncologia-2011","status":"publish","type":"page","link":"https:\/\/wp.ufpel.edu.br\/laoufpel\/extensao-lao-ufpel\/i-jornada-de-oncologia-2011\/","title":{"rendered":"I Jornada de Oncologia &#8211; 2011"},"content":{"rendered":"<p style=\"text-align: left\">Em 2011, a LAO-UFPel realizou a I Jornada de Oncologia nos dia 23 e 24 de mar\u00e7o.\u00a0A inscri\u00e7\u00e3o custaram R$ 10,00 e 1kg de alimento que foi doado para a AAPECAN.<\/p>\n<p>Sucesso de p\u00fablico, a jornada teve mais de 240 inscritos. Foram profissionais e acad\u00eamicos da \u00e1rea da Medicina, Enfermagem, Farm\u00e1cia, Biotecnologia, entre outros ligados a UFPel, UCPel e FURG.<\/p>\n<p>A LAO-UFPel agradece a todos os participantes da Jornada. Um especial agradecimento aos professores colaboradores e \u00e0 FAMED-UFPel.<\/p>\n<p><a href=\"https:\/\/wp.ufpel.edu.br\/laoufpel\/files\/2010\/11\/CARTAZ.jpg\"><img loading=\"lazy\" decoding=\"async\" class=\"aligncenter size-medium wp-image-160\" src=\"https:\/\/wp.ufpel.edu.br\/laoufpel\/files\/2010\/11\/CARTAZ-224x300.jpg\" alt=\"\" width=\"224\" height=\"300\" srcset=\"https:\/\/wp.ufpel.edu.br\/laoufpel\/files\/2010\/11\/CARTAZ-224x300.jpg 224w, https:\/\/wp.ufpel.edu.br\/laoufpel\/files\/2010\/11\/CARTAZ-766x1024.jpg 766w, https:\/\/wp.ufpel.edu.br\/laoufpel\/files\/2010\/11\/CARTAZ.jpg 1020w\" sizes=\"auto, (max-width: 224px) 100vw, 224px\" \/><\/a><\/p>\n<p>Abaixo est\u00e1 a lista de participantes que receber\u00e3o o certificado de participa\u00e7\u00e3o na I Jornada de Oncologia. Se seu nome est\u00e1 grafado incorretamente, por favor, envie a grafia correta pela se\u00e7\u00e3o contato no site da LAO-UFPel.\u00a0Os nomes em destaques est\u00e3o faltando complemento.<\/p>\n<p><a href=\"https:\/\/wp.ufpel.edu.br\/laoufpel\/files\/2011\/03\/Lista-de-participantes-I-jornada-de-oncologia.pdf\">Participantes da I Jornada de Oncologia<\/a><\/p>\n<p>Os certificados poder\u00e3o ser retirados no DANK a partir do dia 15 de maio de 2011.<\/p>\n<p>Divulga\u00e7\u00e3o na M\u00eddia:<\/p>\n<p><a href=\"http:\/\/www.diariopopular.com.br\/site\/content\/noticias\/detalhe.php?id=3&amp;noticia=34583\">http:\/\/www.diariopopular.com.br\/site\/content\/noticias\/detalhe.php?id=3&amp;noticia=34583<\/a><\/p>\n<p><a href=\"https:\/\/wp.ufpel.edu.br\/laoufpel\/files\/2011\/03\/diario-popular-I-jornada-de-oncologia.jpg\"><img loading=\"lazy\" decoding=\"async\" class=\"aligncenter size-medium wp-image-187\" src=\"https:\/\/wp.ufpel.edu.br\/laoufpel\/files\/2011\/03\/diario-popular-I-jornada-de-oncologia-300x150.jpg\" alt=\"\" width=\"300\" height=\"150\" srcset=\"https:\/\/wp.ufpel.edu.br\/laoufpel\/files\/2011\/03\/diario-popular-I-jornada-de-oncologia-300x150.jpg 300w, https:\/\/wp.ufpel.edu.br\/laoufpel\/files\/2011\/03\/diario-popular-I-jornada-de-oncologia-1024x512.jpg 1024w\" sizes=\"auto, (max-width: 300px) 100vw, 300px\" \/><\/a><\/p>\n<p><a href=\"http:\/\/ccs.ufpel.edu.br\/wp\/2011\/03\/14\/abrem-as-inscricoes-para-a-i-jornada-de-oncologia\/\">http:\/\/ccs.ufpel.edu.br\/wp\/2011\/03\/14\/abrem-as-inscricoes-para-a-i-jornada-de-oncologia\/<\/a><\/p>\n<p><a href=\"http:\/\/ccs.ufpel.edu.br\/wp\/2011\/03\/31\/liga-academica-de-oncologia-doa-alimentos-a-aapecan\/\">http:\/\/ccs.ufpel.edu.br\/wp\/2011\/03\/31\/liga-academica-de-oncologia-doa-alimentos-a-aapecan\/<\/a><\/p>\n","protected":false},"excerpt":{"rendered":"<p>Em 2011, a LAO-UFPel realizou a I Jornada de Oncologia nos dia 23 e 24 de mar\u00e7o.\u00a0A inscri\u00e7\u00e3o custaram R$ 10,00 e 1kg de alimento que foi doado para a AAPECAN. Sucesso de p\u00fablico, a jornada teve mais de 240 &hellip; <a href=\"https:\/\/wp.ufpel.edu.br\/laoufpel\/extensao-lao-ufpel\/i-jornada-de-oncologia-2011\/\">Continue lendo <span class=\"meta-nav\">&rarr;<\/span><\/a><\/p>\n","protected":false},"author":80,"featured_media":0,"parent":43,"menu_order":1,"comment_status":"closed","ping_status":"open","template":"","meta":{"footnotes":""},"class_list":["post-171","page","type-page","status-publish","hentry"],"_links":{"self":[{"href":"https:\/\/wp.ufpel.edu.br\/laoufpel\/wp-json\/wp\/v2\/pages\/171","targetHints":{"allow":["GET"]}}],"collection":[{"href":"https:\/\/wp.ufpel.edu.br\/laoufpel\/wp-json\/wp\/v2\/pages"}],"about":[{"href":"https:\/\/wp.ufpel.edu.br\/laoufpel\/wp-json\/wp\/v2\/types\/page"}],"author":[{"embeddable":true,"href":"https:\/\/wp.ufpel.edu.br\/laoufpel\/wp-json\/wp\/v2\/users\/80"}],"replies":[{"embeddable":true,"href":"https:\/\/wp.ufpel.edu.br\/laoufpel\/wp-json\/wp\/v2\/comments?post=171"}],"version-history":[{"count":16,"href":"https:\/\/wp.ufpel.edu.br\/laoufpel\/wp-json\/wp\/v2\/pages\/171\/revisions"}],"predecessor-version":[{"id":173,"href":"https:\/\/wp.ufpel.edu.br\/laoufpel\/wp-json\/wp\/v2\/pages\/171\/revisions\/173"}],"up":[{"embeddable":true,"href":"https:\/\/wp.ufpel.edu.br\/laoufpel\/wp-json\/wp\/v2\/pages\/43"}],"wp:attachment":[{"href":"https:\/\/wp.ufpel.edu.br\/laoufpel\/wp-json\/wp\/v2\/media?parent=171"}],"curies":[{"name":"wp","href":"https:\/\/api.w.org\/{rel}","templated":true}]}}

<p style="text-align: left">Em 2011, a LAO-UFPel realizou a I Jornada de Oncologia nos dia 23 e 24 de março. A inscrição custaram R$ 10,00 e 1kg de alimento que foi doado para a AAPECAN.</p>
<p>Sucesso de público, a jornada teve mais de 240 inscritos. Foram profissionais e acadêmicos da área da Medicina, Enfermagem, Farmácia, Biotecnologia, entre outros ligados a UFPel, UCPel e FURG.</p>
<p>A LAO-UFPel agradece a todos os participantes da Jornada. Um especial agradecimento aos professores colaboradores e à FAMED-UFPel.</p>
<p><a href="https://wp.ufpel.edu.br/laoufpel/files/2010/11/CARTAZ.jpg"><img loading="lazy" decoding="async" class="aligncenter size-medium wp-image-160" src="https://wp.ufpel.edu.br/laoufpel/files/2010/11/CARTAZ-224x300.jpg" alt="" width="224" height="300" srcset="https://wp.ufpel.edu.br/laoufpel/files/2010/11/CARTAZ-224x300.jpg 224w, https://wp.ufpel.edu.br/laoufpel/files/2010/11/CARTAZ-766x1024.jpg 766w, https://wp.ufpel.edu.br/laoufpel/files/2010/11/CARTAZ.jpg 1020w" sizes="auto, (max-width: 224px) 100vw, 224px" /></a></p>
<p>Abaixo está a lista de participantes que receberão o certificado de participação na I Jornada de Oncologia. Se seu nome está grafado incorretamente, por favor, envie a grafia correta pela seção contato no site da LAO-UFPel. Os nomes em destaques estão faltando complemento.</p>
<p><a href="https://wp.ufpel.edu.br/laoufpel/files/2011/03/Lista-de-participantes-I-jornada-de-oncologia.pdf">Participantes da I Jornada de Oncologia</a></p>
<p>Os certificados poderão ser retirados no DANK a partir do dia 15 de maio de 2011.</p>
<p>Divulgação na Mídia:</p>
<p><a href="http://www.diariopopular.com.br/site/content/noticias/detalhe.php?id=3&amp;noticia=34583">http://www.diariopopular.com.br/site/content/noticias/detalhe.php?id=3&amp;noticia=34583</a></p>
<p><a href="https://wp.ufpel.edu.br/laoufpel/files/2011/03/diario-popular-I-jornada-de-oncologia.jpg"><img loading="lazy" decoding="async" class="aligncenter size-medium wp-image-187" src="https://wp.ufpel.edu.br/laoufpel/files/2011/03/diario-popular-I-jornada-de-oncologia-300x150.jpg" alt="" width="300" height="150" srcset="https://wp.ufpel.edu.br/laoufpel/files/2011/03/diario-popular-I-jornada-de-oncologia-300x150.jpg 300w, https://wp.ufpel.edu.br/laoufpel/files/2011/03/diario-popular-I-jornada-de-oncologia-1024x512.jpg 1024w" sizes="auto, (max-width: 300px) 100vw, 300px" /></a></p>
<p><a href="http://ccs.ufpel.edu.br/wp/2011/03/14/abrem-as-inscricoes-para-a-i-jornada-de-oncologia/">http://ccs.ufpel.edu.br/wp/2011/03/14/abrem-as-inscricoes-para-a-i-jornada-de-oncologia/</a></p>
<p><a href="http://ccs.ufpel.edu.br/wp/2011/03/31/liga-academica-de-oncologia-doa-alimentos-a-aapecan/">http://ccs.ufpel.edu.br/wp/2011/03/31/liga-academica-de-oncologia-doa-alimentos-a-aapecan/</a></p>

<p>Em 2011, a LAO-UFPel realizou a I Jornada de Oncologia nos dia 23 e 24 de março. A inscrição custaram R$ 10,00 e 1kg de alimento que foi doado para a AAPECAN. Sucesso de público, a jornada teve mais de 240 &hellip; <a href="https://wp.ufpel.edu.br/laoufpel/extensao-lao-ufpel/i-jornada-de-oncologia-2011/">Continue lendo <span class="meta-nav">&rarr;</span></a></p>
