{"id":90,"date":"2022-02-27T12:25:15","date_gmt":"2022-02-27T15:25:15","guid":{"rendered":"https:\/\/wp.ufpel.edu.br\/laomed\/?page_id=90"},"modified":"2022-03-07T02:47:57","modified_gmt":"2022-03-07T05:47:57","slug":"campanha-cancer-de-pele","status":"publish","type":"page","link":"https:\/\/wp.ufpel.edu.br\/laomed\/campanha-cancer-de-pele\/","title":{"rendered":"Campanha c\u00e2ncer de pele"},"content":{"rendered":"<div id=\"pl-90\"  class=\"panel-layout\" ><div id=\"pg-90-0\"  class=\"panel-grid panel-has-style\" ><div class=\"siteorigin-panels-stretch panel-row-style panel-row-style-for-90-0\" data-stretch-type=\"full-stretched\" ><div id=\"pgc-90-0-0\"  class=\"panel-grid-cell\" ><div id=\"panel-90-0-0-0\" class=\"so-panel widget widget_sow-image panel-first-child panel-last-child\" data-index=\"0\" ><div\n\t\t\t\n\t\t\tclass=\"so-widget-sow-image so-widget-sow-image-default-a258e6bfa2d8-90\"\n\t\t\t\n\t\t>\n<div class=\"sow-image-container\">\n\t\t<img \n\tsrc=\"https:\/\/wp.ufpel.edu.br\/laomed\/files\/2022\/02\/site-1280-px-\u00d7-503-px-3.png\" width=\"1280\" height=\"503\" srcset=\"https:\/\/wp.ufpel.edu.br\/laomed\/files\/2022\/02\/site-1280-px-\u00d7-503-px-3.png 1280w, https:\/\/wp.ufpel.edu.br\/laomed\/files\/2022\/02\/site-1280-px-\u00d7-503-px-3-400x157.png 400w, https:\/\/wp.ufpel.edu.br\/laomed\/files\/2022\/02\/site-1280-px-\u00d7-503-px-3-1024x402.png 1024w, https:\/\/wp.ufpel.edu.br\/laomed\/files\/2022\/02\/site-1280-px-\u00d7-503-px-3-768x302.png 768w\" sizes=\"(max-width: 1280px) 100vw, 1280px\" title=\"site (1280\u00a0px \u00d7 503\u00a0px) (3)\" alt=\"\" \t\tclass=\"so-widget-image\"\/>\n\t<\/div>\n\n<\/div><\/div><\/div><\/div><\/div><div id=\"pg-90-1\"  class=\"panel-grid panel-has-style\" ><div class=\"siteorigin-panels-stretch panel-row-style panel-row-style-for-90-1\" id=\"services\" data-stretch-type=\"full\" ><div id=\"pgc-90-1-0\"  class=\"panel-grid-cell\" ><div id=\"panel-90-1-0-0\" class=\"so-panel widget widget_sow-headline panel-first-child\" data-index=\"1\" ><div\n\t\t\t\n\t\t\tclass=\"so-widget-sow-headline so-widget-sow-headline-default-0df70317a839-90 so-widget-fittext-wrapper\"\n\t\t\t data-fit-text-compressor=\"0.85\"\n\t\t><div class=\"sow-headline-container \">\n\t\t\t\t\t\t\t<h1 class=\"sow-headline\">\n\t\t\t\t\t\tCAMPANHA REALIZADA ANUALMENTE EM DUAS CIDADES\t\t\t\t\t\t<\/h1>\n\t\t\t\t\t\t\t\t\t\t\t<div class=\"decoration\">\n\t\t\t\t\t\t<div class=\"decoration-inside\"><\/div>\n\t\t\t\t\t<\/div>\n\t\t\t\t\t\t\t\t\t\t\t<p class=\"sow-sub-headline\">\n\t\t\t\t\t\tA LAO promove a campanha do c\u00e2ncer de pele anualmente nas cidades de Arroio do Padre e Morro Redondo, atendendo e diagnosticando les\u00f5es malignas na popula\u00e7\u00e3o.\t\t\t\t\t\t<\/p>\n\t\t\t\t\t\t<\/div>\n<\/div><\/div><div id=\"panel-90-1-0-1\" class=\"so-panel widget widget_sow-features panel-last-child\" data-index=\"2\" ><div class=\"panel-widget-style panel-widget-style-for-90-1-0-1\" ><div\n\t\t\t\n\t\t\tclass=\"so-widget-sow-features so-widget-sow-features-default-685524fc2801-90\"\n\t\t\t\n\t\t><ul\n\tclass=\"sow-features-list\n\tsow-features-responsive\">\n\n\t\t\t<li\n\t\t\tclass=\"sow-features-feature sow-icon-container-position-top\"\n\t\t\tstyle=\"display: flex; flex-direction: column; width: calc(33.333% - 25px);\"\n\t\t>\n\t\t\t\n\t\t\t\t\t\t<div\t\t\t\tclass=\"sow-icon-container sow-container-none\"\n\t\t\t\tstyle=\"color: #404040; \"\n\t\t\t\ttitle=\"PESQUISA\"\n\t\t\t\t\t\t\t>\n\t\t\t\t<span class=\"sow-icon-elegantline\" data-sow-icon=\"&#xe037;\"\n\t\tstyle=\"font-size: 54px; color: #333333\" \n\t\taria-hidden=\"true\"><\/span>\t\t\t<\/div>\n\n\t\t\t<div class=\"textwidget\">\n\t\t\t\t\n\t\t\t\t\t\t\t\t\t<h5 class=\"sow-features-feature-title\">\n\t\t\t\t\t\tPESQUISA\t\t\t\t\t<\/h5>\n\t\t\t\t\n\t\t\t\t\t\t\t\t\t<div class=\"sow-features-feature-text\">\n\t\t\t\t\t<p>A LAO re\u00fane um grande banco de dados referentes aos dados epidemiol\u00f3gicos coletados durante os dias de campanha.<\/p>\n\t\t\t\t\t<\/div>\n\t\t\t\t\t\t\t\t<\/div>\n\t\t\t\t\t\t\t\t<\/li>\n\n\t\t\t<li\n\t\t\tclass=\"sow-features-feature sow-icon-container-position-top\"\n\t\t\tstyle=\"display: flex; flex-direction: column; width: calc(33.333% - 25px);\"\n\t\t>\n\t\t\t\n\t\t\t\t\t\t<div\t\t\t\tclass=\"sow-icon-container sow-container-none\"\n\t\t\t\tstyle=\"color: #404040; \"\n\t\t\t\t\n\t\t\t\t\t\t\t>\n\t\t\t\t<span class=\"sow-icon-elegantline\" data-sow-icon=\"&#xe00b;\"\n\t\tstyle=\"font-size: 54px; color: #333333\" \n\t\taria-hidden=\"true\"><\/span>\t\t\t<\/div>\n\n\t\t\t<div class=\"textwidget\">\n\t\t\t\t\n\t\t\t\t\t\t\t\t\t<h5 class=\"sow-features-feature-title\">\n\t\t\t\t\t\tENSINO E PR\u00c1TICA\t\t\t\t\t<\/h5>\n\t\t\t\t\n\t\t\t\t\t\t\t\t\t<div class=\"sow-features-feature-text\">\n\t\t\t\t\t<p>Durante a campanha, os membros s\u00e3o respons\u00e1veis por atender os pacientes e realizar o diagn\u00f3stico junto aos m\u00e9dicos orientadores da campanha.<\/p>\n\t\t\t\t\t<\/div>\n\t\t\t\t\t\t\t\t<\/div>\n\t\t\t\t\t\t\t\t<\/li>\n\n\t\t\t<li\n\t\t\tclass=\"sow-features-feature sow-icon-container-position-top\"\n\t\t\tstyle=\"display: flex; flex-direction: column; width: calc(33.333% - 25px);\"\n\t\t>\n\t\t\t\n\t\t\t\t\t\t<div\t\t\t\tclass=\"sow-icon-container sow-container-none\"\n\t\t\t\tstyle=\"color: #404040; \"\n\t\t\t\t\n\t\t\t\t\t\t\t>\n\t\t\t\t<span class=\"sow-icon-icomoon\" data-sow-icon=\"&#xe972;\"\n\t\tstyle=\"font-size: 54px; color: #333333\" \n\t\taria-hidden=\"true\"><\/span>\t\t\t<\/div>\n\n\t\t\t<div class=\"textwidget\">\n\t\t\t\t\n\t\t\t\t\t\t\t\t\t<h5 class=\"sow-features-feature-title\">\n\t\t\t\t\t\tBENEF\u00cdCIO PARA A COMUNIDADE\t\t\t\t\t<\/h5>\n\t\t\t\t\n\t\t\t\t\t\t\t\t\t<div class=\"sow-features-feature-text\">\n\t\t\t\t\t<p>Em dois dias de campanha s\u00e3o atendidos por volta de 200 pacientes - os quais apresentam les\u00f5es malignas e pr\u00e9-malignas de pele.<\/p>\n\t\t\t\t\t<\/div>\n\t\t\t\t\t\t\t\t<\/div>\n\t\t\t\t\t\t\t\t<\/li>\n\n\t<\/ul>\n<\/div><\/div><\/div><\/div><\/div><\/div><div id=\"pg-90-2\"  class=\"panel-grid panel-has-style\" ><div class=\"siteorigin-panels-stretch panel-row-style panel-row-style-for-90-2\" id=\"work\" data-stretch-type=\"full\" ><div id=\"pgc-90-2-0\"  class=\"panel-grid-cell\" ><div id=\"panel-90-2-0-0\" class=\"so-panel widget widget_sow-headline panel-first-child\" data-index=\"3\" ><div\n\t\t\t\n\t\t\tclass=\"so-widget-sow-headline so-widget-sow-headline-default-d07e1e83720a-90\"\n\t\t\t\n\t\t><div class=\"sow-headline-container \">\n\t\t\t\t\t\t\t<h1 class=\"sow-headline\">\n\t\t\t\t\t\tTRADI\u00c7\u00c3O\t\t\t\t\t\t<\/h1>\n\t\t\t\t\t\t\t\t\t\t\t<div class=\"decoration\">\n\t\t\t\t\t\t<div class=\"decoration-inside\"><\/div>\n\t\t\t\t\t<\/div>\n\t\t\t\t\t\t\t\t\t\t\t<p class=\"sow-sub-headline\">\n\t\t\t\t\t\tAs campanhas de preven\u00e7\u00e3o prim\u00e1ria e secund\u00e1ria contra o c\u00e2ncer de pele nas cidades de Arroio do Padre e Morro Redondo s\u00e3o realizadas anualmente desde a origem da liga em 2009. Assim, temos o compromisso anual com essas popula\u00e7\u00f5es, as quais t\u00eam a possibilidade de submeterem ao diagn\u00f3stico precoce por meio dos servi\u00e7os de oncologia oferecidos pela LAO.\t\t\t\t\t\t<\/p>\n\t\t\t\t\t\t<\/div>\n<\/div><\/div><div id=\"panel-90-2-0-1\" class=\"so-panel widget widget_sow-image-grid panel-last-child\" data-index=\"4\" ><div class=\"panel-widget-style panel-widget-style-for-90-2-0-1\" ><div\n\t\t\t\n\t\t\tclass=\"so-widget-sow-image-grid so-widget-sow-image-grid-default-8f674e2ace91-90\"\n\t\t\t\n\t\t>\t<div\n\t\tclass=\"sow-image-grid-wrapper\"\n\t\tdata-max-width=\"300\"\t\tdata-max-height=\"300\"\t>\n\t\t\t\t\t<div class=\"sow-image-grid-image\">\n\t\t\t\t\t\t\t\t\t\t\t\t<img loading=\"lazy\" decoding=\"async\" width=\"390\" height=\"312\" src=\"https:\/\/wp.ufpel.edu.br\/laomed\/files\/2022\/03\/ISA-USANDO-O-DERMATOSCOPIO.jpg\" class=\"sow-image-grid-image_html\" alt=\"\" title=\"ISA USANDO O DERMATOSCOPIO\" \/>\t\t\t\t\t\t\t\t\t\t\t<\/div>\n\t\t\t\t\t<div class=\"sow-image-grid-image\">\n\t\t\t\t\t\t\t\t\t\t\t\t<img loading=\"lazy\" decoding=\"async\" width=\"400\" height=\"300\" src=\"https:\/\/wp.ufpel.edu.br\/laomed\/files\/2022\/03\/6-400x300.png\" class=\"sow-image-grid-image_html\" alt=\"\" title=\"sweet serenity\" srcset=\"https:\/\/wp.ufpel.edu.br\/laomed\/files\/2022\/03\/6-400x300.png 400w, https:\/\/wp.ufpel.edu.br\/laomed\/files\/2022\/03\/6-1024x768.png 1024w, https:\/\/wp.ufpel.edu.br\/laomed\/files\/2022\/03\/6-768x576.png 768w, https:\/\/wp.ufpel.edu.br\/laomed\/files\/2022\/03\/6-1536x1152.png 1536w, https:\/\/wp.ufpel.edu.br\/laomed\/files\/2022\/03\/6.png 1600w\" sizes=\"auto, (max-width: 400px) 100vw, 400px\" \/>\t\t\t\t\t\t\t\t\t\t\t<\/div>\n\t\t\t\t\t<div class=\"sow-image-grid-image\">\n\t\t\t\t\t\t\t\t\t\t\t\t<img loading=\"lazy\" decoding=\"async\" width=\"400\" height=\"300\" src=\"https:\/\/wp.ufpel.edu.br\/laomed\/files\/2022\/03\/LAO-400x300.jpeg\" class=\"sow-image-grid-image_html\" alt=\"\" title=\"deeply moving\" srcset=\"https:\/\/wp.ufpel.edu.br\/laomed\/files\/2022\/03\/LAO-400x300.jpeg 400w, https:\/\/wp.ufpel.edu.br\/laomed\/files\/2022\/03\/LAO-1024x768.jpeg 1024w, https:\/\/wp.ufpel.edu.br\/laomed\/files\/2022\/03\/LAO-768x576.jpeg 768w, https:\/\/wp.ufpel.edu.br\/laomed\/files\/2022\/03\/LAO-1536x1152.jpeg 1536w, https:\/\/wp.ufpel.edu.br\/laomed\/files\/2022\/03\/LAO.jpeg 1600w\" sizes=\"auto, (max-width: 400px) 100vw, 400px\" \/>\t\t\t\t\t\t\t\t\t\t\t<\/div>\n\t\t\t\t\t<div class=\"sow-image-grid-image\">\n\t\t\t\t\t\t\t\t\t\t\t\t<img loading=\"lazy\" decoding=\"async\" width=\"400\" height=\"300\" src=\"https:\/\/wp.ufpel.edu.br\/laomed\/files\/2022\/02\/WhatsApp-Image-2021-10-30-at-16.45.06-1-400x300.jpeg\" class=\"sow-image-grid-image_html\" alt=\"\" title=\"fields of gold\" srcset=\"https:\/\/wp.ufpel.edu.br\/laomed\/files\/2022\/02\/WhatsApp-Image-2021-10-30-at-16.45.06-1-400x300.jpeg 400w, https:\/\/wp.ufpel.edu.br\/laomed\/files\/2022\/02\/WhatsApp-Image-2021-10-30-at-16.45.06-1-1024x768.jpeg 1024w, https:\/\/wp.ufpel.edu.br\/laomed\/files\/2022\/02\/WhatsApp-Image-2021-10-30-at-16.45.06-1-768x576.jpeg 768w, https:\/\/wp.ufpel.edu.br\/laomed\/files\/2022\/02\/WhatsApp-Image-2021-10-30-at-16.45.06-1-1536x1152.jpeg 1536w, https:\/\/wp.ufpel.edu.br\/laomed\/files\/2022\/02\/WhatsApp-Image-2021-10-30-at-16.45.06-1.jpeg 1600w\" sizes=\"auto, (max-width: 400px) 100vw, 400px\" \/>\t\t\t\t\t\t\t\t\t\t\t<\/div>\n\t\t\t<\/div>\n<\/div><\/div><\/div><\/div><\/div><\/div><div id=\"pg-90-3\"  class=\"panel-grid panel-has-style\" ><div class=\"siteorigin-panels-stretch panel-row-style panel-row-style-for-90-3\" id=\"team\" data-stretch-type=\"full\" ><div id=\"pgc-90-3-0\"  class=\"panel-grid-cell\" ><div id=\"panel-90-3-0-0\" class=\"so-panel widget widget_sow-headline panel-first-child panel-last-child\" data-index=\"5\" ><div\n\t\t\t\n\t\t\tclass=\"so-widget-sow-headline so-widget-sow-headline-default-d07e1e83720a-90 so-widget-fittext-wrapper\"\n\t\t\t data-fit-text-compressor=\"0.85\"\n\t\t><div class=\"sow-headline-container \">\n\t\t\t\t\t\t\t<h1 class=\"sow-headline\">\n\t\t\t\t\t\tVISIBILIDADE DA CAMPANHA\t\t\t\t\t\t<\/h1>\n\t\t\t\t\t\t\t\t\t\t\t<div class=\"decoration\">\n\t\t\t\t\t\t<div class=\"decoration-inside\"><\/div>\n\t\t\t\t\t<\/div>\n\t\t\t\t\t\t\t\t\t\t\t<p class=\"sow-sub-headline\">\n\t\t\t\t\t\tDurante a campanha, h\u00e1 uma enorme visibilidade promovida pelos servi\u00e7os locais de publicidade - confira abaixo algumas das noticias referentes ao nosso trabalho.\t\t\t\t\t\t<\/p>\n\t\t\t\t\t\t<\/div>\n<\/div><\/div><\/div><\/div><\/div><div id=\"pg-90-4\"  class=\"panel-grid panel-has-style\" ><div class=\"siteorigin-panels-stretch panel-row-style panel-row-style-for-90-4\" data-stretch-type=\"full-stretched\" ><div id=\"pgc-90-4-0\"  class=\"panel-grid-cell\" ><div id=\"panel-90-4-0-0\" class=\"so-panel widget widget_sow-image panel-first-child\" data-index=\"6\" ><div\n\t\t\t\n\t\t\tclass=\"so-widget-sow-image so-widget-sow-image-default-334eeca80698-90\"\n\t\t\t\n\t\t>\n<div class=\"sow-image-container\">\n\t\t<img \n\tsrc=\"https:\/\/wp.ufpel.edu.br\/laomed\/files\/2022\/03\/1.png\" width=\"750\" height=\"350\" srcset=\"https:\/\/wp.ufpel.edu.br\/laomed\/files\/2022\/03\/1.png 750w, https:\/\/wp.ufpel.edu.br\/laomed\/files\/2022\/03\/1-400x187.png 400w\" sizes=\"(max-width: 750px) 100vw, 750px\" alt=\"\" \t\tclass=\"so-widget-image\"\/>\n\t<\/div>\n\n<\/div><\/div><div id=\"panel-90-4-0-1\" class=\"so-panel widget widget_sow-editor\" data-index=\"7\" ><div class=\"panel-widget-style panel-widget-style-for-90-4-0-1\" ><div\n\t\t\t\n\t\t\tclass=\"so-widget-sow-editor so-widget-sow-editor-base\"\n\t\t\t\n\t\t>\n<div class=\"siteorigin-widget-tinymce textwidget\">\n\t<h3 class=\"q_team_name\" style=\"text-align: center\">Globoplay<\/h3>\n<p style=\"text-align: center\">\n<\/div>\n<\/div><\/div><\/div><div id=\"panel-90-4-0-2\" class=\"so-panel widget widget_sow-button panel-last-child\" data-index=\"8\" ><div\n\t\t\t\n\t\t\tclass=\"so-widget-sow-button so-widget-sow-button-atom-aad8f519ddb1-90\"\n\t\t\t\n\t\t><div class=\"ow-button-base ow-button-align-center\"\n>\n\t\t\t<a\n\t\t\t\t\thref=\"https:\/\/globoplay.globo.com\/v\/10000375\/\"\n\t\t\t\t\tclass=\"sowb-button ow-icon-placement-left ow-button-hover\" \t>\n\t\t<span>\n\t\t\t\n\t\t\tCLIQUE AQUI\t\t<\/span>\n\t\t\t<\/a>\n\t<\/div>\n<\/div><\/div><\/div><div id=\"pgc-90-4-1\"  class=\"panel-grid-cell\" ><div id=\"panel-90-4-1-0\" class=\"so-panel widget widget_sow-image panel-first-child\" data-index=\"9\" ><div\n\t\t\t\n\t\t\tclass=\"so-widget-sow-image so-widget-sow-image-default-334eeca80698-90\"\n\t\t\t\n\t\t>\n<div class=\"sow-image-container\">\n\t\t<img \n\tsrc=\"https:\/\/wp.ufpel.edu.br\/laomed\/files\/2022\/03\/2.png\" width=\"750\" height=\"350\" srcset=\"https:\/\/wp.ufpel.edu.br\/laomed\/files\/2022\/03\/2.png 750w, https:\/\/wp.ufpel.edu.br\/laomed\/files\/2022\/03\/2-400x187.png 400w\" sizes=\"(max-width: 750px) 100vw, 750px\" alt=\"\" \t\tclass=\"so-widget-image\"\/>\n\t<\/div>\n\n<\/div><\/div><div id=\"panel-90-4-1-1\" class=\"so-panel widget widget_sow-editor\" data-index=\"10\" ><div class=\"panel-widget-style panel-widget-style-for-90-4-1-1\" ><div\n\t\t\t\n\t\t\tclass=\"so-widget-sow-editor so-widget-sow-editor-base\"\n\t\t\t\n\t\t>\n<div class=\"siteorigin-widget-tinymce textwidget\">\n\t<h3 class=\"q_team_name\" style=\"text-align: center\">Jornal Tradi\u00e7\u00e3o<\/h3>\n<p style=\"text-align: center\">\n<\/div>\n<\/div><\/div><\/div><div id=\"panel-90-4-1-2\" class=\"so-panel widget widget_sow-button panel-last-child\" data-index=\"11\" ><div\n\t\t\t\n\t\t\tclass=\"so-widget-sow-button so-widget-sow-button-atom-aad8f519ddb1-90\"\n\t\t\t\n\t\t><div class=\"ow-button-base ow-button-align-center\"\n>\n\t\t\t<a\n\t\t\t\t\thref=\"https:\/\/www.jornaltradicao.com.br\/morro-redondo\/saude\/campanha-de-prevencao-ao-cancer-de-pele-atende-89-pessoas-em-morro-redondo\/\"\n\t\t\t\t\tclass=\"sowb-button ow-icon-placement-left ow-button-hover\" \t>\n\t\t<span>\n\t\t\t\n\t\t\tCLIQUE AQUI\t\t<\/span>\n\t\t\t<\/a>\n\t<\/div>\n<\/div><\/div><\/div><\/div><\/div><\/div>","protected":false},"excerpt":{"rendered":"<p>CAMPANHA REALIZADA ANUALMENTE EM DUAS CIDADES A LAO promove a campanha do c\u00e2ncer de pele anualmente nas cidades de Arroio do Padre e Morro Redondo, atendendo e diagnosticando les\u00f5es malignas na popula\u00e7\u00e3o. PESQUISA A LAO re\u00fane um grande banco de dados referentes aos dados epidemiol\u00f3gicos coletados durante os dias de campanha. ENSINO E PR\u00c1TICA Durante [&hellip;]<\/p>\n","protected":false},"author":1190,"featured_media":0,"parent":0,"menu_order":0,"comment_status":"closed","ping_status":"closed","template":"templates\/template-full-notitle.php","meta":{"footnotes":""},"class_list":["post-90","page","type-page","status-publish","hentry","post"],"_links":{"self":[{"href":"https:\/\/wp.ufpel.edu.br\/laomed\/wp-json\/wp\/v2\/pages\/90","targetHints":{"allow":["GET"]}}],"collection":[{"href":"https:\/\/wp.ufpel.edu.br\/laomed\/wp-json\/wp\/v2\/pages"}],"about":[{"href":"https:\/\/wp.ufpel.edu.br\/laomed\/wp-json\/wp\/v2\/types\/page"}],"author":[{"embeddable":true,"href":"https:\/\/wp.ufpel.edu.br\/laomed\/wp-json\/wp\/v2\/users\/1190"}],"replies":[{"embeddable":true,"href":"https:\/\/wp.ufpel.edu.br\/laomed\/wp-json\/wp\/v2\/comments?post=90"}],"version-history":[{"count":3,"href":"https:\/\/wp.ufpel.edu.br\/laomed\/wp-json\/wp\/v2\/pages\/90\/revisions"}],"predecessor-version":[{"id":143,"href":"https:\/\/wp.ufpel.edu.br\/laomed\/wp-json\/wp\/v2\/pages\/90\/revisions\/143"}],"wp:attachment":[{"href":"https:\/\/wp.ufpel.edu.br\/laomed\/wp-json\/wp\/v2\/media?parent=90"}],"curies":[{"name":"wp","href":"https:\/\/api.w.org\/{rel}","templated":true}]}}