{"id":16,"date":"2022-08-30T09:23:35","date_gmt":"2022-08-30T12:23:35","guid":{"rendered":"https:\/\/wp.ufpel.edu.br\/lai\/?page_id=16"},"modified":"2023-05-24T10:23:00","modified_gmt":"2023-05-24T13:23:00","slug":"equipe","status":"publish","type":"page","link":"https:\/\/wp.ufpel.edu.br\/lai\/equipe\/","title":{"rendered":"Equipe"},"content":{"rendered":"<h2><em><strong>Coordenador<\/strong><\/em><\/h2>\n<table style=\"width: 100%; border-collapse: collapse;\" border=\"0\">\n<tbody>\n<tr style=\"height: 206px;\">\n<td style=\"width: 22.1755%; height: 206px;\"><img loading=\"lazy\" decoding=\"async\" class=\"alignnone size-thumbnail wp-image-112\" src=\"https:\/\/wp.ufpel.edu.br\/lai\/files\/2022\/09\/coordenador-200x200.jpg\" alt=\"\" width=\"200\" height=\"200\" srcset=\"https:\/\/wp.ufpel.edu.br\/lai\/files\/2022\/09\/coordenador-200x200.jpg 200w, https:\/\/wp.ufpel.edu.br\/lai\/files\/2022\/09\/coordenador-600x600.jpg 600w, https:\/\/wp.ufpel.edu.br\/lai\/files\/2022\/09\/coordenador-400x400.jpg 400w, https:\/\/wp.ufpel.edu.br\/lai\/files\/2022\/09\/coordenador-150x150.jpg 150w\" sizes=\"auto, (max-width: 200px) 100vw, 200px\" \/><\/td>\n<td style=\"width: 2.06612%;\"><\/td>\n<td style=\"width: 77.0255%; height: 206px; text-align: justify;\">\n<p><span style=\"font-size: 14pt;\"><strong>Gilson Sim\u00f5es Porci\u00fancula<\/strong><\/span> Doutor e Mestre em Engenharia Mec\u00e2nica pela UFSC &#8211; Universidade Federal de Santa Catarina. Engenheiro Agr\u00edcola formado pela UFPEL &#8211; Universidade Federal de Pelotas e T\u00e9cnico em Mec\u00e2nica Ind\u00fastrial pelo CEFET-RS &#8211; Centro Federal de Educa\u00e7\u00e3o Tecnol\u00f3gica de Pelotas. Tem experi\u00eancia na \u00e1rea de Engenharia Mec\u00e2nica, com \u00eanfase em An\u00e1lise e Avalia\u00e7\u00e3o e Projetos. E tem seu tema de doutorado na \u00e1rea de An\u00e1lise de Confiabilidade de Sistemas Autom\u00e1ticos. Atualmente atua como professor Associado na Universidade Federal de Pelotas no Centro de engenharias na area de Projeto de M\u00e1quinas, Sistema Hidr\u00e1ulicos e Pneum\u00e1ticos e Confiabilidade e Manuten\u00e7\u00e3o de Sistemas. Coordena o Laborat\u00f3rio de Automa\u00e7\u00e3o Industrial do Centro de Engenharias da UFPel e o Grupo de Estudo ProEDAI &#8211; Projeto Exatas Diversidades Afro-ind\u00edgenas do Centro de Engenharias da UFPel.<\/p>\n<p>Curr\u00edculo Lattes: <a href=\"http:\/\/lattes.cnpq.br\/1455474364995693\">http:\/\/lattes.cnpq.br\/1455474364995693<\/a><\/td>\n<\/tr>\n<\/tbody>\n<\/table>\n<h2><em><strong>Docentes<\/strong><\/em><\/h2>\n<table style=\"width: 100%; border-collapse: collapse;\" border=\"0\">\n<tbody>\n<tr style=\"height: 336px;\">\n<td style=\"width: 24.5046%; height: 162px;\"><img loading=\"lazy\" decoding=\"async\" class=\"alignnone size-thumbnail wp-image-113\" src=\"https:\/\/wp.ufpel.edu.br\/lai\/files\/2022\/09\/Adamo-200x200.jpg\" alt=\"\" width=\"200\" height=\"200\" srcset=\"https:\/\/wp.ufpel.edu.br\/lai\/files\/2022\/09\/Adamo-200x200.jpg 200w, https:\/\/wp.ufpel.edu.br\/lai\/files\/2022\/09\/Adamo-400x400.jpg 400w, https:\/\/wp.ufpel.edu.br\/lai\/files\/2022\/09\/Adamo-600x600.jpg 600w, https:\/\/wp.ufpel.edu.br\/lai\/files\/2022\/09\/Adamo-150x150.jpg 150w, https:\/\/wp.ufpel.edu.br\/lai\/files\/2022\/09\/Adamo.jpg 640w\" sizes=\"auto, (max-width: 200px) 100vw, 200px\" \/><\/td>\n<td style=\"width: 2.06186%; height: 162px;\"><\/td>\n<td style=\"width: 76.97%; height: 162px; text-align: justify;\">\n<p><span style=\"font-size: 14pt;\"><strong>\u00c1damo de Souza Ara\u00fajo<\/strong><\/span> Graduado em Engenharia Agr\u00edcola pela Universidade Federal de Pelotas (2010). Mestrado Acad\u00eamico (2013) e Doutorado em Ci\u00eancia e tecnologia de sementes pela Universidade Federal de Pelotas (2017). Atualmente, professor e coordenador do curso de Engenharia Agr\u00edcola da Universidade Federal de Pelotas &#8211; Centro de Engenharias. Linhas de pesquisa: Beneficiamento, secagem e armazenamento de sementes e gr\u00e3os; Instrumenta\u00e7\u00e3o de sensores de sistemas agr\u00edcolas e industriais; Processamento de imagem para a analise morfol\u00f3gica de sementes e estruturas vegetais; Projeto de Silos e Armaz\u00e9ns; M\u00e1quinas El\u00e9tricas e Acionamento. Energiza\u00e7\u00e3o Rural.<\/p>\n<p>Curr\u00edculo Lattes: <a href=\"http:\/\/lattes.cnpq.br\/0262952916541413\">http:\/\/lattes.cnpq.br\/0262952916541413<\/a><\/td>\n<\/tr>\n<tr style=\"height: 288px;\">\n<td style=\"width: 24.5046%; height: 205px;\"><img loading=\"lazy\" decoding=\"async\" class=\"alignnone size-thumbnail wp-image-114\" src=\"https:\/\/wp.ufpel.edu.br\/lai\/files\/2022\/09\/Giusepe-200x200.jpg\" alt=\"\" width=\"200\" height=\"200\" srcset=\"https:\/\/wp.ufpel.edu.br\/lai\/files\/2022\/09\/Giusepe-200x200.jpg 200w, https:\/\/wp.ufpel.edu.br\/lai\/files\/2022\/09\/Giusepe-400x400.jpg 400w, https:\/\/wp.ufpel.edu.br\/lai\/files\/2022\/09\/Giusepe-600x600.jpg 600w, https:\/\/wp.ufpel.edu.br\/lai\/files\/2022\/09\/Giusepe-150x150.jpg 150w, https:\/\/wp.ufpel.edu.br\/lai\/files\/2022\/09\/Giusepe.jpg 640w\" sizes=\"auto, (max-width: 200px) 100vw, 200px\" \/><\/td>\n<td style=\"width: 2.06186%; height: 205px;\"><\/td>\n<td style=\"width: 76.97%; height: 205px; text-align: justify;\">\n<p><span style=\"font-size: 14pt;\"><strong>Giusepe Stefanello<\/strong><\/span> Engenheiro do Centro de Engenharias da UFPEL e Docente do Curso de Engenharia Agr\u00edcola do Centro de Engenharias da UFPEL. Disciplinas: Tecnologia Mec\u00e2nica, Projeto de Elementos de M\u00e1quinas, M\u00e1quinas Agr\u00edcolas I, M\u00e1quinas Agr\u00edcolas II, M\u00e1quinas Agr\u00edcolas III e Projeto de M\u00e1quinas Agr\u00edcolas. Forma\u00e7\u00e3o: Engenheiro Agr\u00edcola, Mestre e Doutor em Agronomia pelo PPG em Sistemas de Produ\u00e7\u00e3o Agr\u00edcola Familiar, com experi\u00eancia profissional e acad\u00eamica em utiliza\u00e7\u00e3o, projeto e manuten\u00e7\u00e3o de instala\u00e7\u00f5es, m\u00e1quinas e equipamentos agr\u00edcolas e agroindustriais.<\/p>\n<p>Curr\u00edculo Lattes: <a href=\"http:\/\/lattes.cnpq.br\/4037570080977346\">http:\/\/lattes.cnpq.br\/4037570080977346<\/a><\/td>\n<\/tr>\n<tr>\n<td style=\"width: 24.5046%;\"><img loading=\"lazy\" decoding=\"async\" class=\"alignnone wp-image-363\" src=\"https:\/\/wp.ufpel.edu.br\/lai\/files\/2023\/05\/Marlon-349x400.jpg\" alt=\"\" width=\"204\" height=\"234\" srcset=\"https:\/\/wp.ufpel.edu.br\/lai\/files\/2023\/05\/Marlon-349x400.jpg 349w, https:\/\/wp.ufpel.edu.br\/lai\/files\/2023\/05\/Marlon-893x1024.jpg 893w, https:\/\/wp.ufpel.edu.br\/lai\/files\/2023\/05\/Marlon-768x881.jpg 768w, https:\/\/wp.ufpel.edu.br\/lai\/files\/2023\/05\/Marlon-1339x1536.jpg 1339w, https:\/\/wp.ufpel.edu.br\/lai\/files\/2023\/05\/Marlon.jpg 1728w\" sizes=\"auto, (max-width: 204px) 100vw, 204px\" \/><\/td>\n<td style=\"width: 2.06186%;\"><\/td>\n<td style=\"width: 76.97%; text-align: justify;\">\n<p class=\"nome\" tabindex=\"0\"><strong><span style=\"font-size: 14pt;\">Marlon Mauricio Hern\u00e1ndez Cely<\/span><\/strong> <span style=\"font-size: 12pt;\">Professor Adjunto da UFPEL no Centro de Engenharias CENG, curso de Controle e Automa\u00e7\u00e3o. Possui gradua\u00e7\u00e3o em Engenharia Eletr\u00f4nica (Col\u00f4mbia 2002), mestrado em Controles Industriais (Col\u00f4mbia 2010), ambos pela Universidade de Pamplona e doutorado Engenharia Mec\u00e2nica pela Universidade de S\u00e3o Paulo (EESC\/USP 2018). Tem experi\u00eancia na \u00e1rea de Engenharia El\u00e9trica com \u00eanfase em Instrumenta\u00e7\u00e3o avan\u00e7ada, Automa\u00e7\u00e3o, controle e modelagem, atuando principalmente nos seguintes temas: Instrumenta\u00e7\u00e3o industrial, Automa\u00e7\u00e3o de processos, Instrumenta\u00e7\u00e3o aplicada a escoamentos multif\u00e1sicos. Trabalhou como Pesquisador Doutor para a Petrobras (2018 &#8211; 2019), CEPETRO-UNICAMP. Foi Pesquisador Doutor contratado pela PETROBRAS (2018 &#8211; 2021). Tem participado de mais de 3 projetos financiados com empresas, como PETROBRAS e EQUINOR, principalmente na \u00e1rea Instrumenta\u00e7\u00e3o Industrial avan\u00e7ada, Supervis\u00e3o e Controle de escoamento em petr\u00f3leo e g\u00e1s. Foi Supervisor do Laborat\u00f3rio de Escoamentos Multif\u00e1sicos Industriais (LEMI) da EESC-USP, financiado pela PETROBRAS, e do N\u00facleo de Apoio \u00e0 Pesquisa em Escoamento Multif\u00e1sico (NAP-EM), n\u00facleo ligado diretamente \u00e0 Pr\u00f3-reitoria de Pesquisa da Universidade de S\u00e3o Paulo (USP).<\/span><\/p>\n<\/td>\n<\/tr>\n<\/tbody>\n<\/table>\n<h2 style=\"text-align: justify;\">Bolsistas<\/h2>\n<table style=\"width: 100%; border-collapse: collapse;\" border=\"0\">\n<tbody>\n<tr>\n<td style=\"width: 24.8797%;\"><img loading=\"lazy\" decoding=\"async\" class=\"alignnone size-thumbnail wp-image-120\" src=\"https:\/\/wp.ufpel.edu.br\/lai\/files\/2022\/09\/Maik-200x200.jpg\" alt=\"\" width=\"200\" height=\"200\" srcset=\"https:\/\/wp.ufpel.edu.br\/lai\/files\/2022\/09\/Maik-200x200.jpg 200w, https:\/\/wp.ufpel.edu.br\/lai\/files\/2022\/09\/Maik-400x400.jpg 400w, https:\/\/wp.ufpel.edu.br\/lai\/files\/2022\/09\/Maik-600x600.jpg 600w, https:\/\/wp.ufpel.edu.br\/lai\/files\/2022\/09\/Maik-150x150.jpg 150w, https:\/\/wp.ufpel.edu.br\/lai\/files\/2022\/09\/Maik.jpg 640w\" sizes=\"auto, (max-width: 200px) 100vw, 200px\" \/><\/td>\n<td style=\"width: 2.06186%;\"><\/td>\n<td style=\"width: 73.0584%; text-align: justify;\">\n<p><span style=\"font-size: 14pt;\"><strong>Maik Concei\u00e7\u00e3o Dias<\/strong> <\/span>Bolsista de Inicia\u00e7\u00e3o Cientifica do Laborat\u00f3rio de Automa\u00e7\u00e3o Industrial-UFPel, Colaborador do Projeto Exatas Diversidades Afro Ind\u00edgenas (ProEDAI-UFPel), Mec\u00e2nico de Manuten\u00e7\u00e3o Industrial, Estudante de Engenharia de Produ\u00e7\u00e3o-UFPel<\/p>\n<p>Curriculo Lattes: <a href=\"http:\/\/buscatextual.cnpq.br\/buscatextual\/visualizacv.do?id=K9670557U1&amp;tokenCaptchar=03AL8dmw8Bv1JPO5yx1NQAjTke163nA7KiMpZanTLsq1CBwj_STUFiyF9n2OrXZjq4OnIeIOewX7RpLolEkfSSIkIU1H5_hhtMyqLeu08_932fPvxtA9Yqq9KRL4gmAyBd2sm2fuQmwWy2aH5XvBErB-H2jQrDyb_JO74zE8l5O-NjI5AN829ZZTItPcsZjzTgVBlMThJ7kDOvqilRqoBMB5gjq5B_WGG5oE_bidSNLHg7DADs-Q8Z0Tbyf0QkenK5nFd4MCgA-x7TDqZa3c4hoWwEnv2SZ1s1yC3eJisqTegTu0KXHs38TGdUXlfxL6A80rRvcYHBQKlk50RfMIiwPkdULgkM9mjOjgzBcsMwwnOFXWJM9bXpheVH9J3QnxzOkVlrng-ZTGkaffGYuvXjw_l77G90tmYMdAHWMx1nFsu_yXC3xLXsNRjsXgEjeniRduNycXgPIhzMEsZ39h6PzM8eloWrLKCeBJCduiqKc5OEZ7qXOTIP5tKDjQJZS9WJw8S57tsqwaARJLXiDdTM-u5N_j2r0IE9xwn-4ab1s1P4sCgtY-1tGSAdwfFvkYVvZMjzTPSjRcHt\">http:\/\/lattes.cnpq.br\/6974473379792674<\/a><\/td>\n<\/tr>\n<tr>\n<td style=\"width: 24.8797%;\">\n<p>&nbsp;<\/p>\n<p><img loading=\"lazy\" decoding=\"async\" class=\"alignnone wp-image-323\" src=\"https:\/\/wp.ufpel.edu.br\/lai\/files\/2023\/05\/Lauro-400x355.jpg\" alt=\"\" width=\"206\" height=\"183\" srcset=\"https:\/\/wp.ufpel.edu.br\/lai\/files\/2023\/05\/Lauro-400x355.jpg 400w, https:\/\/wp.ufpel.edu.br\/lai\/files\/2023\/05\/Lauro-1024x909.jpg 1024w, https:\/\/wp.ufpel.edu.br\/lai\/files\/2023\/05\/Lauro-768x682.jpg 768w, https:\/\/wp.ufpel.edu.br\/lai\/files\/2023\/05\/Lauro.jpg 1192w\" sizes=\"auto, (max-width: 206px) 100vw, 206px\" \/><\/td>\n<td style=\"width: 2.06186%;\"><\/td>\n<td style=\"width: 73.0584%;\">\n<p><span style=\"font-size: 14pt;\"><strong>Lauro Ara\u00fajo Leme<\/strong><\/span> Bolsista de Inicia\u00e7\u00e3o \u00e0 Extens\u00e3o do Projeto de Inser\u00e7\u00e3o e Uso do Mapeamento A\u00e9reo em Comunidades Quilombolas e Comunidades da Lagoa dos Patos, Colaborador do Projeto Exatas Diversidades Afro Ind\u00edgenas (ProEDAI-UFPel). Estudante de Engenharia de Petr\u00f3leo-UFPel.<\/p>\n<p>&nbsp;<\/td>\n<\/tr>\n<tr>\n<td style=\"width: 24.8797%;\"><img loading=\"lazy\" decoding=\"async\" class=\"alignnone wp-image-322\" src=\"https:\/\/wp.ufpel.edu.br\/lai\/files\/2023\/05\/Matheus-321x400.jpg\" alt=\"\" width=\"151\" height=\"188\" srcset=\"https:\/\/wp.ufpel.edu.br\/lai\/files\/2023\/05\/Matheus-321x400.jpg 321w, https:\/\/wp.ufpel.edu.br\/lai\/files\/2023\/05\/Matheus-822x1024.jpg 822w, https:\/\/wp.ufpel.edu.br\/lai\/files\/2023\/05\/Matheus-768x956.jpg 768w, https:\/\/wp.ufpel.edu.br\/lai\/files\/2023\/05\/Matheus.jpg 824w\" sizes=\"auto, (max-width: 151px) 100vw, 151px\" \/><\/td>\n<td style=\"width: 2.06186%;\"><\/td>\n<td style=\"width: 73.0584%;\">\n<p><span style=\"font-size: 14pt;\"><strong>Matheus Philipe <\/strong><\/span>Bolsista de Inicia\u00e7\u00e3o ao Ensino do Projeto\u00a0<span style=\"font-family: inherit; font-size: inherit;\">Exatas Diversidades Afro Ind\u00edgenas (ProEDAI-UFPel) e Colaborador do Projeto <\/span><span style=\"font-family: inherit; font-size: inherit;\">de Inser\u00e7\u00e3o e Uso do Mapeamento A\u00e9reo em Comunidades Quilombolas e Comunidades da Lagoa dos Patos. Estudante de Engenharia de Petr\u00f3leo-UFPel.<\/span><\/p>\n<p>&nbsp;<\/td>\n<\/tr>\n<tr>\n<td style=\"width: 24.8797%;\"><img loading=\"lazy\" decoding=\"async\" class=\"alignnone  wp-image-366\" src=\"https:\/\/wp.ufpel.edu.br\/lai\/files\/2023\/05\/Tarick-300x400.jpg\" alt=\"\" width=\"159\" height=\"212\" srcset=\"https:\/\/wp.ufpel.edu.br\/lai\/files\/2023\/05\/Tarick-300x400.jpg 300w, https:\/\/wp.ufpel.edu.br\/lai\/files\/2023\/05\/Tarick-768x1024.jpg 768w, https:\/\/wp.ufpel.edu.br\/lai\/files\/2023\/05\/Tarick-1152x1536.jpg 1152w, https:\/\/wp.ufpel.edu.br\/lai\/files\/2023\/05\/Tarick.jpg 1200w\" sizes=\"auto, (max-width: 159px) 100vw, 159px\" \/><\/td>\n<td style=\"width: 2.06186%;\"><\/td>\n<td style=\"width: 73.0584%;\"><span style=\"font-size: 14pt;\"><strong>\u00a0Tarick\u00a0 Blodorn <\/strong><span style=\"font-size: 12pt;\">Bolsista volunt\u00e1rio, <\/span><span style=\"font-size: 12pt;\">estudante do Curso de Engenharia de Controle e Automa\u00e7\u00e3o<\/span><\/span><\/td>\n<\/tr>\n<\/tbody>\n<\/table>\n<h2 style=\"text-align: justify;\">Ex-Bolsistas<\/h2>\n<table style=\"width: 100%; border-collapse: collapse;\" border=\"0\">\n<tbody>\n<tr style=\"height: 215px;\">\n<td style=\"width: 24.8797%; height: 215px;\"><img loading=\"lazy\" decoding=\"async\" class=\"alignnone wp-image-137 size-thumbnail\" src=\"https:\/\/wp.ufpel.edu.br\/lai\/files\/2022\/09\/Shalon_Joab_0128-200x200.jpg\" alt=\"\" width=\"200\" height=\"200\" srcset=\"https:\/\/wp.ufpel.edu.br\/lai\/files\/2022\/09\/Shalon_Joab_0128-200x200.jpg 200w, https:\/\/wp.ufpel.edu.br\/lai\/files\/2022\/09\/Shalon_Joab_0128-600x600.jpg 600w, https:\/\/wp.ufpel.edu.br\/lai\/files\/2022\/09\/Shalon_Joab_0128-400x400.jpg 400w, https:\/\/wp.ufpel.edu.br\/lai\/files\/2022\/09\/Shalon_Joab_0128-150x150.jpg 150w\" sizes=\"auto, (max-width: 200px) 100vw, 200px\" \/><\/td>\n<td style=\"width: 2.06186%; height: 215px;\"><\/td>\n<td style=\"width: 73.0584%; text-align: justify; height: 215px;\">\n<p><span style=\"font-size: 14pt;\"><strong>Joab Tavares Fagundes<\/strong><\/span> &#8211; 21 Anos\/ Nascido e Residente de Pelotas-RS. T\u00e9cnico em Eletromec\u00e2nica pelo Instituto Federal Sul Rio-grandense Campus Pelotas; Estudante do Curso de Engenharia de Controle e Automa\u00e7\u00e3o pela Universidade Federal de Pelotas (2\u00b0 Ano); Possuo experi\u00eancias t\u00e9cnicas na \u00e1reas de: T\u00e9cnico em Manuten\u00e7\u00e3o Eletromec\u00e2nica; T\u00e9cnico em Manuten\u00e7\u00e3o de Sistemas de Computador; T\u00e9cnico em Inform\u00e1tica; Programa\u00e7\u00e3o; Design Gr\u00e1fico e Social M\u00eddia. Tenho Conhecimento Lingu\u00edstico em: Ingl\u00eas (B\u00e1sico); Espanhol (Intermedi\u00e1rio); Libras (B\u00e1sico).<\/p>\n<p>Curr\u00edculo Lattes: <a href=\"http:\/\/lattes.cnpq.br\/7598383173221533\">http:\/\/lattes.cnpq.br\/7598383173221533<\/a><\/td>\n<\/tr>\n<tr style=\"height: 12px;\">\n<td style=\"width: 24.8797%; height: 12px;\"><img loading=\"lazy\" decoding=\"async\" class=\"alignnone wp-image-326\" src=\"https:\/\/wp.ufpel.edu.br\/lai\/files\/2023\/05\/Moise\u0301s-400x400.jpg\" alt=\"\" width=\"198\" height=\"198\" srcset=\"https:\/\/wp.ufpel.edu.br\/lai\/files\/2023\/05\/Moise\u0301s-400x400.jpg 400w, https:\/\/wp.ufpel.edu.br\/lai\/files\/2023\/05\/Moise\u0301s-200x200.jpg 200w, https:\/\/wp.ufpel.edu.br\/lai\/files\/2023\/05\/Moise\u0301s-150x150.jpg 150w, https:\/\/wp.ufpel.edu.br\/lai\/files\/2023\/05\/Moise\u0301s.jpg 575w\" sizes=\"auto, (max-width: 198px) 100vw, 198px\" \/><\/td>\n<td style=\"width: 2.06186%; height: 12px;\"><\/td>\n<td style=\"width: 73.0584%; height: 12px;\"><span style=\"font-size: 14pt;\"><strong>Mois\u00e9s Ribeiro Ferreira <\/strong><\/span>&#8211; Monitor da disciplina de Acionamentos Hidr\u00e1ulicos e Pneum\u00e1ticos, Colaborador do Projeto Exatas Diversidades Afro Ind\u00edgenas (ProEDAI-UFPel). Estudante de Engenharia de Produ\u00e7\u00e3o-UFPelCurriculo Lattes: <a href=\"http:\/\/lattes.cnpq.br\/1056738371792663\">http:\/\/lattes.cnpq.br\/1056738371792663<\/a><\/td>\n<\/tr>\n<tr style=\"height: 206px;\">\n<td style=\"width: 24.8797%; height: 206px;\"><img loading=\"lazy\" decoding=\"async\" class=\"alignnone size-thumbnail wp-image-121\" src=\"https:\/\/wp.ufpel.edu.br\/lai\/files\/2022\/09\/Marjana-200x200.jpg\" alt=\"\" width=\"200\" height=\"200\" srcset=\"https:\/\/wp.ufpel.edu.br\/lai\/files\/2022\/09\/Marjana-200x200.jpg 200w, https:\/\/wp.ufpel.edu.br\/lai\/files\/2022\/09\/Marjana-400x400.jpg 400w, https:\/\/wp.ufpel.edu.br\/lai\/files\/2022\/09\/Marjana-600x600.jpg 600w, https:\/\/wp.ufpel.edu.br\/lai\/files\/2022\/09\/Marjana-150x150.jpg 150w, https:\/\/wp.ufpel.edu.br\/lai\/files\/2022\/09\/Marjana.jpg 640w\" sizes=\"auto, (max-width: 200px) 100vw, 200px\" \/><\/td>\n<td style=\"width: 2.06186%; height: 206px;\"><\/td>\n<td style=\"width: 73.0584%; height: 206px;\">\n<p><span style=\"font-size: 14pt;\"><strong>Marjana Ferreira Mendes<\/strong><\/span> Graduada em Geoprocessamento (2014) e Graduanda em Engenharia Ambiental e Sanit\u00e1ria (2020) ambas pela Universidade Federal de Pelotas. Desenvolvi trabalhos associados a import\u00e2ncia de estudos afro-brasileiros, Instrumentos de Educa\u00e7\u00e3o Ambiental como Revitaliza\u00e7\u00e3o de Pneus, Plantas e Mudas. Tenho interesse na \u00e1rea de Ci\u00eancias ambientais, desastres e avalia\u00e7\u00e3o de impactos ambientais e Sistemas de Informa\u00e7\u00e3o Geogr\u00e1fica (SIGs). P\u00f3s graduanda em Topografia e Sensoriamento Remoto (2018) e Auditoria e Per\u00edcia Ambiental (2018) pelas respectivas Unidades Acad\u00eamicas \u00danica e FARESE. Tem experi\u00eancia em Geoci\u00eancias, utiliza\u00e7\u00e3o da ferramenta de SIG (Sistemas de Informa\u00e7\u00e3o Geogr\u00e1fica), an\u00e1lises geogr\u00e1ficas bem como monitoramento e avalia\u00e7\u00e3o de impactos ambientais.<\/p>\n<p>Curr\u00edculo Lattes: <a href=\"http:\/\/lattes.cnpq.br\/9426033011353596\">http:\/\/lattes.cnpq.br\/9426033011353596<\/a><\/td>\n<\/tr>\n<tr>\n<td style=\"width: 24.8797%;\"><img loading=\"lazy\" decoding=\"async\" class=\"alignnone wp-image-327\" src=\"https:\/\/wp.ufpel.edu.br\/lai\/files\/2023\/05\/Ricardo-400x400.jpg\" alt=\"\" width=\"199\" height=\"199\" srcset=\"https:\/\/wp.ufpel.edu.br\/lai\/files\/2023\/05\/Ricardo-400x400.jpg 400w, https:\/\/wp.ufpel.edu.br\/lai\/files\/2023\/05\/Ricardo-200x200.jpg 200w, https:\/\/wp.ufpel.edu.br\/lai\/files\/2023\/05\/Ricardo-150x150.jpg 150w, https:\/\/wp.ufpel.edu.br\/lai\/files\/2023\/05\/Ricardo.jpg 599w\" sizes=\"auto, (max-width: 199px) 100vw, 199px\" \/><\/td>\n<td style=\"width: 2.06186%;\"><\/td>\n<td style=\"width: 73.0584%;\">Graduando em Engenharia de Controle e Automa\u00e7\u00e3o pela UFPel, T\u00e9cnico em Automa\u00e7\u00e3o Industrial pelo IFSul. Com experi\u00eancia na \u00e1rea de Sistemas Hidr\u00e1ulicos e Pneum\u00e1ticos. Foi bolsista de Inicia\u00e7\u00e3o ao Ensino no Projeto de Estrutura\u00e7\u00e3o do Laborat\u00f3rio de Automa\u00e7\u00e3o Industrial.<span style=\"font-size: 14pt;\"><strong><br \/>\n<\/strong><\/span>Curr\u00edculo Lattes: <a href=\"http:\/\/lattes.cnpq.br\/9130382100075700\">http:\/\/lattes.cnpq.br\/9130382100075700<\/a><\/td>\n<\/tr>\n<\/tbody>\n<\/table>\n<p>&nbsp;<\/p>\n","protected":false},"excerpt":{"rendered":"<p>Coordenador Gilson Sim\u00f5es Porci\u00fancula Doutor e Mestre em Engenharia Mec\u00e2nica pela UFSC &#8211; Universidade Federal de Santa Catarina. Engenheiro Agr\u00edcola formado pela UFPEL &#8211; Universidade Federal de Pelotas e T\u00e9cnico em Mec\u00e2nica Ind\u00fastrial pelo CEFET-RS &#8211; Centro Federal de Educa\u00e7\u00e3o Tecnol\u00f3gica de Pelotas. Tem experi\u00eancia na \u00e1rea de Engenharia Mec\u00e2nica, com \u00eanfase em An\u00e1lise e [&hellip;]<\/p>\n","protected":false},"author":1260,"featured_media":0,"parent":0,"menu_order":0,"comment_status":"closed","ping_status":"closed","template":"","meta":{"footnotes":""},"class_list":["post-16","page","type-page","status-publish","hentry"],"_links":{"self":[{"href":"https:\/\/wp.ufpel.edu.br\/lai\/wp-json\/wp\/v2\/pages\/16","targetHints":{"allow":["GET"]}}],"collection":[{"href":"https:\/\/wp.ufpel.edu.br\/lai\/wp-json\/wp\/v2\/pages"}],"about":[{"href":"https:\/\/wp.ufpel.edu.br\/lai\/wp-json\/wp\/v2\/types\/page"}],"author":[{"embeddable":true,"href":"https:\/\/wp.ufpel.edu.br\/lai\/wp-json\/wp\/v2\/users\/1260"}],"replies":[{"embeddable":true,"href":"https:\/\/wp.ufpel.edu.br\/lai\/wp-json\/wp\/v2\/comments?post=16"}],"version-history":[{"count":15,"href":"https:\/\/wp.ufpel.edu.br\/lai\/wp-json\/wp\/v2\/pages\/16\/revisions"}],"predecessor-version":[{"id":367,"href":"https:\/\/wp.ufpel.edu.br\/lai\/wp-json\/wp\/v2\/pages\/16\/revisions\/367"}],"wp:attachment":[{"href":"https:\/\/wp.ufpel.edu.br\/lai\/wp-json\/wp\/v2\/media?parent=16"}],"curies":[{"name":"wp","href":"https:\/\/api.w.org\/{rel}","templated":true}]}}