{"id":13,"date":"2011-09-30T11:42:25","date_gmt":"2011-09-30T14:42:25","guid":{"rendered":"https:\/\/wp.ufpel.edu.br\/lahbbio\/"},"modified":"2011-12-22T21:05:24","modified_gmt":"2011-12-22T21:05:24","slug":"linhas-de-pesquisa","status":"publish","type":"page","link":"https:\/\/wp.ufpel.edu.br\/lahbbio\/linhas-de-pesquisa\/","title":{"rendered":"Linhas de pesquisa"},"content":{"rendered":"<p><strong>Linhas de Pesquisa:<\/strong><\/p>\n<p>1- <strong>S\u00edntese de Mol\u00e9culas bioativas via ultrasom<\/strong><\/p>\n<p>S\u00edntese de subst\u00e2ncias bioativas, heterociclos an\u00e1logos a f\u00e1rmacos.<\/p>\n<p>2- <strong>Bioenergia<\/strong><\/p>\n<p>Prepara\u00e7\u00e3o de biodiesel derivado mat\u00e9rias-primas alternativas, como, am\u00eandoas de frutos e microalgas.<\/p>\n<p>3- <strong>Sonoqu\u00edmica<\/strong><\/p>\n<p>Uso racional da ultrassom para acelerar processos org\u00e2nicos em rea\u00e7\u00f5es da qu\u00edmica org\u00e2nica, promovendo processos mais limpos e menos onerosos ao meio ambiente.<\/p>\n<p>4- <strong>Bioprospec\u00e7\u00e3o de Macro- e Micro-algas<\/strong><\/p>\n<p>Estudo das algas, visando a pesquisa de subst\u00e2ncias biologicamente ativas.<\/p>\n<p>5-<strong> Medicamentos: <\/strong><\/p>\n<p>Informa\u00e7\u00f5es, Uso Racional e Descarte de Medicamentos.<\/p>\n<p>6-<strong> Produtos Naturais<\/strong>:<\/p>\n<p>Identifica\u00e7\u00e3o, isolamento, elucida\u00e7\u00e3o e Modifica\u00e7\u00e3o Estrutural de compostos naturais visando aplica\u00e7\u00e3o em \u00e1reas de interesse farmac\u00eautico.<\/p>\n<p>Estudo de alimentos com potencial\u00a0\u00a0interesse farmac\u00eautico.<\/p>\n","protected":false},"excerpt":{"rendered":"<p>Linhas de Pesquisa: 1- S\u00edntese de Mol\u00e9culas bioativas via ultrasom S\u00edntese de subst\u00e2ncias bioativas, heterociclos an\u00e1logos a f\u00e1rmacos. 2- Bioenergia Prepara\u00e7\u00e3o de biodiesel derivado mat\u00e9rias-primas alternativas, como, am\u00eandoas de frutos e microalgas. 3- Sonoqu\u00edmica Uso racional da ultrassom para acelerar &hellip; <a href=\"https:\/\/wp.ufpel.edu.br\/lahbbio\/linhas-de-pesquisa\/\">Continue lendo <span class=\"meta-nav\">&rarr;<\/span><\/a><\/p>\n","protected":false},"author":131,"featured_media":0,"parent":0,"menu_order":0,"comment_status":"closed","ping_status":"open","template":"","meta":{"footnotes":""},"class_list":["post-13","page","type-page","status-publish","hentry"],"_links":{"self":[{"href":"https:\/\/wp.ufpel.edu.br\/lahbbio\/wp-json\/wp\/v2\/pages\/13","targetHints":{"allow":["GET"]}}],"collection":[{"href":"https:\/\/wp.ufpel.edu.br\/lahbbio\/wp-json\/wp\/v2\/pages"}],"about":[{"href":"https:\/\/wp.ufpel.edu.br\/lahbbio\/wp-json\/wp\/v2\/types\/page"}],"author":[{"embeddable":true,"href":"https:\/\/wp.ufpel.edu.br\/lahbbio\/wp-json\/wp\/v2\/users\/131"}],"replies":[{"embeddable":true,"href":"https:\/\/wp.ufpel.edu.br\/lahbbio\/wp-json\/wp\/v2\/comments?post=13"}],"version-history":[{"count":6,"href":"https:\/\/wp.ufpel.edu.br\/lahbbio\/wp-json\/wp\/v2\/pages\/13\/revisions"}],"predecessor-version":[{"id":63,"href":"https:\/\/wp.ufpel.edu.br\/lahbbio\/wp-json\/wp\/v2\/pages\/13\/revisions\/63"}],"wp:attachment":[{"href":"https:\/\/wp.ufpel.edu.br\/lahbbio\/wp-json\/wp\/v2\/media?parent=13"}],"curies":[{"name":"wp","href":"https:\/\/api.w.org\/{rel}","templated":true}]}}

<p><strong>Linhas de Pesquisa:</strong></p>
<p>1- <strong>Síntese de Moléculas bioativas via ultrasom</strong></p>
<p>Síntese de substâncias bioativas, heterociclos análogos a fármacos.</p>
<p>2- <strong>Bioenergia</strong></p>
<p>Preparação de biodiesel derivado matérias-primas alternativas, como, amêndoas de frutos e microalgas.</p>
<p>3- <strong>Sonoquímica</strong></p>
<p>Uso racional da ultrassom para acelerar processos orgânicos em reações da química orgânica, promovendo processos mais limpos e menos onerosos ao meio ambiente.</p>
<p>4- <strong>Bioprospecção de Macro- e Micro-algas</strong></p>
<p>Estudo das algas, visando a pesquisa de substâncias biologicamente ativas.</p>
<p>5-<strong> Medicamentos: </strong></p>
<p>Informações, Uso Racional e Descarte de Medicamentos.</p>
<p>6-<strong> Produtos Naturais</strong>:</p>
<p>Identificação, isolamento, elucidação e Modificação Estrutural de compostos naturais visando aplicação em áreas de interesse farmacêutico.</p>
<p>Estudo de alimentos com potencial  interesse farmacêutico.</p>

<p>Linhas de Pesquisa: 1- Síntese de Moléculas bioativas via ultrasom Síntese de substâncias bioativas, heterociclos análogos a fármacos. 2- Bioenergia Preparação de biodiesel derivado matérias-primas alternativas, como, amêndoas de frutos e microalgas. 3- Sonoquímica Uso racional da ultrassom para acelerar &hellip; <a href="https://wp.ufpel.edu.br/lahbbio/linhas-de-pesquisa/">Continue lendo <span class="meta-nav">&rarr;</span></a></p>
