{"id":184,"date":"2019-08-28T22:32:48","date_gmt":"2019-08-29T01:32:48","guid":{"rendered":"https:\/\/wp.ufpel.edu.br\/laficardio\/?page_id=184"},"modified":"2021-05-30T12:00:58","modified_gmt":"2021-05-30T15:00:58","slug":"pesquisa","status":"publish","type":"page","link":"https:\/\/wp.ufpel.edu.br\/laficardio\/pesquisa\/","title":{"rendered":"Pesquisa"},"content":{"rendered":"<h3 style=\"text-align: center\"><span style=\"color: #ff0000\"><strong>Linhas de pesquisa:<\/strong><\/span><\/h3>\n<p style=\"text-align: justify\">\u2022 Estudo dos mecanismos envolvidos na patog\u00eanese da insufici\u00eancia card\u00edaca;<\/p>\n<p style=\"text-align: justify\">\u2022 Efeitos cardiovasculares do cogumelo Pleurotus albidus;<\/p>\n<p style=\"text-align: justify\">\u2022 Influ\u00eancia da cafe\u00edna no sistema cardiovascular;<\/p>\n<p>\u2022 Feitos cardiovasculares do uso de extrato de <i>Pleurotus albidus.<\/i><\/p>\n<h3 style=\"text-align: center\"><span style=\"color: #ff0000\"><strong>Projetos de Pesquisa em andamento:<\/strong><\/span><\/h3>\n<p style=\"text-align: justify\">\u2022 Atividade da paraoxonase-1: estudo da associa\u00e7\u00e3o a polimorfismos gen\u00e9ticos, fatores bioqu\u00edmicos e nutricionais em crian\u00e7as;<\/p>\n<p style=\"text-align: justify\">\u2022\u00a0 Uso de senol\u00edticos para preven\u00e7\u00e3o do envelhecimento ovariano e aumento da fertilidade em camundongos;<\/p>\n<p style=\"text-align: justify\">\u2022 An\u00e1lise do efeito da cerveja artesanal no perfil lip\u00eddico s\u00e9rico e no estresse oxidativo hep\u00e1tico de ratos Wistar;<\/p>\n<p>\u2022 Identifica\u00e7\u00e3o da janela terap\u00eautica mais oportuna para retardar a transi\u00e7\u00e3o do infarto agudo do mioc\u00e1rdio para a insufici\u00eancia card\u00edaca com metilprednisolona;<\/p>\n<p>\u2022 Influ\u00eancia do receptor semelhante ao Toll4 na cardioprote\u00e7\u00e3o promovida pela restri\u00e7\u00e3o cal\u00f3rica 7 dias ap\u00f3s o infarto agudo do mioc\u00e1rdio em ratos;<\/p>\n<p>\u2022 Atividade da paraoxonase-1: estudo da associa\u00e7\u00e3o a polimorfismos gen\u00e9ticos, fatores bioqu\u00edmicos e nutricionais em crian\u00e7as;<\/p>\n<p>\u2022 Potencial Cardioprotetor dos cogumelos.<\/p>\n<p>&nbsp;<\/p>\n","protected":false},"excerpt":{"rendered":"<p>Linhas de pesquisa: \u2022 Estudo dos mecanismos envolvidos na patog\u00eanese da insufici\u00eancia card\u00edaca; \u2022 Efeitos cardiovasculares do cogumelo Pleurotus albidus; \u2022 Influ\u00eancia da cafe\u00edna no sistema cardiovascular; \u2022 Feitos cardiovasculares do uso de extrato de Pleurotus albidus. Projetos de Pesquisa em andamento: \u2022 Atividade da paraoxonase-1: estudo da associa\u00e7\u00e3o a polimorfismos gen\u00e9ticos, fatores bioqu\u00edmicos e [&hellip;]<\/p>\n","protected":false},"author":950,"featured_media":0,"parent":0,"menu_order":0,"comment_status":"closed","ping_status":"closed","template":"","meta":{"footnotes":""},"class_list":["post-184","page","type-page","status-publish","hentry"],"_links":{"self":[{"href":"https:\/\/wp.ufpel.edu.br\/laficardio\/wp-json\/wp\/v2\/pages\/184","targetHints":{"allow":["GET"]}}],"collection":[{"href":"https:\/\/wp.ufpel.edu.br\/laficardio\/wp-json\/wp\/v2\/pages"}],"about":[{"href":"https:\/\/wp.ufpel.edu.br\/laficardio\/wp-json\/wp\/v2\/types\/page"}],"author":[{"embeddable":true,"href":"https:\/\/wp.ufpel.edu.br\/laficardio\/wp-json\/wp\/v2\/users\/950"}],"replies":[{"embeddable":true,"href":"https:\/\/wp.ufpel.edu.br\/laficardio\/wp-json\/wp\/v2\/comments?post=184"}],"version-history":[{"count":9,"href":"https:\/\/wp.ufpel.edu.br\/laficardio\/wp-json\/wp\/v2\/pages\/184\/revisions"}],"predecessor-version":[{"id":514,"href":"https:\/\/wp.ufpel.edu.br\/laficardio\/wp-json\/wp\/v2\/pages\/184\/revisions\/514"}],"wp:attachment":[{"href":"https:\/\/wp.ufpel.edu.br\/laficardio\/wp-json\/wp\/v2\/media?parent=184"}],"curies":[{"name":"wp","href":"https:\/\/api.w.org\/{rel}","templated":true}]}}