{"id":775,"date":"2023-02-10T18:14:39","date_gmt":"2023-02-10T21:14:39","guid":{"rendered":"https:\/\/wp.ufpel.edu.br\/laffimat\/?page_id=775"},"modified":"2023-02-10T18:14:39","modified_gmt":"2023-02-10T21:14:39","slug":"potenciostato-autolab-pgstat32-2","status":"publish","type":"page","link":"https:\/\/wp.ufpel.edu.br\/laffimat\/laboratorio-infraestrutura\/potenciostato-autolab-pgstat32-2\/","title":{"rendered":"Potenciostato Autolab PGSTAT32"},"content":{"rendered":"<p style=\"text-align: justify;\">O\u00a0<b>potenciostato AUTOLAB<\/b>\u00a0\u00e9 um dispositivo eletr\u00f4nico que controla a diferen\u00e7a de potencial el\u00e9trico entre o eletrodo de trabalho e o eletrodo de refer\u00eancia presentes em uma c\u00e9lula eletroqu\u00edmica. A partir de dados de corrente e potencial, as rea\u00e7\u00f5es podem ser estudadas.<\/p>\n","protected":false},"excerpt":{"rendered":"<p>O\u00a0potenciostato AUTOLAB\u00a0\u00e9 um dispositivo eletr\u00f4nico que controla a diferen\u00e7a de potencial el\u00e9trico entre o eletrodo de trabalho e o eletrodo de refer\u00eancia presentes em uma c\u00e9lula eletroqu\u00edmica. A partir de dados de corrente e potencial, as rea\u00e7\u00f5es podem ser estudadas.<\/p>\n","protected":false},"author":733,"featured_media":0,"parent":79,"menu_order":0,"comment_status":"closed","ping_status":"closed","template":"","meta":{"footnotes":""},"class_list":["post-775","page","type-page","status-publish","hentry"],"jetpack_sharing_enabled":true,"_links":{"self":[{"href":"https:\/\/wp.ufpel.edu.br\/laffimat\/wp-json\/wp\/v2\/pages\/775","targetHints":{"allow":["GET"]}}],"collection":[{"href":"https:\/\/wp.ufpel.edu.br\/laffimat\/wp-json\/wp\/v2\/pages"}],"about":[{"href":"https:\/\/wp.ufpel.edu.br\/laffimat\/wp-json\/wp\/v2\/types\/page"}],"author":[{"embeddable":true,"href":"https:\/\/wp.ufpel.edu.br\/laffimat\/wp-json\/wp\/v2\/users\/733"}],"replies":[{"embeddable":true,"href":"https:\/\/wp.ufpel.edu.br\/laffimat\/wp-json\/wp\/v2\/comments?post=775"}],"version-history":[{"count":1,"href":"https:\/\/wp.ufpel.edu.br\/laffimat\/wp-json\/wp\/v2\/pages\/775\/revisions"}],"predecessor-version":[{"id":776,"href":"https:\/\/wp.ufpel.edu.br\/laffimat\/wp-json\/wp\/v2\/pages\/775\/revisions\/776"}],"up":[{"embeddable":true,"href":"https:\/\/wp.ufpel.edu.br\/laffimat\/wp-json\/wp\/v2\/pages\/79"}],"wp:attachment":[{"href":"https:\/\/wp.ufpel.edu.br\/laffimat\/wp-json\/wp\/v2\/media?parent=775"}],"curies":[{"name":"wp","href":"https:\/\/api.w.org\/{rel}","templated":true}]}}