{"id":223,"date":"2019-06-14T00:57:18","date_gmt":"2019-06-14T03:57:18","guid":{"rendered":"https:\/\/wp.ufpel.edu.br\/laffimat\/?page_id=223"},"modified":"2024-07-22T13:06:05","modified_gmt":"2024-07-22T16:06:05","slug":"colaboradores","status":"publish","type":"page","link":"https:\/\/wp.ufpel.edu.br\/laffimat\/equipe\/colaboradores\/","title":{"rendered":"Colaboradores"},"content":{"rendered":"<ul>\n<li><span style=\"font-size: 12pt; color: #000000;\"><strong>Prof\u00aa Dra. Agnieszka Joanna Pawlicka Maule<\/strong><\/span><\/li>\n<\/ul>\n<p><span style=\"color: #000000; font-size: 12pt;\">Curr\u00edculo lattes:\u00a0<span style=\"color: #333399;\"><a style=\"color: #333399;\" href=\"http:\/\/lattes.cnpq.br\/5382690864755190\" target=\"_blank\" rel=\"noopener\">http:\/\/lattes.cnpq.br\/5382690864755190<\/a><\/span><\/span><\/p>\n<ul>\n<li><span style=\"font-size: 12pt; color: #000000;\"><strong>Prof. Dr. Andr\u00e9 G\u00fcndel<\/strong><\/span><\/li>\n<\/ul>\n<p><span style=\"color: #000000; font-size: 12pt;\">Curr\u00edculo Lattes:\u00a0<span style=\"color: #333399;\"><a style=\"color: #333399;\" href=\"http:\/\/lattes.cnpq.br\/9063998902105812\" target=\"_blank\" rel=\"noopener\">http:\/\/lattes.cnpq.br\/9063998902105812<\/a><\/span><\/span><\/p>\n<ul>\n<li><span style=\"font-size: 12pt; color: #000000;\"><strong>Prof. Dr. Javier Antonio G\u00f4mez Romero<\/strong><\/span><\/li>\n<\/ul>\n<p><span style=\"color: #000000; font-size: 12pt;\">Curr\u00edculo Lattes:\u00a0\u00a0<span style=\"color: #333399;\"><a style=\"color: #333399;\" href=\"http:\/\/lattes.cnpq.br\/9157743623890299\" target=\"_blank\" rel=\"noopener\">http:\/\/lattes.cnpq.br\/9157743623890299<\/a><\/span><\/span><\/p>\n<ul>\n<li><span style=\"color: #000000; font-size: 12pt;\"><strong>Prof\u00aa. Dr\u00aa. Joseane da Silva Porto<\/strong><\/span><\/li>\n<\/ul>\n<p><span style=\"color: #000000; font-size: 12pt;\">Curr\u00edculo Lattes: <span style=\"color: #333399;\"><a style=\"color: #333399;\" href=\"http:\/\/lattes.cnpq.br\/3989045675933733\" target=\"_blank\" rel=\"noopener\">http:\/\/lattes.cnpq.br\/3989045675933733<\/a><\/span><\/span><\/p>\n<ul>\n<li><strong><span style=\"color: #000000; font-size: 12pt;\">Dr. Marco Paulsen Rodrigues<\/span><\/strong><\/li>\n<\/ul>\n<p><span style=\"font-size: 12pt;\"><span style=\"color: #000000;\">Curr\u00edculo Lattes:<\/span><span style=\"color: #0000ff;\">\u00a0<a style=\"color: #0000ff;\" href=\"http:\/\/lattes.cnpq.br\/1657793408006932\">http:\/\/lattes.cnpq.br\/1657793408006932<\/a><\/span><\/span><\/p>\n<ul>\n<li><span style=\"color: #000000; font-size: 12pt;\"><strong>Prof\u00aa. Dr\u00aa. Ruth da Silva Brum<\/strong><\/span><\/li>\n<\/ul>\n<p><span class=\"texto\" style=\"font-size: 12pt; color: #000000;\">Curr\u00edculo Lattes: <span style=\"color: #333399;\"><a style=\"color: #333399;\" href=\"http:\/\/lattes.cnpq.br\/7298347412058864\" target=\"_blank\" rel=\"noopener\">http:\/\/lattes.cnpq.br\/7298347412058864<\/a><\/span><\/span><\/p>\n<ul>\n<li><span style=\"font-size: 12pt; color: #000000;\"><strong>Prof. Dr. Wladimir Hernandez Flores<\/strong><\/span><\/li>\n<\/ul>\n<p><span style=\"color: #000000; font-size: 12pt;\">Curr\u00edculo Lattes:\u00a0<span style=\"color: #333399;\"><a style=\"color: #333399;\" href=\"http:\/\/lattes.cnpq.br\/2955767520833215\">http:\/\/lattes.cnpq.br\/2955767520833215<\/a><\/span><\/span><\/p>\n","protected":false},"excerpt":{"rendered":"<p>Prof\u00aa Dra. Agnieszka Joanna Pawlicka Maule Curr\u00edculo lattes:\u00a0http:\/\/lattes.cnpq.br\/5382690864755190 Prof. Dr. Andr\u00e9 G\u00fcndel Curr\u00edculo Lattes:\u00a0http:\/\/lattes.cnpq.br\/9063998902105812 Prof. Dr. Javier Antonio G\u00f4mez Romero Curr\u00edculo Lattes:\u00a0\u00a0http:\/\/lattes.cnpq.br\/9157743623890299 Prof\u00aa. Dr\u00aa. Joseane da Silva Porto Curr\u00edculo Lattes: http:\/\/lattes.cnpq.br\/3989045675933733 Dr. Marco Paulsen Rodrigues Curr\u00edculo Lattes:\u00a0http:\/\/lattes.cnpq.br\/1657793408006932 Prof\u00aa. Dr\u00aa. Ruth &hellip; <a href=\"https:\/\/wp.ufpel.edu.br\/laffimat\/equipe\/colaboradores\/\">Continue lendo <span class=\"meta-nav\">&rarr;<\/span><\/a><\/p>\n","protected":false},"author":733,"featured_media":0,"parent":46,"menu_order":0,"comment_status":"closed","ping_status":"closed","template":"","meta":{"footnotes":""},"class_list":["post-223","page","type-page","status-publish","hentry"],"jetpack_sharing_enabled":true,"_links":{"self":[{"href":"https:\/\/wp.ufpel.edu.br\/laffimat\/wp-json\/wp\/v2\/pages\/223","targetHints":{"allow":["GET"]}}],"collection":[{"href":"https:\/\/wp.ufpel.edu.br\/laffimat\/wp-json\/wp\/v2\/pages"}],"about":[{"href":"https:\/\/wp.ufpel.edu.br\/laffimat\/wp-json\/wp\/v2\/types\/page"}],"author":[{"embeddable":true,"href":"https:\/\/wp.ufpel.edu.br\/laffimat\/wp-json\/wp\/v2\/users\/733"}],"replies":[{"embeddable":true,"href":"https:\/\/wp.ufpel.edu.br\/laffimat\/wp-json\/wp\/v2\/comments?post=223"}],"version-history":[{"count":10,"href":"https:\/\/wp.ufpel.edu.br\/laffimat\/wp-json\/wp\/v2\/pages\/223\/revisions"}],"predecessor-version":[{"id":910,"href":"https:\/\/wp.ufpel.edu.br\/laffimat\/wp-json\/wp\/v2\/pages\/223\/revisions\/910"}],"up":[{"embeddable":true,"href":"https:\/\/wp.ufpel.edu.br\/laffimat\/wp-json\/wp\/v2\/pages\/46"}],"wp:attachment":[{"href":"https:\/\/wp.ufpel.edu.br\/laffimat\/wp-json\/wp\/v2\/media?parent=223"}],"curies":[{"name":"wp","href":"https:\/\/api.w.org\/{rel}","templated":true}]}}