{"id":451,"date":"2020-12-21T14:43:35","date_gmt":"2020-12-21T17:43:35","guid":{"rendered":"https:\/\/wp.ufpel.edu.br\/ladrateatro\/?page_id=451"},"modified":"2021-04-13T18:53:01","modified_gmt":"2021-04-13T21:53:01","slug":"os-desejos-ridiculos","status":"publish","type":"page","link":"https:\/\/wp.ufpel.edu.br\/ladrateatro\/os-desejos-ridiculos\/","title":{"rendered":"Os Desejos Rid\u00edculos"},"content":{"rendered":"<div class=\"kvgmc6g5 cxmmr5t8 oygrvhab hcukyx3x c1et5uql ii04i59q\">\n<div dir=\"auto\"><\/div>\n<div dir=\"auto\">\n<p><iframe title=\"Dayanna Ca\u00f1on conta Os Desejos Rid\u00edculos\" width=\"500\" height=\"281\" src=\"https:\/\/www.youtube.com\/embed\/zMzvIBMdS0E?feature=oembed\" frameborder=\"0\" allow=\"accelerometer; autoplay; clipboard-write; encrypted-media; gyroscope; picture-in-picture; web-share\" referrerpolicy=\"strict-origin-when-cross-origin\" allowfullscreen><\/iframe><\/p>\n<\/div>\n<\/div>\n<div class=\"o9v6fnle cxmmr5t8 oygrvhab hcukyx3x c1et5uql ii04i59q\">\n<div dir=\"auto\">Eu fiz meu conto, fazendo uma adapta\u00e7\u00e3o do conto de Charles Perrault, sobre os desejos rid\u00edculos, uma hist\u00f3ria que conta a import\u00e2ncia de valorizar as pessoas que temos por perto, e n\u00e3o damos conta disso. Primeiramente eu escrevi a hist\u00f3ria de forma que n\u00e3o fosse t\u00e3o direta, mas sem perder a ideia principal, depois tentei fazer uma leitura dram\u00e1tica da hist\u00f3ria, com um narrador e tr\u00eas personagens: o homem, a esposa e a fada, cada um com uma caracter\u00edstica em sua voz, roupas e inten\u00e7\u00f5es. Tamb\u00e9m tentei fazer umas representa\u00e7\u00f5es de voz em off, onde somente a gestualidade e a corporalidade representavam, enquanto o narrador continuava narrando a hist\u00f3ria.<\/div>\n<div dir=\"auto\">Finalmente eu juntei todos os v\u00eddeos, mostrando a hist\u00f3ria de forma representativa, vocal e gestual.<\/div>\n<\/div>\n","protected":false},"excerpt":{"rendered":"<p>Eu fiz meu conto, fazendo uma adapta\u00e7\u00e3o do conto de Charles Perrault, sobre os desejos rid\u00edculos, uma hist\u00f3ria que conta a import\u00e2ncia de valorizar as pessoas que temos por perto, e n\u00e3o damos conta disso. Primeiramente eu escrevi a hist\u00f3ria de forma que n\u00e3o fosse t\u00e3o direta, mas sem perder a ideia principal, depois tentei [&hellip;]<\/p>\n","protected":false},"author":949,"featured_media":0,"parent":0,"menu_order":0,"comment_status":"closed","ping_status":"closed","template":"","meta":{"footnotes":""},"class_list":["post-451","page","type-page","status-publish","hentry"],"_links":{"self":[{"href":"https:\/\/wp.ufpel.edu.br\/ladrateatro\/wp-json\/wp\/v2\/pages\/451","targetHints":{"allow":["GET"]}}],"collection":[{"href":"https:\/\/wp.ufpel.edu.br\/ladrateatro\/wp-json\/wp\/v2\/pages"}],"about":[{"href":"https:\/\/wp.ufpel.edu.br\/ladrateatro\/wp-json\/wp\/v2\/types\/page"}],"author":[{"embeddable":true,"href":"https:\/\/wp.ufpel.edu.br\/ladrateatro\/wp-json\/wp\/v2\/users\/949"}],"replies":[{"embeddable":true,"href":"https:\/\/wp.ufpel.edu.br\/ladrateatro\/wp-json\/wp\/v2\/comments?post=451"}],"version-history":[{"count":6,"href":"https:\/\/wp.ufpel.edu.br\/ladrateatro\/wp-json\/wp\/v2\/pages\/451\/revisions"}],"predecessor-version":[{"id":573,"href":"https:\/\/wp.ufpel.edu.br\/ladrateatro\/wp-json\/wp\/v2\/pages\/451\/revisions\/573"}],"wp:attachment":[{"href":"https:\/\/wp.ufpel.edu.br\/ladrateatro\/wp-json\/wp\/v2\/media?parent=451"}],"curies":[{"name":"wp","href":"https:\/\/api.w.org\/{rel}","templated":true}]}}