{"id":393,"date":"2020-12-14T22:25:44","date_gmt":"2020-12-15T01:25:44","guid":{"rendered":"https:\/\/wp.ufpel.edu.br\/ladrateatro\/?page_id=393"},"modified":"2021-04-13T18:39:06","modified_gmt":"2021-04-13T21:39:06","slug":"rodrigo-reis-a-crianca","status":"publish","type":"page","link":"https:\/\/wp.ufpel.edu.br\/ladrateatro\/rodrigo-reis-a-crianca\/","title":{"rendered":"Rodrigo Reis &#8211; A Crian\u00e7a"},"content":{"rendered":"<p><iframe title=\"Rodrigo Reis conta A Crian\u00e7a\" width=\"500\" height=\"375\" src=\"https:\/\/www.youtube.com\/embed\/t-Kr6kgxNWM?feature=oembed\" frameborder=\"0\" allow=\"accelerometer; autoplay; clipboard-write; encrypted-media; gyroscope; picture-in-picture; web-share\" referrerpolicy=\"strict-origin-when-cross-origin\" allowfullscreen><\/iframe><\/p>\n<p>Adaptei de um especial de dois epis\u00f3dios do desenho Hora de Aventura, Lemonhope. A hist\u00f3ria \u00e9 inspirada, por\u00e9m o roteiro \u00e9 modificado. Os s\u00edmbolos apresentados em um primeiro momento n\u00e3o apresentam grande reflex\u00e3o sobre seus significados, cabendo a quem quiser, interpret\u00e1-los.<br \/>\nO cerne da hist\u00f3ria \u00e9 sobre liberdade. Uma narrativa, por mim narrada, onde muitos s\u00edmbolos e personagens simplesmente foram vindo conforme reescrevia e adaptava da hist\u00f3ria original. Decidi pelo abstrato pois \u00e9 comum em desenhos infantis, como a baleia que voa, \u00e1rvore em chamas, an\u00f5es de jardim com vida, dentre outros, ficando assim mais chamativo.<br \/>\nNo primeiro momento iria apenas ler a hist\u00f3ria, aparecendo na c\u00e2mera, por\u00e9m decidi animar, no PowerPoint, pois n\u00e3o queria dar entona\u00e7\u00e3o aos personagens nem fazer nenhum tipo de atua\u00e7\u00e3o. A ideia de uniformizar as imagens veio ap\u00f3s a conclus\u00e3o da maior parte do v\u00eddeo, de utilizar o filtro de l\u00e1pis para algumas imagens, para apagar e\/ou ocultar a baixa qualidade, e assim mais tarde acabei modificando todas elas, retiradas da internet, para dar mais originalidade.<br \/>\nAcho que a \u00fanica coisa pensada e de prop\u00f3sito foram as cores de fundo, onde o azul \u00e9 o central, a paz, calma e liberdade, apesar de aparecer em cenas de persegui\u00e7\u00e3o ou conflito, pois tamb\u00e9m representa o c\u00e9u, onde acontece algumas cenas. O vermelho \u00e9 perigo e conflito. O verde e amarelo s\u00e3o para os ambientes de floresta e deserto, mas tamb\u00e9m para n\u00e3o repetirem com as outras cores e demostrarem a\u00e7\u00e3o e mudan\u00e7a de locais.<br \/>\nE o t\u00edtulo, bom, n\u00e3o sei dar t\u00edtulos.<\/p>\n","protected":false},"excerpt":{"rendered":"<p>Adaptei de um especial de dois epis\u00f3dios do desenho Hora de Aventura, Lemonhope. A hist\u00f3ria \u00e9 inspirada, por\u00e9m o roteiro \u00e9 modificado. Os s\u00edmbolos apresentados em um primeiro momento n\u00e3o apresentam grande reflex\u00e3o sobre seus significados, cabendo a quem quiser, interpret\u00e1-los. O cerne da hist\u00f3ria \u00e9 sobre liberdade. Uma narrativa, por mim narrada, onde muitos [&hellip;]<\/p>\n","protected":false},"author":949,"featured_media":0,"parent":0,"menu_order":0,"comment_status":"closed","ping_status":"closed","template":"","meta":{"footnotes":""},"class_list":["post-393","page","type-page","status-publish","hentry"],"_links":{"self":[{"href":"https:\/\/wp.ufpel.edu.br\/ladrateatro\/wp-json\/wp\/v2\/pages\/393","targetHints":{"allow":["GET"]}}],"collection":[{"href":"https:\/\/wp.ufpel.edu.br\/ladrateatro\/wp-json\/wp\/v2\/pages"}],"about":[{"href":"https:\/\/wp.ufpel.edu.br\/ladrateatro\/wp-json\/wp\/v2\/types\/page"}],"author":[{"embeddable":true,"href":"https:\/\/wp.ufpel.edu.br\/ladrateatro\/wp-json\/wp\/v2\/users\/949"}],"replies":[{"embeddable":true,"href":"https:\/\/wp.ufpel.edu.br\/ladrateatro\/wp-json\/wp\/v2\/comments?post=393"}],"version-history":[{"count":4,"href":"https:\/\/wp.ufpel.edu.br\/ladrateatro\/wp-json\/wp\/v2\/pages\/393\/revisions"}],"predecessor-version":[{"id":569,"href":"https:\/\/wp.ufpel.edu.br\/ladrateatro\/wp-json\/wp\/v2\/pages\/393\/revisions\/569"}],"wp:attachment":[{"href":"https:\/\/wp.ufpel.edu.br\/ladrateatro\/wp-json\/wp\/v2\/media?parent=393"}],"curies":[{"name":"wp","href":"https:\/\/api.w.org\/{rel}","templated":true}]}}