{"id":387,"date":"2020-12-14T22:24:01","date_gmt":"2020-12-15T01:24:01","guid":{"rendered":"https:\/\/wp.ufpel.edu.br\/ladrateatro\/?page_id=387"},"modified":"2021-04-13T18:15:56","modified_gmt":"2021-04-13T21:15:56","slug":"michele-da-rosa-tio-cigarra-e-a-formiguinha-triste","status":"publish","type":"page","link":"https:\/\/wp.ufpel.edu.br\/ladrateatro\/michele-da-rosa-tio-cigarra-e-a-formiguinha-triste\/","title":{"rendered":"Michele da Rosa &#8211; Tio Cigarra e a Formiguinha Triste"},"content":{"rendered":"<p><iframe title=\"Michele da Rosa conta Tio Cigarra e a Formiguinha Triste\" width=\"500\" height=\"375\" src=\"https:\/\/www.youtube.com\/embed\/C2pIvyTt6pg?feature=oembed\" frameborder=\"0\" allow=\"accelerometer; autoplay; clipboard-write; encrypted-media; gyroscope; picture-in-picture; web-share\" referrerpolicy=\"strict-origin-when-cross-origin\" allowfullscreen><\/iframe><\/p>\n<p>Minha hist\u00f3ria se chama \u201c Tio cigarra e a formiguinha triste \u201d , ela acontece ap\u00f3s passar o inverno da t\u00e3o famosa hist\u00f3ria \u201cA cigarra e a formiga \u201c . Trata-se de uma conversa entre a filhote de formiga e seu melhor amigo passarinho na ocasi\u00e3o a formiguinha relata a tristeza que tem sentindo , pois o tio cigarra pede que ela fa\u00e7a favores a ele ,ao qual ela n\u00e3o se sente confort\u00e1vel. Relata tamb\u00e9m o medo que sente de contar para m\u00e3e o que tem passado .<br \/>\nSou m\u00e3e de um menino de 7 anos e acho o tema tratado atrav\u00e9s dessa mini -hist\u00f3ria, algo de muito valor . Ela serve para fazer um alerta sobre contar alguma situa\u00e7\u00e3o que a crian\u00e7a esteja passando para algu\u00e9m , mesmo que talvez n\u00e3o seja para os pais . Serve tamb\u00e9m para mostrar o perigo de colocar um estranho para dentro de casa .Como m\u00e3e sinto car\u00eancia na nossa literatura infantil sobre este tema .<br \/>\nA cria\u00e7\u00e3o do v\u00eddeo n\u00e3o foi f\u00e1cil ,pois nunca tinha realizado nada parecido . A experi\u00eancia foi bem legal .<\/p>\n","protected":false},"excerpt":{"rendered":"<p>Minha hist\u00f3ria se chama \u201c Tio cigarra e a formiguinha triste \u201d , ela acontece ap\u00f3s passar o inverno da t\u00e3o famosa hist\u00f3ria \u201cA cigarra e a formiga \u201c . Trata-se de uma conversa entre a filhote de formiga e seu melhor amigo passarinho na ocasi\u00e3o a formiguinha relata a tristeza que tem sentindo , [&hellip;]<\/p>\n","protected":false},"author":949,"featured_media":0,"parent":0,"menu_order":0,"comment_status":"closed","ping_status":"closed","template":"","meta":{"footnotes":""},"class_list":["post-387","page","type-page","status-publish","hentry"],"_links":{"self":[{"href":"https:\/\/wp.ufpel.edu.br\/ladrateatro\/wp-json\/wp\/v2\/pages\/387","targetHints":{"allow":["GET"]}}],"collection":[{"href":"https:\/\/wp.ufpel.edu.br\/ladrateatro\/wp-json\/wp\/v2\/pages"}],"about":[{"href":"https:\/\/wp.ufpel.edu.br\/ladrateatro\/wp-json\/wp\/v2\/types\/page"}],"author":[{"embeddable":true,"href":"https:\/\/wp.ufpel.edu.br\/ladrateatro\/wp-json\/wp\/v2\/users\/949"}],"replies":[{"embeddable":true,"href":"https:\/\/wp.ufpel.edu.br\/ladrateatro\/wp-json\/wp\/v2\/comments?post=387"}],"version-history":[{"count":3,"href":"https:\/\/wp.ufpel.edu.br\/ladrateatro\/wp-json\/wp\/v2\/pages\/387\/revisions"}],"predecessor-version":[{"id":555,"href":"https:\/\/wp.ufpel.edu.br\/ladrateatro\/wp-json\/wp\/v2\/pages\/387\/revisions\/555"}],"wp:attachment":[{"href":"https:\/\/wp.ufpel.edu.br\/ladrateatro\/wp-json\/wp\/v2\/media?parent=387"}],"curies":[{"name":"wp","href":"https:\/\/api.w.org\/{rel}","templated":true}]}}