{"id":241,"date":"2020-10-10T16:37:28","date_gmt":"2020-10-10T19:37:28","guid":{"rendered":"https:\/\/wp.ufpel.edu.br\/ladrateatro\/?page_id=241"},"modified":"2021-09-27T22:56:41","modified_gmt":"2021-09-28T01:56:41","slug":"mini-historias","status":"publish","type":"page","link":"https:\/\/wp.ufpel.edu.br\/ladrateatro\/mini-historias\/","title":{"rendered":"Reconta\u00e7\u00e3o de hist\u00f3rias para a inf\u00e2ncia"},"content":{"rendered":"<p>A partir da ideia de apropria\u00e7\u00e3o, transgress\u00e3o e subvers\u00e3o, os alunes foram instigados a recontar uma hist\u00f3ria para a inf\u00e2ncia conhecida ou propor uma narrativa original. \u00a0S\u00e3o publicados na p\u00e1gina os trabalhos dramat\u00fargicos dos discentes que autorizaram a divulga\u00e7\u00e3o de suas experimenta\u00e7\u00f5es est\u00e9ticas, finalizadas ou em processo.<\/p>\n<p><img class=\" wp-image-307 aligncenter\" src=\"https:\/\/wp.ufpel.edu.br\/ladrateatro\/files\/2020\/12\/WhatsApp-Image-2020-12-11-at-13.41.28-e1607711268645-400x98.jpeg\" alt=\"\" width=\"665\" height=\"163\" srcset=\"https:\/\/wp.ufpel.edu.br\/ladrateatro\/files\/2020\/12\/WhatsApp-Image-2020-12-11-at-13.41.28-e1607711268645-400x98.jpeg 400w, https:\/\/wp.ufpel.edu.br\/ladrateatro\/files\/2020\/12\/WhatsApp-Image-2020-12-11-at-13.41.28-e1607711268645-1024x251.jpeg 1024w, https:\/\/wp.ufpel.edu.br\/ladrateatro\/files\/2020\/12\/WhatsApp-Image-2020-12-11-at-13.41.28-e1607711268645-768x188.jpeg 768w, https:\/\/wp.ufpel.edu.br\/ladrateatro\/files\/2020\/12\/WhatsApp-Image-2020-12-11-at-13.41.28-e1607711268645.jpeg 1149w\" sizes=\"(max-width: 665px) 100vw, 665px\" \/><\/p>\n<p>&nbsp;<\/p>\n<p>&nbsp;<\/p>\n<p>&nbsp;<\/p>\n","protected":false},"excerpt":{"rendered":"<p>A partir da ideia de apropria\u00e7\u00e3o, transgress\u00e3o e subvers\u00e3o, os alunes foram instigados a recontar uma hist\u00f3ria para a inf\u00e2ncia conhecida ou propor uma narrativa original. \u00a0S\u00e3o publicados na p\u00e1gina os trabalhos dramat\u00fargicos dos discentes que autorizaram a divulga\u00e7\u00e3o de suas experimenta\u00e7\u00f5es est\u00e9ticas, finalizadas ou em processo. &nbsp; &nbsp; &nbsp;<\/p>\n","protected":false},"author":949,"featured_media":0,"parent":0,"menu_order":2,"comment_status":"closed","ping_status":"closed","template":"","meta":{"footnotes":""},"class_list":["post-241","page","type-page","status-publish","hentry"],"_links":{"self":[{"href":"https:\/\/wp.ufpel.edu.br\/ladrateatro\/wp-json\/wp\/v2\/pages\/241","targetHints":{"allow":["GET"]}}],"collection":[{"href":"https:\/\/wp.ufpel.edu.br\/ladrateatro\/wp-json\/wp\/v2\/pages"}],"about":[{"href":"https:\/\/wp.ufpel.edu.br\/ladrateatro\/wp-json\/wp\/v2\/types\/page"}],"author":[{"embeddable":true,"href":"https:\/\/wp.ufpel.edu.br\/ladrateatro\/wp-json\/wp\/v2\/users\/949"}],"replies":[{"embeddable":true,"href":"https:\/\/wp.ufpel.edu.br\/ladrateatro\/wp-json\/wp\/v2\/comments?post=241"}],"version-history":[{"count":8,"href":"https:\/\/wp.ufpel.edu.br\/ladrateatro\/wp-json\/wp\/v2\/pages\/241\/revisions"}],"predecessor-version":[{"id":622,"href":"https:\/\/wp.ufpel.edu.br\/ladrateatro\/wp-json\/wp\/v2\/pages\/241\/revisions\/622"}],"wp:attachment":[{"href":"https:\/\/wp.ufpel.edu.br\/ladrateatro\/wp-json\/wp\/v2\/media?parent=241"}],"curies":[{"name":"wp","href":"https:\/\/api.w.org\/{rel}","templated":true}]}}