{"id":42,"date":"2021-07-13T15:46:14","date_gmt":"2021-07-13T18:46:14","guid":{"rendered":"https:\/\/wp.ufpel.edu.br\/ladob\/?page_id=42"},"modified":"2021-08-20T00:11:53","modified_gmt":"2021-08-20T03:11:53","slug":"redemoinho-de-sonhos","status":"publish","type":"page","link":"https:\/\/wp.ufpel.edu.br\/ladob\/redemoinho-de-sonhos\/","title":{"rendered":"REDEMOINHO DE SONHOS"},"content":{"rendered":"<h3 style=\"text-align: justify\"><span style=\"font-size: 12pt\">Redemoinho de Sonhos \u00e9 o nome dado ao conjunto de composi\u00e7\u00f5es e arranjos realizados pelo prof. Guilherme Tavares desde 1988. Uma sele\u00e7\u00e3o desse material foi apresentada em 2018 durante as comemora\u00e7\u00f5es dos 100 anos do Conservat\u00f3rio de M\u00fasica da UFPEL. Desde ent\u00e3o esse repert\u00f3rio vem sendo ensaiado, gravado, mixado e masterizado com a participa\u00e7\u00e3o de alunos, professores e t\u00e9cnicos do Centro de Artes da UFPEL, al\u00e9m de m\u00fasicos de fora da universidade. Essa cole\u00e7\u00e3o musical abrange instrumenta\u00e7\u00e3o e estilos variados, eventualmente com algumas combina\u00e7\u00f5es inusitadas de ambos.<\/span><\/h3>\n<h2 style=\"text-align: justify\"><span style=\"font-size: 14pt\">Equipe:<\/span><\/h2>\n<p style=\"text-align: justify\">DAVI ISAC DA SILVA SANTANA<br \/>\nDAVID DO AMARAL CRUZ<br \/>\nGUILHERME CAMPELO TAVARES<br \/>\nEMERSON WRAGUE DA CRUZ<br \/>\nPABLO DE LIMA PI\u00d1EYRO<\/p>\n<h2 style=\"text-align: justify\"><span style=\"font-size: 14pt\">M\u00fasicos que colaboraram no projeto desde seu in\u00edcio em 2018:<\/span><\/h2>\n<p style=\"text-align: justify\">Andr\u00e9 Luiz Amaral Fida Soares (violino)<br \/>\nBruno Sexas de Moraes (guitarra, mixagem)<br \/>\nCarlos Alberto Oliveira da Silva (reg\u00eancia)<br \/>\nCoral da UFPEL<br \/>\nEderson Oliveira Duarte (piano)<br \/>\nEliane de Brum Machado (viola)<br \/>\nFl\u00e1vio Alves (canto)<br \/>\nGabriel Faro Dezordi (derbake)<br \/>\nGabriel Garcia Caldeira (bateria)<br \/>\nGabriel Luca de Souza Ribas (bar\u00edtono)<br \/>\nGabriel da Costa Reis Portela (capta\u00e7\u00e3o e mixagem)<br \/>\nGuilherme Sperb (guitarra, viol\u00e3o de 7 cordas, pandeiro e bandolim)<br \/>\nGustavo dos Santos Baldi (clarinete)<br \/>\nGustavo Fernandes Soares Pires (bar\u00edtono)<br \/>\nHaroldo Campos de Campos (tenor)<br \/>\nJo\u00e3o Alberto dos Santos Ferreira Filho (tenor)<br \/>\nJo\u00e3o Alexandre Straub Gomes (viol\u00e3o e guitarra)<br \/>\nJo\u00e3o Marcos Nolte Martins (contrabaixo ac\u00fastico)<br \/>\nMa\u00e9li Marques Rolhano Nunes (violino)<br \/>\nMauren Liebich Frey Rodrigues (piano e teclados)<br \/>\nMaur\u00edcio de Oliveira Mendon\u00e7a (viol\u00e3o)<br \/>\nMarcela Silveira dos Santos (sax alto)<br \/>\nMarcelo Almeida (violino)<br \/>\nMarcelo Mendon\u00e7a Schuch (bar\u00edtono)<br \/>\nMateus Messias (flauta transversal)<br \/>\nPablo Cid Bember (violino)<br \/>\nRossano de Quadros Vic\u00eancio (violoncelo)<br \/>\nT\u00e1cio Machado W\u00fcrdig (capta\u00e7\u00e3o ao vivo)<br \/>\nWagner dos Santos Sicca (baixo el\u00e9trico)<\/p>\n","protected":false},"excerpt":{"rendered":"<p>Redemoinho de Sonhos \u00e9 o nome dado ao conjunto de composi\u00e7\u00f5es e arranjos realizados pelo prof. Guilherme Tavares desde 1988. Uma sele\u00e7\u00e3o desse material foi apresentada em 2018 durante as comemora\u00e7\u00f5es dos 100 anos&#46;&#46;&#46;<\/p>\n","protected":false},"author":1153,"featured_media":0,"parent":0,"menu_order":1,"comment_status":"closed","ping_status":"closed","template":"","meta":{"footnotes":""},"class_list":["post-42","page","type-page","status-publish","hentry"],"_links":{"self":[{"href":"https:\/\/wp.ufpel.edu.br\/ladob\/wp-json\/wp\/v2\/pages\/42","targetHints":{"allow":["GET"]}}],"collection":[{"href":"https:\/\/wp.ufpel.edu.br\/ladob\/wp-json\/wp\/v2\/pages"}],"about":[{"href":"https:\/\/wp.ufpel.edu.br\/ladob\/wp-json\/wp\/v2\/types\/page"}],"author":[{"embeddable":true,"href":"https:\/\/wp.ufpel.edu.br\/ladob\/wp-json\/wp\/v2\/users\/1153"}],"replies":[{"embeddable":true,"href":"https:\/\/wp.ufpel.edu.br\/ladob\/wp-json\/wp\/v2\/comments?post=42"}],"version-history":[{"count":15,"href":"https:\/\/wp.ufpel.edu.br\/ladob\/wp-json\/wp\/v2\/pages\/42\/revisions"}],"predecessor-version":[{"id":263,"href":"https:\/\/wp.ufpel.edu.br\/ladob\/wp-json\/wp\/v2\/pages\/42\/revisions\/263"}],"wp:attachment":[{"href":"https:\/\/wp.ufpel.edu.br\/ladob\/wp-json\/wp\/v2\/media?parent=42"}],"curies":[{"name":"wp","href":"https:\/\/api.w.org\/{rel}","templated":true}]}}

<h3 style="text-align: justify"><span style="font-size: 12pt">Redemoinho de Sonhos é o nome dado ao conjunto de composições e arranjos realizados pelo prof. Guilherme Tavares desde 1988. Uma seleção desse material foi apresentada em 2018 durante as comemorações dos 100 anos do Conservatório de Música da UFPEL. Desde então esse repertório vem sendo ensaiado, gravado, mixado e masterizado com a participação de alunos, professores e técnicos do Centro de Artes da UFPEL, além de músicos de fora da universidade. Essa coleção musical abrange instrumentação e estilos variados, eventualmente com algumas combinações inusitadas de ambos.</span></h3>
<h2 style="text-align: justify"><span style="font-size: 14pt">Equipe:</span></h2>
<p style="text-align: justify">DAVI ISAC DA SILVA SANTANA<br />
DAVID DO AMARAL CRUZ<br />
GUILHERME CAMPELO TAVARES<br />
EMERSON WRAGUE DA CRUZ<br />
PABLO DE LIMA PIÑEYRO</p>
<h2 style="text-align: justify"><span style="font-size: 14pt">Músicos que colaboraram no projeto desde seu início em 2018:</span></h2>
<p style="text-align: justify">André Luiz Amaral Fida Soares (violino)<br />
Bruno Sexas de Moraes (guitarra, mixagem)<br />
Carlos Alberto Oliveira da Silva (regência)<br />
Coral da UFPEL<br />
Ederson Oliveira Duarte (piano)<br />
Eliane de Brum Machado (viola)<br />
Flávio Alves (canto)<br />
Gabriel Faro Dezordi (derbake)<br />
Gabriel Garcia Caldeira (bateria)<br />
Gabriel Luca de Souza Ribas (barítono)<br />
Gabriel da Costa Reis Portela (captação e mixagem)<br />
Guilherme Sperb (guitarra, violão de 7 cordas, pandeiro e bandolim)<br />
Gustavo dos Santos Baldi (clarinete)<br />
Gustavo Fernandes Soares Pires (barítono)<br />
Haroldo Campos de Campos (tenor)<br />
João Alberto dos Santos Ferreira Filho (tenor)<br />
João Alexandre Straub Gomes (violão e guitarra)<br />
João Marcos Nolte Martins (contrabaixo acústico)<br />
Maéli Marques Rolhano Nunes (violino)<br />
Mauren Liebich Frey Rodrigues (piano e teclados)<br />
Maurício de Oliveira Mendonça (violão)<br />
Marcela Silveira dos Santos (sax alto)<br />
Marcelo Almeida (violino)<br />
Marcelo Mendonça Schuch (barítono)<br />
Mateus Messias (flauta transversal)<br />
Pablo Cid Bember (violino)<br />
Rossano de Quadros Vicêncio (violoncelo)<br />
Tácio Machado Würdig (captação ao vivo)<br />
Wagner dos Santos Sicca (baixo elétrico)</p>

<p>Redemoinho de Sonhos é o nome dado ao conjunto de composições e arranjos realizados pelo prof. Guilherme Tavares desde 1988. Uma seleção desse material foi apresentada em 2018 durante as comemorações dos 100 anos&#46;&#46;&#46;</p>
