{"id":265,"date":"2021-08-26T15:18:57","date_gmt":"2021-08-26T18:18:57","guid":{"rendered":"https:\/\/wp.ufpel.edu.br\/ladob\/?page_id=265"},"modified":"2021-08-26T15:26:00","modified_gmt":"2021-08-26T18:26:00","slug":"redemoinho-de-sonhos-2021","status":"publish","type":"page","link":"https:\/\/wp.ufpel.edu.br\/ladob\/redemoinho-de-sonhos-2021\/","title":{"rendered":"Redemoinho de Sonhos 2021"},"content":{"rendered":"<p>&nbsp;<\/p>\n<table style=\"border-collapse: collapse;width: 100%\" border=\"1\">\n<tbody>\n<tr style=\"height: 291px\">\n<td style=\"width: 50%;height: 291px\">\n<p style=\"text-align: center\">O PODER DO FOGO (1990)<\/p>\n<p><a href=\"https:\/\/youtu.be\/NxUN8nWNbBg\"><img loading=\"lazy\" decoding=\"async\" class=\"aligncenter wp-image-267\" src=\"https:\/\/wp.ufpel.edu.br\/ladob\/files\/2021\/08\/01-Selo-O-Poder-do-Fogo-400x225.png\" alt=\"\" width=\"392\" height=\"221\" srcset=\"https:\/\/wp.ufpel.edu.br\/ladob\/files\/2021\/08\/01-Selo-O-Poder-do-Fogo-400x225.png 400w, https:\/\/wp.ufpel.edu.br\/ladob\/files\/2021\/08\/01-Selo-O-Poder-do-Fogo-1024x576.png 1024w, https:\/\/wp.ufpel.edu.br\/ladob\/files\/2021\/08\/01-Selo-O-Poder-do-Fogo-768x432.png 768w, https:\/\/wp.ufpel.edu.br\/ladob\/files\/2021\/08\/01-Selo-O-Poder-do-Fogo-1536x864.png 1536w, https:\/\/wp.ufpel.edu.br\/ladob\/files\/2021\/08\/01-Selo-O-Poder-do-Fogo.png 2048w\" sizes=\"auto, (max-width: 392px) 100vw, 392px\" \/><\/a><\/td>\n<td style=\"width: 50%;height: 291px\">\n<p style=\"text-align: center\">CAN\u00c7\u00c3O DE AM\u00d4R &#8211; Fox Can\u00e7\u00e3o (2014)<\/p>\n<p><a href=\"https:\/\/youtu.be\/gNoKRHBJu0M\"><img loading=\"lazy\" decoding=\"async\" class=\"aligncenter wp-image-268\" src=\"https:\/\/wp.ufpel.edu.br\/ladob\/files\/2021\/08\/02-Selo-Cancao-de-Amor-400x225.png\" alt=\"\" width=\"393\" height=\"221\" srcset=\"https:\/\/wp.ufpel.edu.br\/ladob\/files\/2021\/08\/02-Selo-Cancao-de-Amor-400x225.png 400w, https:\/\/wp.ufpel.edu.br\/ladob\/files\/2021\/08\/02-Selo-Cancao-de-Amor-1024x576.png 1024w, https:\/\/wp.ufpel.edu.br\/ladob\/files\/2021\/08\/02-Selo-Cancao-de-Amor-768x432.png 768w, https:\/\/wp.ufpel.edu.br\/ladob\/files\/2021\/08\/02-Selo-Cancao-de-Amor-1536x864.png 1536w, https:\/\/wp.ufpel.edu.br\/ladob\/files\/2021\/08\/02-Selo-Cancao-de-Amor.png 2048w\" sizes=\"auto, (max-width: 393px) 100vw, 393px\" \/><\/a><\/td>\n<\/tr>\n<tr style=\"height: 225px\">\n<td style=\"width: 50%;height: 225px;text-align: center\">A VALSA DA MORTE (1991)<a href=\"https:\/\/youtu.be\/VUwhomVeHYw\"><img loading=\"lazy\" decoding=\"async\" class=\"aligncenter wp-image-269\" src=\"https:\/\/wp.ufpel.edu.br\/ladob\/files\/2021\/08\/03-Selo-A-Valsa-da-Morte-400x225.png\" alt=\"\" width=\"397\" height=\"223\" srcset=\"https:\/\/wp.ufpel.edu.br\/ladob\/files\/2021\/08\/03-Selo-A-Valsa-da-Morte-400x225.png 400w, https:\/\/wp.ufpel.edu.br\/ladob\/files\/2021\/08\/03-Selo-A-Valsa-da-Morte-1024x576.png 1024w, https:\/\/wp.ufpel.edu.br\/ladob\/files\/2021\/08\/03-Selo-A-Valsa-da-Morte-768x432.png 768w, https:\/\/wp.ufpel.edu.br\/ladob\/files\/2021\/08\/03-Selo-A-Valsa-da-Morte-1536x864.png 1536w, https:\/\/wp.ufpel.edu.br\/ladob\/files\/2021\/08\/03-Selo-A-Valsa-da-Morte.png 2048w\" sizes=\"auto, (max-width: 397px) 100vw, 397px\" \/><\/a><\/td>\n<td style=\"width: 50%;height: 225px\"><\/td>\n<\/tr>\n<tr style=\"height: 24px\">\n<td style=\"width: 50%;height: 24px\"><\/td>\n<td style=\"width: 50%;height: 24px\"><\/td>\n<\/tr>\n<\/tbody>\n<\/table>\n<p>&nbsp;<\/p>\n","protected":false},"excerpt":{"rendered":"<p>&nbsp; O PODER DO FOGO (1990) CAN\u00c7\u00c3O DE AM\u00d4R &#8211; Fox Can\u00e7\u00e3o (2014) A VALSA DA MORTE (1991) &nbsp;<\/p>\n","protected":false},"author":1153,"featured_media":0,"parent":0,"menu_order":0,"comment_status":"closed","ping_status":"closed","template":"","meta":{"footnotes":""},"class_list":["post-265","page","type-page","status-publish","hentry"],"_links":{"self":[{"href":"https:\/\/wp.ufpel.edu.br\/ladob\/wp-json\/wp\/v2\/pages\/265","targetHints":{"allow":["GET"]}}],"collection":[{"href":"https:\/\/wp.ufpel.edu.br\/ladob\/wp-json\/wp\/v2\/pages"}],"about":[{"href":"https:\/\/wp.ufpel.edu.br\/ladob\/wp-json\/wp\/v2\/types\/page"}],"author":[{"embeddable":true,"href":"https:\/\/wp.ufpel.edu.br\/ladob\/wp-json\/wp\/v2\/users\/1153"}],"replies":[{"embeddable":true,"href":"https:\/\/wp.ufpel.edu.br\/ladob\/wp-json\/wp\/v2\/comments?post=265"}],"version-history":[{"count":5,"href":"https:\/\/wp.ufpel.edu.br\/ladob\/wp-json\/wp\/v2\/pages\/265\/revisions"}],"predecessor-version":[{"id":274,"href":"https:\/\/wp.ufpel.edu.br\/ladob\/wp-json\/wp\/v2\/pages\/265\/revisions\/274"}],"wp:attachment":[{"href":"https:\/\/wp.ufpel.edu.br\/ladob\/wp-json\/wp\/v2\/media?parent=265"}],"curies":[{"name":"wp","href":"https:\/\/api.w.org\/{rel}","templated":true}]}}

<p>&nbsp;</p>
<table style="border-collapse: collapse;width: 100%" border="1">
<tbody>
<tr style="height: 291px">
<td style="width: 50%;height: 291px">
<p style="text-align: center">O PODER DO FOGO (1990)</p>
<p><a href="https://youtu.be/NxUN8nWNbBg"><img loading="lazy" decoding="async" class="aligncenter wp-image-267" src="https://wp.ufpel.edu.br/ladob/files/2021/08/01-Selo-O-Poder-do-Fogo-400x225.png" alt="" width="392" height="221" srcset="https://wp.ufpel.edu.br/ladob/files/2021/08/01-Selo-O-Poder-do-Fogo-400x225.png 400w, https://wp.ufpel.edu.br/ladob/files/2021/08/01-Selo-O-Poder-do-Fogo-1024x576.png 1024w, https://wp.ufpel.edu.br/ladob/files/2021/08/01-Selo-O-Poder-do-Fogo-768x432.png 768w, https://wp.ufpel.edu.br/ladob/files/2021/08/01-Selo-O-Poder-do-Fogo-1536x864.png 1536w, https://wp.ufpel.edu.br/ladob/files/2021/08/01-Selo-O-Poder-do-Fogo.png 2048w" sizes="auto, (max-width: 392px) 100vw, 392px" /></a></td>
<td style="width: 50%;height: 291px">
<p style="text-align: center">CANÇÃO DE AMÔR &#8211; Fox Canção (2014)</p>
<p><a href="https://youtu.be/gNoKRHBJu0M"><img loading="lazy" decoding="async" class="aligncenter wp-image-268" src="https://wp.ufpel.edu.br/ladob/files/2021/08/02-Selo-Cancao-de-Amor-400x225.png" alt="" width="393" height="221" srcset="https://wp.ufpel.edu.br/ladob/files/2021/08/02-Selo-Cancao-de-Amor-400x225.png 400w, https://wp.ufpel.edu.br/ladob/files/2021/08/02-Selo-Cancao-de-Amor-1024x576.png 1024w, https://wp.ufpel.edu.br/ladob/files/2021/08/02-Selo-Cancao-de-Amor-768x432.png 768w, https://wp.ufpel.edu.br/ladob/files/2021/08/02-Selo-Cancao-de-Amor-1536x864.png 1536w, https://wp.ufpel.edu.br/ladob/files/2021/08/02-Selo-Cancao-de-Amor.png 2048w" sizes="auto, (max-width: 393px) 100vw, 393px" /></a></td>
</tr>
<tr style="height: 225px">
<td style="width: 50%;height: 225px;text-align: center">A VALSA DA MORTE (1991)<a href="https://youtu.be/VUwhomVeHYw"><img loading="lazy" decoding="async" class="aligncenter wp-image-269" src="https://wp.ufpel.edu.br/ladob/files/2021/08/03-Selo-A-Valsa-da-Morte-400x225.png" alt="" width="397" height="223" srcset="https://wp.ufpel.edu.br/ladob/files/2021/08/03-Selo-A-Valsa-da-Morte-400x225.png 400w, https://wp.ufpel.edu.br/ladob/files/2021/08/03-Selo-A-Valsa-da-Morte-1024x576.png 1024w, https://wp.ufpel.edu.br/ladob/files/2021/08/03-Selo-A-Valsa-da-Morte-768x432.png 768w, https://wp.ufpel.edu.br/ladob/files/2021/08/03-Selo-A-Valsa-da-Morte-1536x864.png 1536w, https://wp.ufpel.edu.br/ladob/files/2021/08/03-Selo-A-Valsa-da-Morte.png 2048w" sizes="auto, (max-width: 397px) 100vw, 397px" /></a></td>
<td style="width: 50%;height: 225px"></td>
</tr>
<tr style="height: 24px">
<td style="width: 50%;height: 24px"></td>
<td style="width: 50%;height: 24px"></td>
</tr>
</tbody>
</table>
<p>&nbsp;</p>

<p>&nbsp; O PODER DO FOGO (1990) CANÇÃO DE AMÔR &#8211; Fox Canção (2014) A VALSA DA MORTE (1991) &nbsp;</p>
