{"id":123,"date":"2021-07-20T14:52:19","date_gmt":"2021-07-20T17:52:19","guid":{"rendered":"https:\/\/wp.ufpel.edu.br\/ladob\/?page_id=123"},"modified":"2021-09-13T20:32:49","modified_gmt":"2021-09-13T23:32:49","slug":"redemoinho-de-sonhos-2019","status":"publish","type":"page","link":"https:\/\/wp.ufpel.edu.br\/ladob\/redemoinho-de-sonhos\/redemoinho-de-sonhos-2019\/","title":{"rendered":"Redemoinho de Sonhos 2019"},"content":{"rendered":"<p style=\"text-align: justify\">No ano de 2019 essa atividade esteve focada na grava\u00e7\u00e3o de m\u00fasicas de dif\u00edcil execu\u00e7\u00e3o ao vivo, tamb\u00e9m privilegiando forma\u00e7\u00f5es instrumentais e estilos incomuns (Rock sinf\u00f4nico com influ\u00eancias \u00e1rabes, Chorinho-Blues, m\u00fasica matem\u00e1tica para duas bandas de Rock, etc.). Com isso os grupos de estudo ficaram concentrados nos ensaios, capta\u00e7\u00e3o e edi\u00e7\u00e3o de \u00e1udio.<\/p>\n<table style=\"border-collapse: collapse;width: 100%\" border=\"1\">\n<tbody>\n<tr>\n<td style=\"width: 50%\"><img loading=\"lazy\" decoding=\"async\" class=\"size-medium wp-image-205 alignright\" src=\"https:\/\/wp.ufpel.edu.br\/ladob\/files\/2021\/08\/vlcsnap-2021-08-19-15h38m41s240-400x220.png\" alt=\"\" width=\"400\" height=\"220\" srcset=\"https:\/\/wp.ufpel.edu.br\/ladob\/files\/2021\/08\/vlcsnap-2021-08-19-15h38m41s240-400x220.png 400w, https:\/\/wp.ufpel.edu.br\/ladob\/files\/2021\/08\/vlcsnap-2021-08-19-15h38m41s240.png 640w\" sizes=\"auto, (max-width: 400px) 100vw, 400px\" \/><\/td>\n<td style=\"width: 50%\"><img loading=\"lazy\" decoding=\"async\" class=\"size-medium wp-image-206 alignleft\" src=\"https:\/\/wp.ufpel.edu.br\/ladob\/files\/2021\/08\/vlcsnap-2021-08-19-15h37m35s137-400x220.png\" alt=\"\" width=\"400\" height=\"220\" srcset=\"https:\/\/wp.ufpel.edu.br\/ladob\/files\/2021\/08\/vlcsnap-2021-08-19-15h37m35s137-400x220.png 400w, https:\/\/wp.ufpel.edu.br\/ladob\/files\/2021\/08\/vlcsnap-2021-08-19-15h37m35s137.png 640w\" sizes=\"auto, (max-width: 400px) 100vw, 400px\" \/><\/td>\n<\/tr>\n<tr>\n<td style=\"width: 50%\"><img loading=\"lazy\" decoding=\"async\" class=\"size-medium wp-image-207 alignright\" src=\"https:\/\/wp.ufpel.edu.br\/ladob\/files\/2021\/08\/vlcsnap-2021-08-19-15h39m58s81-400x225.png\" alt=\"\" width=\"400\" height=\"225\" srcset=\"https:\/\/wp.ufpel.edu.br\/ladob\/files\/2021\/08\/vlcsnap-2021-08-19-15h39m58s81-400x225.png 400w, https:\/\/wp.ufpel.edu.br\/ladob\/files\/2021\/08\/vlcsnap-2021-08-19-15h39m58s81-1024x576.png 1024w, https:\/\/wp.ufpel.edu.br\/ladob\/files\/2021\/08\/vlcsnap-2021-08-19-15h39m58s81-768x432.png 768w, https:\/\/wp.ufpel.edu.br\/ladob\/files\/2021\/08\/vlcsnap-2021-08-19-15h39m58s81.png 1280w\" sizes=\"auto, (max-width: 400px) 100vw, 400px\" \/><\/td>\n<td style=\"width: 50%\"><img loading=\"lazy\" decoding=\"async\" class=\"wp-image-226 alignleft\" src=\"https:\/\/wp.ufpel.edu.br\/ladob\/files\/2021\/08\/20191114_105433-rotated-e1629422250962-376x400.jpg\" alt=\"\" width=\"209\" height=\"222\" srcset=\"https:\/\/wp.ufpel.edu.br\/ladob\/files\/2021\/08\/20191114_105433-rotated-e1629422250962-376x400.jpg 376w, https:\/\/wp.ufpel.edu.br\/ladob\/files\/2021\/08\/20191114_105433-rotated-e1629422250962-963x1024.jpg 963w, https:\/\/wp.ufpel.edu.br\/ladob\/files\/2021\/08\/20191114_105433-rotated-e1629422250962-768x816.jpg 768w, https:\/\/wp.ufpel.edu.br\/ladob\/files\/2021\/08\/20191114_105433-rotated-e1629422250962-1445x1536.jpg 1445w, https:\/\/wp.ufpel.edu.br\/ladob\/files\/2021\/08\/20191114_105433-rotated-e1629422250962.jpg 1920w\" sizes=\"auto, (max-width: 209px) 100vw, 209px\" \/><img loading=\"lazy\" decoding=\"async\" class=\"wp-image-338 alignleft\" src=\"https:\/\/wp.ufpel.edu.br\/ladob\/files\/2021\/09\/WhatsApp-Image-2019-04-28-at-11.01.47-2-e1631573039482-375x400.jpeg\" alt=\"\" width=\"205\" height=\"218\" srcset=\"https:\/\/wp.ufpel.edu.br\/ladob\/files\/2021\/09\/WhatsApp-Image-2019-04-28-at-11.01.47-2-e1631573039482-375x400.jpeg 375w, https:\/\/wp.ufpel.edu.br\/ladob\/files\/2021\/09\/WhatsApp-Image-2019-04-28-at-11.01.47-2-e1631573039482.jpeg 675w\" sizes=\"auto, (max-width: 205px) 100vw, 205px\" \/><\/td>\n<\/tr>\n<\/tbody>\n<\/table>\n<table style=\"border-collapse: collapse;width: 100%\" border=\"1\">\n<tbody>\n<tr>\n<td style=\"width: 489px\"><img loading=\"lazy\" decoding=\"async\" class=\"size-medium wp-image-334 alignright\" src=\"https:\/\/wp.ufpel.edu.br\/ladob\/files\/2021\/09\/vlcsnap-2021-09-13-19h36m31s185-400x225.png\" alt=\"\" width=\"400\" height=\"225\" srcset=\"https:\/\/wp.ufpel.edu.br\/ladob\/files\/2021\/09\/vlcsnap-2021-09-13-19h36m31s185-400x225.png 400w, https:\/\/wp.ufpel.edu.br\/ladob\/files\/2021\/09\/vlcsnap-2021-09-13-19h36m31s185-1024x576.png 1024w, https:\/\/wp.ufpel.edu.br\/ladob\/files\/2021\/09\/vlcsnap-2021-09-13-19h36m31s185-768x432.png 768w, https:\/\/wp.ufpel.edu.br\/ladob\/files\/2021\/09\/vlcsnap-2021-09-13-19h36m31s185.png 1280w\" sizes=\"auto, (max-width: 400px) 100vw, 400px\" \/><\/td>\n<td style=\"width: 489px\"><img loading=\"lazy\" decoding=\"async\" class=\"size-medium wp-image-335 alignleft\" src=\"https:\/\/wp.ufpel.edu.br\/ladob\/files\/2021\/09\/vlcsnap-2021-09-13-19h38m55s28-400x225.png\" alt=\"\" width=\"400\" height=\"225\" srcset=\"https:\/\/wp.ufpel.edu.br\/ladob\/files\/2021\/09\/vlcsnap-2021-09-13-19h38m55s28-400x225.png 400w, https:\/\/wp.ufpel.edu.br\/ladob\/files\/2021\/09\/vlcsnap-2021-09-13-19h38m55s28-1024x576.png 1024w, https:\/\/wp.ufpel.edu.br\/ladob\/files\/2021\/09\/vlcsnap-2021-09-13-19h38m55s28-768x432.png 768w, https:\/\/wp.ufpel.edu.br\/ladob\/files\/2021\/09\/vlcsnap-2021-09-13-19h38m55s28.png 1280w\" sizes=\"auto, (max-width: 400px) 100vw, 400px\" \/><\/td>\n<\/tr>\n<tr>\n<td style=\"width: 489px\" colspan=\"2\"><img loading=\"lazy\" decoding=\"async\" class=\"alignnone wp-image-351 aligncenter\" src=\"https:\/\/wp.ufpel.edu.br\/ladob\/files\/2021\/09\/vlcsnap-2021-09-13-20h23m34s28-400x400.png\" alt=\"\" width=\"280\" height=\"280\" srcset=\"https:\/\/wp.ufpel.edu.br\/ladob\/files\/2021\/09\/vlcsnap-2021-09-13-20h23m34s28-400x400.png 400w, https:\/\/wp.ufpel.edu.br\/ladob\/files\/2021\/09\/vlcsnap-2021-09-13-20h23m34s28-200x200.png 200w, https:\/\/wp.ufpel.edu.br\/ladob\/files\/2021\/09\/vlcsnap-2021-09-13-20h23m34s28-80x80.png 80w, https:\/\/wp.ufpel.edu.br\/ladob\/files\/2021\/09\/vlcsnap-2021-09-13-20h23m34s28-320x320.png 320w, https:\/\/wp.ufpel.edu.br\/ladob\/files\/2021\/09\/vlcsnap-2021-09-13-20h23m34s28.png 640w\" sizes=\"auto, (max-width: 280px) 100vw, 280px\" \/><\/td>\n<\/tr>\n<\/tbody>\n<\/table>\n<p style=\"text-align: center\"><span style=\"font-size: 10pt\">Grava\u00e7\u00f5es de cordas (Arab Zaho), pandeiro (Chorinho-Blues), guitarra (M\u00daSItem\u00e1tiCA), bateria (Pilha EL\u00c9TRICA) e vozes (Hino dos Suficientes).<\/span><\/p>\n<p style=\"text-align: justify\"><span style=\"font-size: 10pt\"><span style=\"font-size: 16px\">Durante os ensaios surgiram diversas dificuldades t\u00e9cnicas e musicais relativas a cada instrumento, que foram sendo trabalhadas at\u00e9 chegar o momento das grava\u00e7\u00f5es. <\/span><\/span>Por outro lado, dentre os principais desafios t\u00e9cnicos encarados e vencidos no est\u00fadio do LAMP (Laborat\u00f3rio de M\u00fasica Popular) estiveram a capta\u00e7\u00e3o (posicionamento adequado dos dois \u00fanicos microfones dispon\u00edveis) de instrumentos de cordas friccionadas (violinos, viola e violoncelo), da flauta transversal e de instrumentos de percuss\u00e3o, incluindo bateria, derbake, pandeiro, palmas e alguns instrumentos de percuss\u00e3o sinf\u00f4nica (t\u00edmpanos, pratos de choque e gongo [tam-tam]).<\/p>\n<table style=\"border-collapse: collapse;width: 100%\" border=\"1\">\n<tbody>\n<tr>\n<td style=\"width: 33.3333%\"><img loading=\"lazy\" decoding=\"async\" class=\"wp-image-201 size-thumbnail alignright\" src=\"https:\/\/wp.ufpel.edu.br\/ladob\/files\/2021\/08\/20190912_121039-200x200.jpg\" alt=\"\" width=\"200\" height=\"200\" srcset=\"https:\/\/wp.ufpel.edu.br\/ladob\/files\/2021\/08\/20190912_121039-200x200.jpg 200w, https:\/\/wp.ufpel.edu.br\/ladob\/files\/2021\/08\/20190912_121039-80x80.jpg 80w, https:\/\/wp.ufpel.edu.br\/ladob\/files\/2021\/08\/20190912_121039-320x320.jpg 320w\" sizes=\"auto, (max-width: 200px) 100vw, 200px\" \/><\/td>\n<td style=\"width: 33.3333%\"><img loading=\"lazy\" decoding=\"async\" class=\"aligncenter wp-image-217 size-thumbnail\" src=\"https:\/\/wp.ufpel.edu.br\/ladob\/files\/2021\/08\/IMG-20190614-WA0003-200x200.jpg\" alt=\"\" width=\"200\" height=\"200\" srcset=\"https:\/\/wp.ufpel.edu.br\/ladob\/files\/2021\/08\/IMG-20190614-WA0003-200x200.jpg 200w, https:\/\/wp.ufpel.edu.br\/ladob\/files\/2021\/08\/IMG-20190614-WA0003-80x80.jpg 80w, https:\/\/wp.ufpel.edu.br\/ladob\/files\/2021\/08\/IMG-20190614-WA0003-320x320.jpg 320w\" sizes=\"auto, (max-width: 200px) 100vw, 200px\" \/><\/td>\n<td style=\"width: 33.3333%\"><img loading=\"lazy\" decoding=\"async\" class=\"wp-image-204 size-thumbnail alignleft\" src=\"https:\/\/wp.ufpel.edu.br\/ladob\/files\/2021\/08\/WhatsApp-Image-2019-06-14-at-18.55.00-200x200.jpeg\" alt=\"\" width=\"200\" height=\"200\" srcset=\"https:\/\/wp.ufpel.edu.br\/ladob\/files\/2021\/08\/WhatsApp-Image-2019-06-14-at-18.55.00-200x200.jpeg 200w, https:\/\/wp.ufpel.edu.br\/ladob\/files\/2021\/08\/WhatsApp-Image-2019-06-14-at-18.55.00-80x80.jpeg 80w, https:\/\/wp.ufpel.edu.br\/ladob\/files\/2021\/08\/WhatsApp-Image-2019-06-14-at-18.55.00-320x320.jpeg 320w\" sizes=\"auto, (max-width: 200px) 100vw, 200px\" \/><\/td>\n<\/tr>\n<tr>\n<td style=\"width: 33.3333%\"><img loading=\"lazy\" decoding=\"async\" class=\"wp-image-216 size-thumbnail alignright\" src=\"https:\/\/wp.ufpel.edu.br\/ladob\/files\/2021\/08\/20190606_093712-rotated-e1629421840998-200x200.jpg\" alt=\"\" width=\"200\" height=\"200\" srcset=\"https:\/\/wp.ufpel.edu.br\/ladob\/files\/2021\/08\/20190606_093712-rotated-e1629421840998-200x200.jpg 200w, https:\/\/wp.ufpel.edu.br\/ladob\/files\/2021\/08\/20190606_093712-rotated-e1629421840998-80x80.jpg 80w, https:\/\/wp.ufpel.edu.br\/ladob\/files\/2021\/08\/20190606_093712-rotated-e1629421840998-320x320.jpg 320w\" sizes=\"auto, (max-width: 200px) 100vw, 200px\" \/><\/td>\n<td style=\"width: 33.3333%\"><img loading=\"lazy\" decoding=\"async\" class=\"aligncenter wp-image-202 size-thumbnail\" src=\"https:\/\/wp.ufpel.edu.br\/ladob\/files\/2021\/08\/20190606_090145-200x200.jpg\" alt=\"\" width=\"200\" height=\"200\" srcset=\"https:\/\/wp.ufpel.edu.br\/ladob\/files\/2021\/08\/20190606_090145-200x200.jpg 200w, https:\/\/wp.ufpel.edu.br\/ladob\/files\/2021\/08\/20190606_090145-80x80.jpg 80w, https:\/\/wp.ufpel.edu.br\/ladob\/files\/2021\/08\/20190606_090145-320x320.jpg 320w\" sizes=\"auto, (max-width: 200px) 100vw, 200px\" \/><\/td>\n<td style=\"width: 33.3333%\"><img loading=\"lazy\" decoding=\"async\" class=\"wp-image-203 size-thumbnail alignleft\" src=\"https:\/\/wp.ufpel.edu.br\/ladob\/files\/2021\/08\/IMG-20190523-WA0005-e1629422083621-200x200.jpg\" alt=\"\" width=\"200\" height=\"200\" srcset=\"https:\/\/wp.ufpel.edu.br\/ladob\/files\/2021\/08\/IMG-20190523-WA0005-e1629422083621-200x200.jpg 200w, https:\/\/wp.ufpel.edu.br\/ladob\/files\/2021\/08\/IMG-20190523-WA0005-e1629422083621-80x80.jpg 80w, https:\/\/wp.ufpel.edu.br\/ladob\/files\/2021\/08\/IMG-20190523-WA0005-e1629422083621-320x320.jpg 320w\" sizes=\"auto, (max-width: 200px) 100vw, 200px\" \/><\/td>\n<\/tr>\n<\/tbody>\n<\/table>\n<p style=\"text-align: center\"><span style=\"font-size: 10pt\">Parte da instrumenta\u00e7\u00e3o de Sinfonia das C\u00f4res e de Arab Zaho.<\/span><\/p>\n<p>Ainda na parte de capta\u00e7\u00e3o e tamb\u00e9m nas etapas posteriores de edi\u00e7\u00e3o e pr\u00e9-mixagem o dom\u00ednio de recursos espec\u00edficos de software multipistas se fez necess\u00e1rio a cada sess\u00e3o. Com tudo isso o projeto ampliou seu campo de a\u00e7\u00e3o para toda essa \u00e1rea da produ\u00e7\u00e3o em est\u00fadio, o que coincidiu com a mudan\u00e7a do LAMP de uma sala de aula convencional no pr\u00e9dio do Centro de Artes da UFPEL para o antigo est\u00fadio do curso de Produ\u00e7\u00e3o Fonogr\u00e1fica da UCPEL.<\/p>\n<p>Ao final do ano acumulou-se muito material bruto e v\u00e1rias edi\u00e7\u00f5es de \u00e1udio foram realizadas, por\u00e9m n\u00e3o se avan\u00e7ou na parte de mixagem, tendo todas as faixas estudadas e gravadas ficado em aberto.<\/p>\n<p>Em 16 de outubro uma nova composi\u00e7\u00e3o chamada Destardecer, encomendada pelo Quinteto Maga, foi apresentada publicamente em show do grupo, realizado no Sal\u00e3o Milton de Lemos (Conservat\u00f3rio de M\u00fasica da UFPEL).<\/p>\n<p><img loading=\"lazy\" decoding=\"async\" class=\"wp-image-298 aligncenter\" src=\"https:\/\/wp.ufpel.edu.br\/ladob\/files\/2021\/09\/vlcsnap-2021-09-13-16h44m49s72-400x225.png\" alt=\"\" width=\"613\" height=\"345\" srcset=\"https:\/\/wp.ufpel.edu.br\/ladob\/files\/2021\/09\/vlcsnap-2021-09-13-16h44m49s72-400x225.png 400w, https:\/\/wp.ufpel.edu.br\/ladob\/files\/2021\/09\/vlcsnap-2021-09-13-16h44m49s72.png 640w\" sizes=\"auto, (max-width: 613px) 100vw, 613px\" \/><\/p>\n<p style=\"text-align: center\"><span style=\"font-size: 10pt\">Apresenta\u00e7\u00e3o p\u00fablica de Destardecer, com o Quinteto Maga (Conservat\u00f3rio de M\u00fasica da UFPEL).<\/span><\/p>\n<p>E no dia 10 de dezembro foi realizada a apresenta\u00e7\u00e3o M\u00fasica para Flauta e Piano, no Museu do Piano, um museu itinerante que veio de Bras\u00edlia e estacionou por uma semana no largo do Mercado P\u00fablico de Pelotas.<\/p>\n<table style=\"border-collapse: collapse;width: 100%\" border=\"1\">\n<tbody>\n<tr>\n<td style=\"width: 33.3333%\"><img loading=\"lazy\" decoding=\"async\" class=\"aligncenter wp-image-287\" src=\"https:\/\/wp.ufpel.edu.br\/ladob\/files\/2021\/09\/Mauren-no-piano.png\" alt=\"\" width=\"226\" height=\"155\" \/><img loading=\"lazy\" decoding=\"async\" class=\"aligncenter wp-image-291\" src=\"https:\/\/wp.ufpel.edu.br\/ladob\/files\/2021\/09\/vlcsnap-2021-09-13-16h23m35s101.png\" alt=\"\" width=\"244\" height=\"229\" \/><\/td>\n<td style=\"width: 33.3333%\"><img loading=\"lazy\" decoding=\"async\" class=\"size-medium wp-image-296 aligncenter\" src=\"https:\/\/wp.ufpel.edu.br\/ladob\/files\/2021\/09\/00-WhatsApp-Image-2019-12-09-at-20.08.58-282x400.jpeg\" alt=\"\" width=\"282\" height=\"400\" srcset=\"https:\/\/wp.ufpel.edu.br\/ladob\/files\/2021\/09\/00-WhatsApp-Image-2019-12-09-at-20.08.58-282x400.jpeg 282w, https:\/\/wp.ufpel.edu.br\/ladob\/files\/2021\/09\/00-WhatsApp-Image-2019-12-09-at-20.08.58-722x1024.jpeg 722w, https:\/\/wp.ufpel.edu.br\/ladob\/files\/2021\/09\/00-WhatsApp-Image-2019-12-09-at-20.08.58-768x1090.jpeg 768w, https:\/\/wp.ufpel.edu.br\/ladob\/files\/2021\/09\/00-WhatsApp-Image-2019-12-09-at-20.08.58.jpeg 902w\" sizes=\"auto, (max-width: 282px) 100vw, 282px\" \/><\/td>\n<td style=\"width: 33.3333%\"><img loading=\"lazy\" decoding=\"async\" class=\"alignnone size-medium wp-image-293\" src=\"https:\/\/wp.ufpel.edu.br\/ladob\/files\/2021\/09\/vlcsnap-2021-09-13-16h36m32s196-400x267.png\" alt=\"\" width=\"400\" height=\"267\" srcset=\"https:\/\/wp.ufpel.edu.br\/ladob\/files\/2021\/09\/vlcsnap-2021-09-13-16h36m32s196-400x267.png 400w, https:\/\/wp.ufpel.edu.br\/ladob\/files\/2021\/09\/vlcsnap-2021-09-13-16h36m32s196.png 482w\" sizes=\"auto, (max-width: 400px) 100vw, 400px\" \/><\/td>\n<\/tr>\n<\/tbody>\n<\/table>\n<table style=\"border-collapse: collapse;width: 100%\" border=\"1\">\n<tbody>\n<tr>\n<td style=\"width: 50%\"><\/td>\n<td style=\"width: 50%\"><\/td>\n<\/tr>\n<tr>\n<td style=\"width: 50%\"><img loading=\"lazy\" decoding=\"async\" class=\"size-medium wp-image-289 alignright\" src=\"https:\/\/wp.ufpel.edu.br\/ladob\/files\/2021\/09\/vlcsnap-2021-09-13-16h27m01s154-400x300.png\" alt=\"\" width=\"400\" height=\"300\" srcset=\"https:\/\/wp.ufpel.edu.br\/ladob\/files\/2021\/09\/vlcsnap-2021-09-13-16h27m01s154-400x300.png 400w, https:\/\/wp.ufpel.edu.br\/ladob\/files\/2021\/09\/vlcsnap-2021-09-13-16h27m01s154.png 640w\" sizes=\"auto, (max-width: 400px) 100vw, 400px\" \/><\/td>\n<td style=\"width: 50%\"><img loading=\"lazy\" decoding=\"async\" class=\"alignnone size-medium wp-image-288\" src=\"https:\/\/wp.ufpel.edu.br\/ladob\/files\/2021\/09\/vlcsnap-2021-09-13-16h14m14s152-400x300.png\" alt=\"\" width=\"400\" height=\"300\" srcset=\"https:\/\/wp.ufpel.edu.br\/ladob\/files\/2021\/09\/vlcsnap-2021-09-13-16h14m14s152-400x300.png 400w, https:\/\/wp.ufpel.edu.br\/ladob\/files\/2021\/09\/vlcsnap-2021-09-13-16h14m14s152.png 640w\" sizes=\"auto, (max-width: 400px) 100vw, 400px\" \/><\/td>\n<\/tr>\n<\/tbody>\n<\/table>\n<p style=\"text-align: center\"><span style=\"font-size: 10pt\">M\u00fasica para Flauta e Piano (largo do Mercado P\u00fablico de Pelotas).<\/span><\/p>\n","protected":false},"excerpt":{"rendered":"<p>No ano de 2019 essa atividade esteve focada na grava\u00e7\u00e3o de m\u00fasicas de dif\u00edcil execu\u00e7\u00e3o ao vivo, tamb\u00e9m privilegiando forma\u00e7\u00f5es instrumentais e estilos incomuns (Rock sinf\u00f4nico com influ\u00eancias \u00e1rabes, Chorinho-Blues, m\u00fasica matem\u00e1tica para duas&#46;&#46;&#46;<\/p>\n","protected":false},"author":1153,"featured_media":0,"parent":42,"menu_order":3,"comment_status":"closed","ping_status":"closed","template":"","meta":{"footnotes":""},"class_list":["post-123","page","type-page","status-publish","hentry"],"_links":{"self":[{"href":"https:\/\/wp.ufpel.edu.br\/ladob\/wp-json\/wp\/v2\/pages\/123","targetHints":{"allow":["GET"]}}],"collection":[{"href":"https:\/\/wp.ufpel.edu.br\/ladob\/wp-json\/wp\/v2\/pages"}],"about":[{"href":"https:\/\/wp.ufpel.edu.br\/ladob\/wp-json\/wp\/v2\/types\/page"}],"author":[{"embeddable":true,"href":"https:\/\/wp.ufpel.edu.br\/ladob\/wp-json\/wp\/v2\/users\/1153"}],"replies":[{"embeddable":true,"href":"https:\/\/wp.ufpel.edu.br\/ladob\/wp-json\/wp\/v2\/comments?post=123"}],"version-history":[{"count":50,"href":"https:\/\/wp.ufpel.edu.br\/ladob\/wp-json\/wp\/v2\/pages\/123\/revisions"}],"predecessor-version":[{"id":356,"href":"https:\/\/wp.ufpel.edu.br\/ladob\/wp-json\/wp\/v2\/pages\/123\/revisions\/356"}],"up":[{"embeddable":true,"href":"https:\/\/wp.ufpel.edu.br\/ladob\/wp-json\/wp\/v2\/pages\/42"}],"wp:attachment":[{"href":"https:\/\/wp.ufpel.edu.br\/ladob\/wp-json\/wp\/v2\/media?parent=123"}],"curies":[{"name":"wp","href":"https:\/\/api.w.org\/{rel}","templated":true}]}}