{"id":108,"date":"2021-07-20T14:13:41","date_gmt":"2021-07-20T17:13:41","guid":{"rendered":"https:\/\/wp.ufpel.edu.br\/ladob\/?page_id=108"},"modified":"2021-09-13T16:57:04","modified_gmt":"2021-09-13T19:57:04","slug":"sobre-o-projeto","status":"publish","type":"page","link":"https:\/\/wp.ufpel.edu.br\/ladob\/","title":{"rendered":"SOBRE O PROJETO"},"content":{"rendered":"<p><a href=\"https:\/\/www.youtube.com\/channel\/UC3WUenbhB2e7Tp-cRl4N9Lw\/featured\">Canal do projeto no YouTube<\/a><\/p>\n<p style=\"text-align: justify\">Ao longo da hist\u00f3ria da m\u00fasica sempre se p\u00f4de diferenciar entre manifesta\u00e7\u00f5es mais populares e menos populares. Sobretudo na dita m\u00fasica &#8220;popular&#8221; h\u00e1 uma clara distin\u00e7\u00e3o entre a m\u00fasica mais comercial, que tradicionalmente tem ampla divulga\u00e7\u00e3o pelos meios de comunica\u00e7\u00e3o em massa, e a m\u00fasica que sobrevive de forma mais impopular, marginal, estando exatamente \u00e0 margem de todo esse sistema. Essa dicotomia \u00e9 o que em ingl\u00eas se costuma diferenciar com os termos Mainstream e Underground. Entretanto Covach (2009) relativiza essa polariza\u00e7\u00e3o com o conceito de &#8220;arco de popularidade&#8221;, de acordo com o qual um determinado estilo musical pode surgir em uma \u00e1rea geograficamente restrita e abrangendo um p\u00fablico pequeno, expandir sua popularidade e depois de algum tempo continuar existindo como uma subcultura. Em alguns casos tamb\u00e9m esse arco praticamente j\u00e1 terminou, existindo apenas os registros fonogr\u00e1ficos e hist\u00f3ricos, que podem vir a ser reexaminados.<\/p>\n<p style=\"text-align: justify\">Portanto, a pouca popularidade atual de algumas m\u00fasicas ou estilos musicais pode se dever tanto aos seus alinhamentos est\u00e9ticos n\u00e3o comerciais (e \u00e0 sua divulga\u00e7\u00e3o, consequentemente menos ampla) quanto ao seu distanciamento temporal &#8211; uma vez que hoje em dia \u00e9 baixa a popularidade de m\u00fasicas e de estilos musicais produzidos em um passado mais remoto, mesmo que em suas \u00e9pocas estas tenham sido extremamente populares.<\/p>\n<p style=\"text-align: justify\">O t\u00edtulo &#8220;Lado B&#8221; (j\u00e1 uma express\u00e3o idiom\u00e1tica), \u00e9 utilizado aqui justamente como uma alus\u00e3o a essa faceta mais obscura da produ\u00e7\u00e3o musical, visto que nos antigos compactos e LPs de vinil era no lado A que constava(m) a(s) m\u00fasica(s) destinada(s) a tocar no r\u00e1dio, de apelo mais comercial, sendo o lado B muitas vezes destinado \u00e0quelas m\u00fasicas menos convencionais e que com o tempo passavam a cair no esquecimento do grande p\u00fablico, ainda que muitas vezes apresentando o que de mais original aqueles artistas sabiam realizar.<\/p>\n<p style=\"text-align: justify\">A democratiza\u00e7\u00e3o ao acesso \u00e0 informa\u00e7\u00e3o promovida pela Internet vem trazer uma nova luz a esse termo e \u00e0 m\u00fasica que a ele se atrela, uma vez que hoje em dia o &#8220;underground&#8221; acaba podendo ter uma visibilidade bem maior do que antigamente.<\/p>\n","protected":false},"excerpt":{"rendered":"<p>Canal do projeto no YouTube Ao longo da hist\u00f3ria da m\u00fasica sempre se p\u00f4de diferenciar entre manifesta\u00e7\u00f5es mais populares e menos populares. Sobretudo na dita m\u00fasica &#8220;popular&#8221; h\u00e1 uma clara distin\u00e7\u00e3o entre a m\u00fasica&#46;&#46;&#46;<\/p>\n","protected":false},"author":1153,"featured_media":0,"parent":0,"menu_order":0,"comment_status":"closed","ping_status":"closed","template":"","meta":{"footnotes":""},"class_list":["post-108","page","type-page","status-publish","hentry"],"_links":{"self":[{"href":"https:\/\/wp.ufpel.edu.br\/ladob\/wp-json\/wp\/v2\/pages\/108","targetHints":{"allow":["GET"]}}],"collection":[{"href":"https:\/\/wp.ufpel.edu.br\/ladob\/wp-json\/wp\/v2\/pages"}],"about":[{"href":"https:\/\/wp.ufpel.edu.br\/ladob\/wp-json\/wp\/v2\/types\/page"}],"author":[{"embeddable":true,"href":"https:\/\/wp.ufpel.edu.br\/ladob\/wp-json\/wp\/v2\/users\/1153"}],"replies":[{"embeddable":true,"href":"https:\/\/wp.ufpel.edu.br\/ladob\/wp-json\/wp\/v2\/comments?post=108"}],"version-history":[{"count":3,"href":"https:\/\/wp.ufpel.edu.br\/ladob\/wp-json\/wp\/v2\/pages\/108\/revisions"}],"predecessor-version":[{"id":307,"href":"https:\/\/wp.ufpel.edu.br\/ladob\/wp-json\/wp\/v2\/pages\/108\/revisions\/307"}],"wp:attachment":[{"href":"https:\/\/wp.ufpel.edu.br\/ladob\/wp-json\/wp\/v2\/media?parent=108"}],"curies":[{"name":"wp","href":"https:\/\/api.w.org\/{rel}","templated":true}]}}