{"id":78,"date":"2020-06-23T15:42:49","date_gmt":"2020-06-23T18:42:49","guid":{"rendered":"https:\/\/wp.ufpel.edu.br\/ladic\/?page_id=78"},"modified":"2020-06-24T09:08:43","modified_gmt":"2020-06-24T12:08:43","slug":"quem-somos","status":"publish","type":"page","link":"https:\/\/wp.ufpel.edu.br\/ladic\/quem-somos\/","title":{"rendered":"Quem Somos"},"content":{"rendered":"<div id=\"pl-78\"  class=\"panel-layout\" ><div id=\"pg-78-0\"  class=\"panel-grid panel-has-style\" ><div class=\"siteorigin-panels-stretch panel-row-style panel-row-style-for-78-0\" data-stretch-type=\"full\" ><div id=\"pgc-78-0-0\"  class=\"panel-grid-cell\" ><div id=\"panel-78-0-0-0\" class=\"so-panel widget widget_sow-image panel-first-child panel-last-child\" data-index=\"0\" ><div class=\"panel-widget-style panel-widget-style-for-78-0-0-0\" ><div\n\t\t\t\n\t\t\tclass=\"so-widget-sow-image so-widget-sow-image-default-8b5b6f678277-78\"\n\t\t\t\n\t\t>\n<div class=\"sow-image-container\">\n\t\t<img \n\tsrc=\"https:\/\/wp.ufpel.edu.br\/ladic\/files\/2020\/06\/LADIC-Transparente.png\" width=\"592\" height=\"497\" srcset=\"https:\/\/wp.ufpel.edu.br\/ladic\/files\/2020\/06\/LADIC-Transparente.png 592w, https:\/\/wp.ufpel.edu.br\/ladic\/files\/2020\/06\/LADIC-Transparente-400x336.png 400w\" sizes=\"(max-width: 592px) 100vw, 592px\" title=\"LADIC Transparente\" alt=\"\" \t\tclass=\"so-widget-image\"\/>\n\t<\/div>\n\n<\/div><\/div><\/div><\/div><div id=\"pgc-78-0-1\"  class=\"panel-grid-cell\" ><div id=\"panel-78-0-1-0\" class=\"so-panel widget widget_sow-editor panel-first-child panel-last-child\" data-index=\"1\" ><div class=\"panel-widget-style panel-widget-style-for-78-0-1-0\" ><div\n\t\t\t\n\t\t\tclass=\"so-widget-sow-editor so-widget-sow-editor-base\"\n\t\t\t\n\t\t>\n<div class=\"siteorigin-widget-tinymce textwidget\">\n\t<h1><span style=\"color: #000000\">LADIC<\/span><\/h1>\n<p>O LADIC \u00e9 um grupo criado com o intuito de aumentar o conhecimento sobre diagn\u00f3stico por imagem e cardiologia veterin\u00e1ria para alunos do curso de gradua\u00e7\u00e3o e p\u00f3s-gradua\u00e7\u00e3o. S\u00e3o realizados encontros, desdobramentos em outros projetos, promo\u00e7\u00e3o de semin\u00e1rios e palestras sobre os temas que circundam essas \u00e1reas de conhecimento, assim, auxiliando na promo\u00e7\u00e3o e aprofundamento de conhecimento nas \u00e1reas de imaginologia veterin\u00e1ria.<\/p>\n<\/div>\n<\/div><\/div><\/div><\/div><\/div><\/div><div id=\"pg-78-1\"  class=\"panel-grid panel-has-style\" ><div class=\"siteorigin-panels-stretch panel-row-style panel-row-style-for-78-1\" data-stretch-type=\"full\" ><div id=\"pgc-78-1-0\"  class=\"panel-grid-cell\" ><div class=\"panel-cell-style panel-cell-style-for-78-1-0\" ><div id=\"panel-78-1-0-0\" class=\"so-panel widget widget_sow-editor panel-first-child panel-last-child\" data-index=\"2\" ><div class=\"panel-widget-style panel-widget-style-for-78-1-0-0\" ><div\n\t\t\t\n\t\t\tclass=\"so-widget-sow-editor so-widget-sow-editor-base\"\n\t\t\t\n\t\t>\n<div class=\"siteorigin-widget-tinymce textwidget\">\n\t<h1>GEPET<\/h1>\n<p style=\"text-align: justify\"><span style=\"color: #333333\">\u00a0 \u00a0 \u00a0 \u00a0 Criado em 2015, o GEPET \u00e9 um grupo de estudos que tem como finalidade reunir docentes e acad\u00eamicos do Curso de Medicina Veterin\u00e1ria da UFPel com interesse na \u00e1rea de Cl\u00ednica M\u00e9dica e cir\u00fargica de Pequenos Animais, para o estudo e discuss\u00e3o de casos cl\u00ednicos atendidos ou vivenciados pelos integrantes do projeto, assim, p<\/span>romover a discuss\u00e3o e racioc\u00ednio cr\u00edtico no que se refere \u00e0s condutas cl\u00ednico-cir\u00fargicas em pequenos animais e despertar uma atitude de busca continuada de informa\u00e7\u00e3o, estimulando o ju\u00edzo cr\u00edtico e a criatividade.<\/p>\n<\/div>\n<\/div><\/div><\/div><\/div><\/div><div id=\"pgc-78-1-1\"  class=\"panel-grid-cell\" ><div id=\"panel-78-1-1-0\" class=\"so-panel widget widget_sow-image panel-first-child panel-last-child\" data-index=\"3\" ><div class=\"panel-widget-style panel-widget-style-for-78-1-1-0\" ><div\n\t\t\t\n\t\t\tclass=\"so-widget-sow-image so-widget-sow-image-default-8b5b6f678277-78\"\n\t\t\t\n\t\t>\n<div class=\"sow-image-container\">\n\t\t<img \n\tsrc=\"https:\/\/wp.ufpel.edu.br\/ladic\/files\/2020\/06\/oie_transparent-6.png\" width=\"389\" height=\"389\" srcset=\"https:\/\/wp.ufpel.edu.br\/ladic\/files\/2020\/06\/oie_transparent-6.png 389w, https:\/\/wp.ufpel.edu.br\/ladic\/files\/2020\/06\/oie_transparent-6-200x200.png 200w\" sizes=\"(max-width: 389px) 100vw, 389px\" title=\"oie_transparent (6)\" alt=\"\" \t\tclass=\"so-widget-image\"\/>\n\t<\/div>\n\n<\/div><\/div><\/div><\/div><\/div><\/div><div id=\"pg-78-2\"  class=\"panel-grid panel-has-style\" ><div class=\"siteorigin-panels-stretch panel-row-style panel-row-style-for-78-2\" data-stretch-type=\"full\" ><div id=\"pgc-78-2-0\"  class=\"panel-grid-cell\" ><div id=\"panel-78-2-0-0\" class=\"so-panel widget widget_sow-social-media-buttons panel-first-child panel-last-child\" data-index=\"4\" ><div\n\t\t\t\n\t\t\tclass=\"so-widget-sow-social-media-buttons so-widget-sow-social-media-buttons-wire-90b4cc77fb51-78\"\n\t\t\t\n\t\t>\n\n<div class=\"social-media-button-container\">\n\t\n\t\t<a \n\t\tclass=\"ow-button-hover sow-social-media-button-facebook-0 sow-social-media-button\" title=\"LADIC - Laborat\u00f3rio de Diagn\u00f3stico por Imagem e Cardiologia em Facebook\" aria-label=\"LADIC - Laborat\u00f3rio de Diagn\u00f3stico por Imagem e Cardiologia em Facebook\" target=\"_blank\" rel=\"noopener noreferrer\" href=\"https:\/\/www.facebook.com\/GEPET.UFPel\" \t\t>\n\t\t\t<span>\n\t\t\t\t\t\t\t\t<span class=\"sow-icon-fontawesome sow-fab\" data-sow-icon=\"&#xf39e;\"\n\t\t \n\t\taria-hidden=\"true\"><\/span>\t\t\t\t\t\t\t<\/span>\n\t\t<\/a>\n\t\n\t\t<a \n\t\tclass=\"ow-button-hover sow-social-media-button-instagram-0 sow-social-media-button\" title=\"LADIC - Laborat\u00f3rio de Diagn\u00f3stico por Imagem e Cardiologia em Instagram\" aria-label=\"LADIC - Laborat\u00f3rio de Diagn\u00f3stico por Imagem e Cardiologia em Instagram\" target=\"_blank\" rel=\"noopener noreferrer\" href=\"https:\/\/instagram.com\/gepet.ufpel\" \t\t>\n\t\t\t<span>\n\t\t\t\t\t\t\t\t<span class=\"sow-icon-fontawesome sow-fab\" data-sow-icon=\"&#xf16d;\"\n\t\t \n\t\taria-hidden=\"true\"><\/span>\t\t\t\t\t\t\t<\/span>\n\t\t<\/a>\n\t<\/div>\n<\/div><\/div><\/div><\/div><\/div><\/div>","protected":false},"excerpt":{"rendered":"<p>LADIC O LADIC \u00e9 um grupo criado com o intuito de aumentar o conhecimento sobre diagn\u00f3stico por imagem e cardiologia veterin\u00e1ria para alunos do curso de gradua\u00e7\u00e3o e p\u00f3s-gradua\u00e7\u00e3o. S\u00e3o realizados encontros, desdobramentos em outros projetos, promo\u00e7\u00e3o de semin\u00e1rios e palestras sobre os temas que circundam essas \u00e1reas de conhecimento, assim, auxiliando na promo\u00e7\u00e3o e [&hellip;]<\/p>\n","protected":false},"author":1025,"featured_media":0,"parent":0,"menu_order":0,"comment_status":"closed","ping_status":"closed","template":"","meta":{"footnotes":""},"class_list":["post-78","page","type-page","status-publish","hentry","post"],"_links":{"self":[{"href":"https:\/\/wp.ufpel.edu.br\/ladic\/wp-json\/wp\/v2\/pages\/78","targetHints":{"allow":["GET"]}}],"collection":[{"href":"https:\/\/wp.ufpel.edu.br\/ladic\/wp-json\/wp\/v2\/pages"}],"about":[{"href":"https:\/\/wp.ufpel.edu.br\/ladic\/wp-json\/wp\/v2\/types\/page"}],"author":[{"embeddable":true,"href":"https:\/\/wp.ufpel.edu.br\/ladic\/wp-json\/wp\/v2\/users\/1025"}],"replies":[{"embeddable":true,"href":"https:\/\/wp.ufpel.edu.br\/ladic\/wp-json\/wp\/v2\/comments?post=78"}],"version-history":[{"count":14,"href":"https:\/\/wp.ufpel.edu.br\/ladic\/wp-json\/wp\/v2\/pages\/78\/revisions"}],"predecessor-version":[{"id":237,"href":"https:\/\/wp.ufpel.edu.br\/ladic\/wp-json\/wp\/v2\/pages\/78\/revisions\/237"}],"wp:attachment":[{"href":"https:\/\/wp.ufpel.edu.br\/ladic\/wp-json\/wp\/v2\/media?parent=78"}],"curies":[{"name":"wp","href":"https:\/\/api.w.org\/{rel}","templated":true}]}}