{"id":815,"date":"2025-12-30T12:56:58","date_gmt":"2025-12-30T15:56:58","guid":{"rendered":"https:\/\/wp.ufpel.edu.br\/lacorpi\/?page_id=815"},"modified":"2025-12-30T12:57:00","modified_gmt":"2025-12-30T15:57:00","slug":"diretrizes-de-funcionamento-e-seguranca","status":"publish","type":"page","link":"https:\/\/wp.ufpel.edu.br\/lacorpi\/diretrizes-de-funcionamento-e-seguranca\/","title":{"rendered":"DIRETRIZES DE FUNCIONAMENTO E SEGURAN\u00c7A"},"content":{"rendered":"<style>.wp-block-kadence-advancedheading.kt-adv-heading815_37cdd5-a6_0, .wp-block-kadence-advancedheading.kt-adv-heading815_37cdd5-a6_0[data-kb-block=\"kb-adv-heading815_37cdd5-a6_0\"]{font-style:normal;}.wp-block-kadence-advancedheading.kt-adv-heading815_37cdd5-a6_0 mark.kt-highlight, .wp-block-kadence-advancedheading.kt-adv-heading815_37cdd5-a6_0[data-kb-block=\"kb-adv-heading815_37cdd5-a6_0\"] mark.kt-highlight{font-style:normal;color:#f76a0c;-webkit-box-decoration-break:clone;box-decoration-break:clone;padding-top:0px;padding-right:0px;padding-bottom:0px;padding-left:0px;}.wp-block-kadence-advancedheading.kt-adv-heading815_37cdd5-a6_0 img.kb-inline-image, .wp-block-kadence-advancedheading.kt-adv-heading815_37cdd5-a6_0[data-kb-block=\"kb-adv-heading815_37cdd5-a6_0\"] img.kb-inline-image{width:150px;vertical-align:baseline;}<\/style>\n<p class=\"kt-adv-heading815_37cdd5-a6_0 wp-block-kadence-advancedheading\" data-kb-block=\"kb-adv-heading815_37cdd5-a6_0\">Com o objetivo de garantir o sucesso das atividades desenvolvidas, o Laborat\u00f3rio baseia-se em diretrizes rigorosas de funcionamento e seguran\u00e7a, detalhadas em dois pilares fundamentais: o Regimento Interno e o Plano de Gerenciamento de Res\u00edduos Perigosos (PGRP).<\/p>\n\n\n<style>.wp-block-kadence-advancedheading.kt-adv-heading815_a820f8-1e, .wp-block-kadence-advancedheading.kt-adv-heading815_a820f8-1e[data-kb-block=\"kb-adv-heading815_a820f8-1e\"]{font-style:normal;text-transform:none;}.wp-block-kadence-advancedheading.kt-adv-heading815_a820f8-1e mark.kt-highlight, .wp-block-kadence-advancedheading.kt-adv-heading815_a820f8-1e[data-kb-block=\"kb-adv-heading815_a820f8-1e\"] mark.kt-highlight{font-style:normal;color:#f76a0c;-webkit-box-decoration-break:clone;box-decoration-break:clone;padding-top:0px;padding-right:0px;padding-bottom:0px;padding-left:0px;}.wp-block-kadence-advancedheading.kt-adv-heading815_a820f8-1e img.kb-inline-image, .wp-block-kadence-advancedheading.kt-adv-heading815_a820f8-1e[data-kb-block=\"kb-adv-heading815_a820f8-1e\"] img.kb-inline-image{width:150px;vertical-align:baseline;}<\/style>\n<p class=\"kt-adv-heading815_a820f8-1e wp-block-kadence-advancedheading\" data-kb-block=\"kb-adv-heading815_a820f8-1e\">Para saber mais, acesse abaixo nossas diretrizes de funcionamento e seguran\u00e7a.<\/p>\n\n\n<style>.wp-block-kadence-advancedheading.kt-adv-heading815_91fbbd-15, .wp-block-kadence-advancedheading.kt-adv-heading815_91fbbd-15[data-kb-block=\"kb-adv-heading815_91fbbd-15\"]{font-style:normal;}.wp-block-kadence-advancedheading.kt-adv-heading815_91fbbd-15 mark.kt-highlight, .wp-block-kadence-advancedheading.kt-adv-heading815_91fbbd-15[data-kb-block=\"kb-adv-heading815_91fbbd-15\"] mark.kt-highlight{font-style:normal;color:#f76a0c;-webkit-box-decoration-break:clone;box-decoration-break:clone;padding-top:0px;padding-right:0px;padding-bottom:0px;padding-left:0px;}.wp-block-kadence-advancedheading.kt-adv-heading815_91fbbd-15 img.kb-inline-image, .wp-block-kadence-advancedheading.kt-adv-heading815_91fbbd-15[data-kb-block=\"kb-adv-heading815_91fbbd-15\"] img.kb-inline-image{width:150px;vertical-align:baseline;}<\/style>\n<p class=\"kt-adv-heading815_91fbbd-15 wp-block-kadence-advancedheading\" data-kb-block=\"kb-adv-heading815_91fbbd-15\"><strong><a href=\"https:\/\/wp.ufpel.edu.br\/lacorpi\/files\/2025\/12\/REGIMENTO-INTERNO-DO-LABORATORIO-DE-PINTURA.pdf\">REGIMENTO INTERNO DO LABORATO\u0301RIO DE PINTURA<\/a><\/strong><\/p>\n\n\n<style>.wp-block-kadence-advancedheading.kt-adv-heading815_49b226-95_0, .wp-block-kadence-advancedheading.kt-adv-heading815_49b226-95_0[data-kb-block=\"kb-adv-heading815_49b226-95_0\"]{font-style:normal;text-transform:uppercase;}.wp-block-kadence-advancedheading.kt-adv-heading815_49b226-95_0 mark.kt-highlight, .wp-block-kadence-advancedheading.kt-adv-heading815_49b226-95_0[data-kb-block=\"kb-adv-heading815_49b226-95_0\"] mark.kt-highlight{font-style:normal;color:#f76a0c;-webkit-box-decoration-break:clone;box-decoration-break:clone;padding-top:0px;padding-right:0px;padding-bottom:0px;padding-left:0px;}.wp-block-kadence-advancedheading.kt-adv-heading815_49b226-95_0 img.kb-inline-image, .wp-block-kadence-advancedheading.kt-adv-heading815_49b226-95_0[data-kb-block=\"kb-adv-heading815_49b226-95_0\"] img.kb-inline-image{width:150px;vertical-align:baseline;}<\/style>\n<p class=\"kt-adv-heading815_49b226-95_0 wp-block-kadence-advancedheading\" data-kb-block=\"kb-adv-heading815_49b226-95_0\"><strong><a href=\"https:\/\/wp.ufpel.edu.br\/lacorpi\/files\/2025\/12\/Plano-de-Gerenciamento-de-Residuos-Perigosos.pdf\">Plano de Gerenciamento de Resi\u0301duos Perigosos<\/a><\/strong><\/p>\n\n\n<style>.wp-block-kadence-advancedheading.kt-adv-heading815_6b0227-f6, .wp-block-kadence-advancedheading.kt-adv-heading815_6b0227-f6[data-kb-block=\"kb-adv-heading815_6b0227-f6\"]{font-style:normal;}.wp-block-kadence-advancedheading.kt-adv-heading815_6b0227-f6 mark.kt-highlight, .wp-block-kadence-advancedheading.kt-adv-heading815_6b0227-f6[data-kb-block=\"kb-adv-heading815_6b0227-f6\"] mark.kt-highlight{font-style:normal;color:#f76a0c;-webkit-box-decoration-break:clone;box-decoration-break:clone;padding-top:0px;padding-right:0px;padding-bottom:0px;padding-left:0px;}.wp-block-kadence-advancedheading.kt-adv-heading815_6b0227-f6 img.kb-inline-image, .wp-block-kadence-advancedheading.kt-adv-heading815_6b0227-f6[data-kb-block=\"kb-adv-heading815_6b0227-f6\"] img.kb-inline-image{width:150px;vertical-align:baseline;}<\/style>\n<p class=\"kt-adv-heading815_6b0227-f6 wp-block-kadence-advancedheading\" data-kb-block=\"kb-adv-heading815_6b0227-f6\"><\/p>\n","protected":false},"excerpt":{"rendered":"<p>Com o objetivo de garantir o sucesso das atividades desenvolvidas, o Laborat\u00f3rio baseia-se em diretrizes rigorosas de funcionamento e seguran\u00e7a, detalhadas em dois pilares fundamentais: o Regimento Interno e o Plano de Gerenciamento de Res\u00edduos Perigosos (PGRP). Para saber mais, acesse abaixo nossas diretrizes de funcionamento e seguran\u00e7a. REGIMENTO INTERNO DO LABORATO\u0301RIO DE PINTURA Plano &hellip; <\/p>\n<p class=\"link-more\"><a href=\"https:\/\/wp.ufpel.edu.br\/lacorpi\/diretrizes-de-funcionamento-e-seguranca\/\" class=\"more-link\">Continue lendo<span class=\"screen-reader-text\"> &#8220;DIRETRIZES DE FUNCIONAMENTO E SEGURAN\u00c7A&#8221;<\/span><\/a><\/p>\n","protected":false},"author":1411,"featured_media":0,"parent":0,"menu_order":0,"comment_status":"closed","ping_status":"closed","template":"","meta":{"footnotes":""},"class_list":["post-815","page","type-page","status-publish","hentry"],"yoast_head":"<!-- This site is optimized with the Yoast SEO plugin v26.7 - https:\/\/yoast.com\/wordpress\/plugins\/seo\/ -->\n<title>DIRETRIZES DE FUNCIONAMENTO E SEGURAN\u00c7A - LACORPI<\/title>\n<meta name=\"description\" content=\"Diretrizes e normas de seguran\u00e7a dos laborat\u00f3rios de Conserva\u00e7\u00e3o e Restaura\u00e7\u00e3o da UFPel. Acesse o regimento interno e o plano de gest\u00e3o de res\u00edduos perigosos.\" \/>\n<meta name=\"robots\" content=\"index, follow, max-snippet:-1, max-image-preview:large, max-video-preview:-1\" \/>\n<link rel=\"canonical\" href=\"https:\/\/wp.ufpel.edu.br\/lacorpi\/diretrizes-de-funcionamento-e-seguranca\/\" \/>\n<meta property=\"og:locale\" content=\"pt_BR\" \/>\n<meta property=\"og:type\" content=\"article\" \/>\n<meta property=\"og:title\" content=\"DIRETRIZES DE FUNCIONAMENTO E SEGURAN\u00c7A - LACORPI\" \/>\n<meta property=\"og:description\" content=\"Diretrizes e normas de seguran\u00e7a dos laborat\u00f3rios de Conserva\u00e7\u00e3o e Restaura\u00e7\u00e3o da UFPel. Acesse o regimento interno e o plano de gest\u00e3o de res\u00edduos perigosos.\" \/>\n<meta property=\"og:url\" content=\"https:\/\/wp.ufpel.edu.br\/lacorpi\/diretrizes-de-funcionamento-e-seguranca\/\" \/>\n<meta property=\"og:site_name\" content=\"LACORPI\" \/>\n<meta property=\"article:modified_time\" content=\"2025-12-30T15:57:00+00:00\" \/>\n<meta name=\"twitter:card\" content=\"summary_large_image\" \/>\n<meta name=\"twitter:label1\" content=\"Est. tempo de leitura\" \/>\n\t<meta name=\"twitter:data1\" content=\"1 minuto\" \/>\n<script type=\"application\/ld+json\" class=\"yoast-schema-graph\">{\"@context\":\"https:\/\/schema.org\",\"@graph\":[{\"@type\":\"WebPage\",\"@id\":\"https:\/\/wp.ufpel.edu.br\/lacorpi\/diretrizes-de-funcionamento-e-seguranca\/\",\"url\":\"https:\/\/wp.ufpel.edu.br\/lacorpi\/diretrizes-de-funcionamento-e-seguranca\/\",\"name\":\"DIRETRIZES DE FUNCIONAMENTO E SEGURAN\u00c7A - LACORPI\",\"isPartOf\":{\"@id\":\"https:\/\/wp.ufpel.edu.br\/lacorpi\/#website\"},\"datePublished\":\"2025-12-30T15:56:58+00:00\",\"dateModified\":\"2025-12-30T15:57:00+00:00\",\"description\":\"Diretrizes e normas de seguran\u00e7a dos laborat\u00f3rios de Conserva\u00e7\u00e3o e Restaura\u00e7\u00e3o da UFPel. Acesse o regimento interno e o plano de gest\u00e3o de res\u00edduos perigosos.\",\"breadcrumb\":{\"@id\":\"https:\/\/wp.ufpel.edu.br\/lacorpi\/diretrizes-de-funcionamento-e-seguranca\/#breadcrumb\"},\"inLanguage\":\"pt-BR\",\"potentialAction\":[{\"@type\":\"ReadAction\",\"target\":[\"https:\/\/wp.ufpel.edu.br\/lacorpi\/diretrizes-de-funcionamento-e-seguranca\/\"]}]},{\"@type\":\"BreadcrumbList\",\"@id\":\"https:\/\/wp.ufpel.edu.br\/lacorpi\/diretrizes-de-funcionamento-e-seguranca\/#breadcrumb\",\"itemListElement\":[{\"@type\":\"ListItem\",\"position\":1,\"name\":\"In\u00edcio\",\"item\":\"https:\/\/wp.ufpel.edu.br\/lacorpi\/\"},{\"@type\":\"ListItem\",\"position\":2,\"name\":\"DIRETRIZES DE FUNCIONAMENTO E SEGURAN\u00c7A\"}]},{\"@type\":\"WebSite\",\"@id\":\"https:\/\/wp.ufpel.edu.br\/lacorpi\/#website\",\"url\":\"https:\/\/wp.ufpel.edu.br\/lacorpi\/\",\"name\":\"LACORPI\",\"description\":\"Laborat\u00f3rio Aberto de Conserva\u00e7\u00e3o e Restaura\u00e7\u00e3o de Pintura\",\"potentialAction\":[{\"@type\":\"SearchAction\",\"target\":{\"@type\":\"EntryPoint\",\"urlTemplate\":\"https:\/\/wp.ufpel.edu.br\/lacorpi\/?s={search_term_string}\"},\"query-input\":{\"@type\":\"PropertyValueSpecification\",\"valueRequired\":true,\"valueName\":\"search_term_string\"}}],\"inLanguage\":\"pt-BR\"}]}<\/script>\n<!-- \/ Yoast SEO plugin. -->","yoast_head_json":{"title":"DIRETRIZES DE FUNCIONAMENTO E SEGURAN\u00c7A - LACORPI","description":"Diretrizes e normas de seguran\u00e7a dos laborat\u00f3rios de Conserva\u00e7\u00e3o e Restaura\u00e7\u00e3o da UFPel. Acesse o regimento interno e o plano de gest\u00e3o de res\u00edduos perigosos.","robots":{"index":"index","follow":"follow","max-snippet":"max-snippet:-1","max-image-preview":"max-image-preview:large","max-video-preview":"max-video-preview:-1"},"canonical":"https:\/\/wp.ufpel.edu.br\/lacorpi\/diretrizes-de-funcionamento-e-seguranca\/","og_locale":"pt_BR","og_type":"article","og_title":"DIRETRIZES DE FUNCIONAMENTO E SEGURAN\u00c7A - LACORPI","og_description":"Diretrizes e normas de seguran\u00e7a dos laborat\u00f3rios de Conserva\u00e7\u00e3o e Restaura\u00e7\u00e3o da UFPel. Acesse o regimento interno e o plano de gest\u00e3o de res\u00edduos perigosos.","og_url":"https:\/\/wp.ufpel.edu.br\/lacorpi\/diretrizes-de-funcionamento-e-seguranca\/","og_site_name":"LACORPI","article_modified_time":"2025-12-30T15:57:00+00:00","twitter_card":"summary_large_image","twitter_misc":{"Est. tempo de leitura":"1 minuto"},"schema":{"@context":"https:\/\/schema.org","@graph":[{"@type":"WebPage","@id":"https:\/\/wp.ufpel.edu.br\/lacorpi\/diretrizes-de-funcionamento-e-seguranca\/","url":"https:\/\/wp.ufpel.edu.br\/lacorpi\/diretrizes-de-funcionamento-e-seguranca\/","name":"DIRETRIZES DE FUNCIONAMENTO E SEGURAN\u00c7A - LACORPI","isPartOf":{"@id":"https:\/\/wp.ufpel.edu.br\/lacorpi\/#website"},"datePublished":"2025-12-30T15:56:58+00:00","dateModified":"2025-12-30T15:57:00+00:00","description":"Diretrizes e normas de seguran\u00e7a dos laborat\u00f3rios de Conserva\u00e7\u00e3o e Restaura\u00e7\u00e3o da UFPel. Acesse o regimento interno e o plano de gest\u00e3o de res\u00edduos perigosos.","breadcrumb":{"@id":"https:\/\/wp.ufpel.edu.br\/lacorpi\/diretrizes-de-funcionamento-e-seguranca\/#breadcrumb"},"inLanguage":"pt-BR","potentialAction":[{"@type":"ReadAction","target":["https:\/\/wp.ufpel.edu.br\/lacorpi\/diretrizes-de-funcionamento-e-seguranca\/"]}]},{"@type":"BreadcrumbList","@id":"https:\/\/wp.ufpel.edu.br\/lacorpi\/diretrizes-de-funcionamento-e-seguranca\/#breadcrumb","itemListElement":[{"@type":"ListItem","position":1,"name":"In\u00edcio","item":"https:\/\/wp.ufpel.edu.br\/lacorpi\/"},{"@type":"ListItem","position":2,"name":"DIRETRIZES DE FUNCIONAMENTO E SEGURAN\u00c7A"}]},{"@type":"WebSite","@id":"https:\/\/wp.ufpel.edu.br\/lacorpi\/#website","url":"https:\/\/wp.ufpel.edu.br\/lacorpi\/","name":"LACORPI","description":"Laborat\u00f3rio Aberto de Conserva\u00e7\u00e3o e Restaura\u00e7\u00e3o de Pintura","potentialAction":[{"@type":"SearchAction","target":{"@type":"EntryPoint","urlTemplate":"https:\/\/wp.ufpel.edu.br\/lacorpi\/?s={search_term_string}"},"query-input":{"@type":"PropertyValueSpecification","valueRequired":true,"valueName":"search_term_string"}}],"inLanguage":"pt-BR"}]}},"_links":{"self":[{"href":"https:\/\/wp.ufpel.edu.br\/lacorpi\/wp-json\/wp\/v2\/pages\/815","targetHints":{"allow":["GET"]}}],"collection":[{"href":"https:\/\/wp.ufpel.edu.br\/lacorpi\/wp-json\/wp\/v2\/pages"}],"about":[{"href":"https:\/\/wp.ufpel.edu.br\/lacorpi\/wp-json\/wp\/v2\/types\/page"}],"author":[{"embeddable":true,"href":"https:\/\/wp.ufpel.edu.br\/lacorpi\/wp-json\/wp\/v2\/users\/1411"}],"replies":[{"embeddable":true,"href":"https:\/\/wp.ufpel.edu.br\/lacorpi\/wp-json\/wp\/v2\/comments?post=815"}],"version-history":[{"count":1,"href":"https:\/\/wp.ufpel.edu.br\/lacorpi\/wp-json\/wp\/v2\/pages\/815\/revisions"}],"predecessor-version":[{"id":819,"href":"https:\/\/wp.ufpel.edu.br\/lacorpi\/wp-json\/wp\/v2\/pages\/815\/revisions\/819"}],"wp:attachment":[{"href":"https:\/\/wp.ufpel.edu.br\/lacorpi\/wp-json\/wp\/v2\/media?parent=815"}],"curies":[{"name":"wp","href":"https:\/\/api.w.org\/{rel}","templated":true}]}}