{"id":58,"date":"2020-06-10T15:46:54","date_gmt":"2020-06-10T18:46:54","guid":{"rendered":"https:\/\/wp.ufpel.edu.br\/lacico\/?page_id=58"},"modified":"2023-06-27T20:56:11","modified_gmt":"2023-06-27T23:56:11","slug":"ensino","status":"publish","type":"page","link":"https:\/\/wp.ufpel.edu.br\/lacico\/atividades-desenvolvidas\/ensino\/","title":{"rendered":"Ensino"},"content":{"rendered":"<p><img class=\"wp-image-357 aligncenter\" src=\"https:\/\/wp.ufpel.edu.br\/lacico\/files\/2020\/06\/GEI-400x152.jpg\" alt=\"\" width=\"292\" height=\"111\" srcset=\"https:\/\/wp.ufpel.edu.br\/lacico\/files\/2020\/06\/GEI-400x152.jpg 400w, https:\/\/wp.ufpel.edu.br\/lacico\/files\/2020\/06\/GEI.jpg 739w\" sizes=\"(max-width: 292px) 100vw, 292px\" \/><\/p>\n<p>O Grupo de Estudos InterA\u00e7\u00e3o (GEI) une integrantes do LACICO em reuni\u00f5es semanais de discuss\u00e3o sobre textos b\u00e1sicos referenciais, na \u00e1rea de An\u00e1lise do Comportamento e campos afins, que tratam de temas te\u00f3rico-pr\u00e1ticos importantes que fundamentam as atividades de pesquisa e aplica\u00e7\u00e3o da equipe. Nosso principal foco tem sido fazer uma capacita\u00e7\u00e3o, enquanto estudantes e profissionais de Psicologia, a respeito da obra de B. F. Skinner, considerando suas propostas pragm\u00e1ticas filos\u00f3ficas, te\u00f3ricas e pr\u00e1ticas de respeito e valoriza\u00e7\u00e3o dos indiv\u00edduos na sua singularidade interagindo em paralelo na constru\u00e7\u00e3o de uma sociedade mais justa e melhor de se viver para todos e todas.<\/p>\n<hr \/>\n<p><span style=\"color: #008000;\"><strong>Projetos de Ensino:<\/strong><\/span><\/p>\n<hr \/>\n<ul>\n<li>Grupo de Estudos: InterA\u00e7\u00e3o<\/li>\n<\/ul>\n","protected":false},"excerpt":{"rendered":"<p>O Grupo de Estudos InterA\u00e7\u00e3o (GEI) une integrantes do LACICO em reuni\u00f5es semanais de discuss\u00e3o sobre textos b\u00e1sicos referenciais, na \u00e1rea de An\u00e1lise do Comportamento e campos afins, que tratam de temas te\u00f3rico-pr\u00e1ticos importantes que fundamentam as atividades de pesquisa e aplica\u00e7\u00e3o da equipe. Nosso principal foco tem sido fazer uma capacita\u00e7\u00e3o, enquanto estudantes e [&hellip;]<\/p>\n","protected":false},"author":1017,"featured_media":0,"parent":32,"menu_order":8,"comment_status":"closed","ping_status":"closed","template":"","meta":{"footnotes":""},"class_list":["post-58","page","type-page","status-publish","hentry"],"_links":{"self":[{"href":"https:\/\/wp.ufpel.edu.br\/lacico\/wp-json\/wp\/v2\/pages\/58","targetHints":{"allow":["GET"]}}],"collection":[{"href":"https:\/\/wp.ufpel.edu.br\/lacico\/wp-json\/wp\/v2\/pages"}],"about":[{"href":"https:\/\/wp.ufpel.edu.br\/lacico\/wp-json\/wp\/v2\/types\/page"}],"author":[{"embeddable":true,"href":"https:\/\/wp.ufpel.edu.br\/lacico\/wp-json\/wp\/v2\/users\/1017"}],"replies":[{"embeddable":true,"href":"https:\/\/wp.ufpel.edu.br\/lacico\/wp-json\/wp\/v2\/comments?post=58"}],"version-history":[{"count":11,"href":"https:\/\/wp.ufpel.edu.br\/lacico\/wp-json\/wp\/v2\/pages\/58\/revisions"}],"predecessor-version":[{"id":373,"href":"https:\/\/wp.ufpel.edu.br\/lacico\/wp-json\/wp\/v2\/pages\/58\/revisions\/373"}],"up":[{"embeddable":true,"href":"https:\/\/wp.ufpel.edu.br\/lacico\/wp-json\/wp\/v2\/pages\/32"}],"wp:attachment":[{"href":"https:\/\/wp.ufpel.edu.br\/lacico\/wp-json\/wp\/v2\/media?parent=58"}],"curies":[{"name":"wp","href":"https:\/\/api.w.org\/{rel}","templated":true}]}}