{"id":49,"date":"2020-06-10T15:42:41","date_gmt":"2020-06-10T18:42:41","guid":{"rendered":"https:\/\/wp.ufpel.edu.br\/lacico\/?page_id=49"},"modified":"2023-08-12T11:51:46","modified_gmt":"2023-08-12T14:51:46","slug":"ontogenia-e-comportamento","status":"publish","type":"page","link":"https:\/\/wp.ufpel.edu.br\/lacico\/linhas-de-estudo\/ontogenia-e-comportamento\/","title":{"rendered":"Ontogenia e Comportamento"},"content":{"rendered":"<p>Esta linha de estudo do grupo pesquisa os aspectos relacionados a constru\u00e7\u00e3o social e hist\u00f3rica da singularidade dos comportamentos dos indiv\u00edduos como a compreens\u00e3o dos processos psicol\u00f3gicos b\u00e1sicos e suas aplica\u00e7\u00f5es cl\u00ednicas e n\u00e3o cl\u00ednicas em diversos contextos sociais por meio da an\u00e1lise funcional do comportamento, m\u00e9todo no qual os comportamentos precisam ser explicados por meio da identifica\u00e7\u00e3o de contextos e consequ\u00eancias com os quais se relaciona\/interage.<\/p>\n","protected":false},"excerpt":{"rendered":"<p>Esta linha de estudo do grupo pesquisa os aspectos relacionados a constru\u00e7\u00e3o social e hist\u00f3rica da singularidade dos comportamentos dos indiv\u00edduos como a compreens\u00e3o dos processos psicol\u00f3gicos b\u00e1sicos e suas aplica\u00e7\u00f5es cl\u00ednicas e n\u00e3o cl\u00ednicas em diversos contextos sociais por meio da an\u00e1lise funcional do comportamento, m\u00e9todo no qual os comportamentos precisam ser explicados por [&hellip;]<\/p>\n","protected":false},"author":1017,"featured_media":0,"parent":26,"menu_order":5,"comment_status":"closed","ping_status":"closed","template":"","meta":{"footnotes":""},"class_list":["post-49","page","type-page","status-publish","hentry"],"_links":{"self":[{"href":"https:\/\/wp.ufpel.edu.br\/lacico\/wp-json\/wp\/v2\/pages\/49","targetHints":{"allow":["GET"]}}],"collection":[{"href":"https:\/\/wp.ufpel.edu.br\/lacico\/wp-json\/wp\/v2\/pages"}],"about":[{"href":"https:\/\/wp.ufpel.edu.br\/lacico\/wp-json\/wp\/v2\/types\/page"}],"author":[{"embeddable":true,"href":"https:\/\/wp.ufpel.edu.br\/lacico\/wp-json\/wp\/v2\/users\/1017"}],"replies":[{"embeddable":true,"href":"https:\/\/wp.ufpel.edu.br\/lacico\/wp-json\/wp\/v2\/comments?post=49"}],"version-history":[{"count":2,"href":"https:\/\/wp.ufpel.edu.br\/lacico\/wp-json\/wp\/v2\/pages\/49\/revisions"}],"predecessor-version":[{"id":78,"href":"https:\/\/wp.ufpel.edu.br\/lacico\/wp-json\/wp\/v2\/pages\/49\/revisions\/78"}],"up":[{"embeddable":true,"href":"https:\/\/wp.ufpel.edu.br\/lacico\/wp-json\/wp\/v2\/pages\/26"}],"wp:attachment":[{"href":"https:\/\/wp.ufpel.edu.br\/lacico\/wp-json\/wp\/v2\/media?parent=49"}],"curies":[{"name":"wp","href":"https:\/\/api.w.org\/{rel}","templated":true}]}}