{"id":35,"date":"2020-06-10T15:33:33","date_gmt":"2020-06-10T18:33:33","guid":{"rendered":"https:\/\/wp.ufpel.edu.br\/lacico\/?page_id=35"},"modified":"2026-03-04T18:09:13","modified_gmt":"2026-03-04T21:09:13","slug":"equipe","status":"publish","type":"page","link":"https:\/\/wp.ufpel.edu.br\/lacico\/equipe\/","title":{"rendered":"Equipe"},"content":{"rendered":"<p style=\"text-align: justify;\">O LACICO \u00e9 coordenado pelo <a href=\"https:\/\/wp.ufpel.edu.br\/lacico\/sobre-o-coordenador\/\">Professor Jandilson Silva<\/a>, da gradua\u00e7\u00e3o em Psicologia da UFPel, e conta com a colabora\u00e7\u00e3o, nas orienta\u00e7\u00f5es das produ\u00e7\u00f5es do grupo, de psic\u00f3logos e psic\u00f3logas formados e de estudantes de p\u00f3s-gradua\u00e7\u00e3o <a href=\"https:\/\/wp.ufpel.edu.br\/lacico\/equipe\/anterior\/\">egressos do curso que j\u00e1 integraram o grupo<\/a> na \u00e9poca de suas forma\u00e7\u00f5es. Al\u00e9m disso, os <a href=\"https:\/\/wp.ufpel.edu.br\/lacico\/atividades-desenvolvidas\/estagios\/\">est\u00e1gios que s\u00e3o realizados no Servi\u00e7o-Escola de Psicologia (SEP)<\/a> s\u00e3o auxiliados pela supervis\u00e3o local dos psic\u00f3logos t\u00e9cnicos do curso. O grupo \u00e9 composto por <a href=\"https:\/\/wp.ufpel.edu.br\/lacico\/equipe\/atual\/\">estudantes de gradua\u00e7\u00e3o de variados semestres iniciais e finais do curso<\/a> inseridos nos diferentes projetos renov\u00e1veis, com dura\u00e7\u00e3o anual. O grupo realiza reuni\u00f5es semanais para discuss\u00e3o de temas relevantes a An\u00e1lise do Comportamento, a partir de textos cient\u00edficos pertinentes. Se voc\u00ea quer participar do grupo em qualquer um dos projetos, ou obter mais informa\u00e7\u00f5es que n\u00e3o estejam na p\u00e1gina, basta comunicar-se relatando seu interesse pelos e-mails <a href=\"mailto:lacico.ufpel@gmail.com\">lacico.ufpel@gmail.com<\/a> ou <a href=\"mailto:jandilson.silva@ufpel.edu.br\">jandilson.silva@ufpel.edu.br<\/a>.<\/p>\n","protected":false},"excerpt":{"rendered":"<p>O LACICO \u00e9 coordenado pelo Professor Jandilson Silva, da gradua\u00e7\u00e3o em Psicologia da UFPel, e conta com a colabora\u00e7\u00e3o, nas orienta\u00e7\u00f5es das produ\u00e7\u00f5es do grupo, de psic\u00f3logos e psic\u00f3logas formados e de estudantes de p\u00f3s-gradua\u00e7\u00e3o egressos do curso que j\u00e1 integraram o grupo na \u00e9poca de suas forma\u00e7\u00f5es. Al\u00e9m disso, os est\u00e1gios que s\u00e3o realizados [&hellip;]<\/p>\n","protected":false},"author":1017,"featured_media":0,"parent":0,"menu_order":12,"comment_status":"closed","ping_status":"closed","template":"","meta":{"footnotes":""},"class_list":["post-35","page","type-page","status-publish","hentry"],"_links":{"self":[{"href":"https:\/\/wp.ufpel.edu.br\/lacico\/wp-json\/wp\/v2\/pages\/35","targetHints":{"allow":["GET"]}}],"collection":[{"href":"https:\/\/wp.ufpel.edu.br\/lacico\/wp-json\/wp\/v2\/pages"}],"about":[{"href":"https:\/\/wp.ufpel.edu.br\/lacico\/wp-json\/wp\/v2\/types\/page"}],"author":[{"embeddable":true,"href":"https:\/\/wp.ufpel.edu.br\/lacico\/wp-json\/wp\/v2\/users\/1017"}],"replies":[{"embeddable":true,"href":"https:\/\/wp.ufpel.edu.br\/lacico\/wp-json\/wp\/v2\/comments?post=35"}],"version-history":[{"count":4,"href":"https:\/\/wp.ufpel.edu.br\/lacico\/wp-json\/wp\/v2\/pages\/35\/revisions"}],"predecessor-version":[{"id":416,"href":"https:\/\/wp.ufpel.edu.br\/lacico\/wp-json\/wp\/v2\/pages\/35\/revisions\/416"}],"wp:attachment":[{"href":"https:\/\/wp.ufpel.edu.br\/lacico\/wp-json\/wp\/v2\/media?parent=35"}],"curies":[{"name":"wp","href":"https:\/\/api.w.org\/{rel}","templated":true}]}}