{"id":529,"date":"2019-03-26T09:55:14","date_gmt":"2019-03-26T12:55:14","guid":{"rendered":"https:\/\/wp.ufpel.edu.br\/labvir\/?page_id=529"},"modified":"2019-05-27T11:24:20","modified_gmt":"2019-05-27T14:24:20","slug":"cinomose","status":"publish","type":"page","link":"https:\/\/wp.ufpel.edu.br\/labvir\/informacoesuteis\/rinopneumonite-equina\/cinomose\/","title":{"rendered":"Cinomose"},"content":{"rendered":"<p style=\"text-align: justify\"><img loading=\"lazy\" decoding=\"async\" class=\"alignright\" src=\"https:\/\/vet-portshepstone.co.za\/wp-content\/uploads\/canine-distemper-virus-1024x512.jpg\" alt=\"Imagem relacionada\" width=\"322\" height=\"161\" \/>Enfermidade viral altamente contagiosa, causada pelo V\u00edrus da Cinomose Canina (CDV), um <em>Morbilivirus<\/em> da fam\u00edlia <em>Paramyxoviridae<\/em>, RNA fita simples e envelopado. A cinomose tem alta morbidade, \u00e9 end\u00eamica no Brasil e afeta c\u00e3es dom\u00e9sticos e outros carn\u00edvoros, especialmente mais jovens n\u00e3o imunizados. Os animais acometidos eliminam o v\u00edrus atrav\u00e9s de suas secre\u00e7\u00f5es, como urina, fezes, saliva, placenta e secre\u00e7\u00f5es respirat\u00f3rias. Os sinais cl\u00ednicos manifestam-se nos sistemas digest\u00f3rio, respirat\u00f3rio e nervoso, podendo incluir <strong>apatia, diarreia, febre, secre\u00e7\u00e3o ocular, secre\u00e7\u00e3o nasal, mioclonia, paresia e convuls\u00f5es.<\/strong> Importante lembrar que h\u00e1 vacina contra esta enfermidade.<\/p>\n<p>Autoria: Lariane da Silva Barcelos<\/p>\n","protected":false},"excerpt":{"rendered":"<p>Enfermidade viral altamente contagiosa, causada pelo V\u00edrus da Cinomose Canina (CDV), um Morbilivirus da fam\u00edlia Paramyxoviridae, RNA fita simples e envelopado. A cinomose tem alta morbidade, \u00e9 end\u00eamica no Brasil e afeta c\u00e3es dom\u00e9sticos e outros carn\u00edvoros, especialmente mais jovens n\u00e3o imunizados. Os animais acometidos eliminam o v\u00edrus atrav\u00e9s de suas secre\u00e7\u00f5es, como urina, fezes, [&hellip;]<\/p>\n","protected":false},"author":522,"featured_media":0,"parent":312,"menu_order":1,"comment_status":"closed","ping_status":"closed","template":"","meta":{"footnotes":""},"class_list":["post-529","page","type-page","status-publish","hentry"],"_links":{"self":[{"href":"https:\/\/wp.ufpel.edu.br\/labvir\/wp-json\/wp\/v2\/pages\/529","targetHints":{"allow":["GET"]}}],"collection":[{"href":"https:\/\/wp.ufpel.edu.br\/labvir\/wp-json\/wp\/v2\/pages"}],"about":[{"href":"https:\/\/wp.ufpel.edu.br\/labvir\/wp-json\/wp\/v2\/types\/page"}],"author":[{"embeddable":true,"href":"https:\/\/wp.ufpel.edu.br\/labvir\/wp-json\/wp\/v2\/users\/522"}],"replies":[{"embeddable":true,"href":"https:\/\/wp.ufpel.edu.br\/labvir\/wp-json\/wp\/v2\/comments?post=529"}],"version-history":[{"count":3,"href":"https:\/\/wp.ufpel.edu.br\/labvir\/wp-json\/wp\/v2\/pages\/529\/revisions"}],"predecessor-version":[{"id":645,"href":"https:\/\/wp.ufpel.edu.br\/labvir\/wp-json\/wp\/v2\/pages\/529\/revisions\/645"}],"up":[{"embeddable":true,"href":"https:\/\/wp.ufpel.edu.br\/labvir\/wp-json\/wp\/v2\/pages\/312"}],"wp:attachment":[{"href":"https:\/\/wp.ufpel.edu.br\/labvir\/wp-json\/wp\/v2\/media?parent=529"}],"curies":[{"name":"wp","href":"https:\/\/api.w.org\/{rel}","templated":true}]}}