{"id":527,"date":"2019-03-26T09:53:51","date_gmt":"2019-03-26T12:53:51","guid":{"rendered":"https:\/\/wp.ufpel.edu.br\/labvir\/?page_id=527"},"modified":"2019-05-27T12:17:49","modified_gmt":"2019-05-27T15:17:49","slug":"newcastle","status":"publish","type":"page","link":"https:\/\/wp.ufpel.edu.br\/labvir\/informacoesuteis\/aves\/newcastle\/","title":{"rendered":"Newcastle"},"content":{"rendered":"<p style=\"text-align: justify\"><img loading=\"lazy\" decoding=\"async\" class=\"alignleft\" src=\"http:\/\/www.poultryhub.org\/wp-content\/uploads\/2012\/05\/ND-01.jpg\" alt=\"Resultado de imagem para newcastle disease\" width=\"251\" height=\"163\" \/>A doen\u00e7a de Newcastle \u00e9 uma enfermidade viral causada pelo agente <em>Paramyxovirus avi\u00e1rio tipo 1<\/em>. Acomete aves silvestres e comerciais com r\u00e1pida transmiss\u00e3o entre animais, sendo encontrada em diversas esp\u00e9cies. \u00c9 caracterizada como zoonose, podendo causar, principalmente, conjuntivite em humanos. Os \u00edndices de mortalidade e morbidade, bem como os sinais cl\u00ednicos, <strong>variam conforme a cepa viral, podendo apresentar apatia; diarreia esverdeada; les\u00f5es hemorr\u00e1gicas nos intestinos; sinais respirat\u00f3rios como espirro, corrimento e cabe\u00e7a inchada e queda de postura; e sinais nervosos como torcicolo, paralisia das pernas e tremores musculares<\/strong>. Alguns animais ainda podem apresentar infec\u00e7\u00e3o subcl\u00ednica, n\u00e3o apresentando sintomatologia aparente. Algumas doen\u00e7as como bronquite infecciosa e influenza avi\u00e1ria podem apresentar sintomatologia semelhante, sendo necess\u00e1rio exames laboratoriais para a diferencia\u00e7\u00e3o. N\u00e3o existe tratamento para a enfermidade, sendo aconselhado somente o tratamento de suporte. O controle da enfermidade se d\u00e1 atrav\u00e9s de vacina\u00e7\u00e3o dos animais e controle do fluxo de pessoas, animais e objetos que possam estar contaminados com o v\u00edrus.<\/p>\n<p>Autoria: Leonardo Clasen Ribeiro<\/p>\n","protected":false},"excerpt":{"rendered":"<p>A doen\u00e7a de Newcastle \u00e9 uma enfermidade viral causada pelo agente Paramyxovirus avi\u00e1rio tipo 1. Acomete aves silvestres e comerciais com r\u00e1pida transmiss\u00e3o entre animais, sendo encontrada em diversas esp\u00e9cies. \u00c9 caracterizada como zoonose, podendo causar, principalmente, conjuntivite em humanos. Os \u00edndices de mortalidade e morbidade, bem como os sinais cl\u00ednicos, variam conforme a cepa [&hellip;]<\/p>\n","protected":false},"author":522,"featured_media":0,"parent":487,"menu_order":2,"comment_status":"closed","ping_status":"closed","template":"","meta":{"footnotes":""},"class_list":["post-527","page","type-page","status-publish","hentry"],"_links":{"self":[{"href":"https:\/\/wp.ufpel.edu.br\/labvir\/wp-json\/wp\/v2\/pages\/527","targetHints":{"allow":["GET"]}}],"collection":[{"href":"https:\/\/wp.ufpel.edu.br\/labvir\/wp-json\/wp\/v2\/pages"}],"about":[{"href":"https:\/\/wp.ufpel.edu.br\/labvir\/wp-json\/wp\/v2\/types\/page"}],"author":[{"embeddable":true,"href":"https:\/\/wp.ufpel.edu.br\/labvir\/wp-json\/wp\/v2\/users\/522"}],"replies":[{"embeddable":true,"href":"https:\/\/wp.ufpel.edu.br\/labvir\/wp-json\/wp\/v2\/comments?post=527"}],"version-history":[{"count":4,"href":"https:\/\/wp.ufpel.edu.br\/labvir\/wp-json\/wp\/v2\/pages\/527\/revisions"}],"predecessor-version":[{"id":667,"href":"https:\/\/wp.ufpel.edu.br\/labvir\/wp-json\/wp\/v2\/pages\/527\/revisions\/667"}],"up":[{"embeddable":true,"href":"https:\/\/wp.ufpel.edu.br\/labvir\/wp-json\/wp\/v2\/pages\/487"}],"wp:attachment":[{"href":"https:\/\/wp.ufpel.edu.br\/labvir\/wp-json\/wp\/v2\/media?parent=527"}],"curies":[{"name":"wp","href":"https:\/\/api.w.org\/{rel}","templated":true}]}}