{"id":500,"date":"2019-03-26T09:22:55","date_gmt":"2019-03-26T12:22:55","guid":{"rendered":"https:\/\/wp.ufpel.edu.br\/labvir\/?page_id=500"},"modified":"2019-05-27T11:43:25","modified_gmt":"2019-05-27T14:43:25","slug":"papilomatose","status":"publish","type":"page","link":"https:\/\/wp.ufpel.edu.br\/labvir\/informacoesuteis\/diarreia-viral-bovina-bvd\/papilomatose\/","title":{"rendered":"Papilomatose"},"content":{"rendered":"<p style=\"text-align: justify\"><img loading=\"lazy\" decoding=\"async\" class=\"alignright\" src=\"http:\/\/ruralpecuaria.com.br\/painel\/img\/noticias\/4693\/noticias_1460574470.jpg\" alt=\"Resultado de imagem para papiloma bovino\" width=\"260\" height=\"204\" \/>A papilomatose bovina \u00e9 uma doen\u00e7a infecto-contagiosa da pele e mucosas caracterizada pelo crescimento excessivo das c\u00e9lulas basais, formando tumores conhecidos como<strong> \u201cverrugas\u201d.<\/strong> A enfermidade \u00e9 causada por um v\u00edrus pertencente \u00e0 fam\u00edlia <em>Papillomaviridae. <\/em>V\u00e1rios tipos diferentes de papilomav\u00edrus bovino (BPV) j\u00e1 foram caracterizados, relacionados com o <strong>aparecimento de tumores em<\/strong> diferentes locais. A transmiss\u00e3o ocorre por contato direto com animais infectados atrav\u00e9s de abras\u00f5es da pele, vetores mec\u00e2nicos ou por f\u00f4mites contaminados (agulhas, brincadores ou outros aparelhos). Os papilomas s\u00e3o encontrados na cabe\u00e7a, pesco\u00e7o, ventre, dorso, \u00fabere, mucosa do trato digestivo ou generalizados. Em alguns casos aparecem em pequeno n\u00famero e em outros tomam grande parte do corpo. Os papilomas de gl\u00e2ndula mam\u00e1ria podem aparecer de v\u00e1rias formas, geralmente s\u00e3o m\u00faltiplos, apresentam at\u00e9 2cm de di\u00e2metro e, em vacas leiteiras, interferem na ordenha. Os fibropapilomas de p\u00eanis ou vulva, pelo seu tamanho consider\u00e1vel e porque sangram facilmente, interferem na reprodu\u00e7\u00e3o. A doen\u00e7a ocorre geralmente em animais jovens e\/ou imunocomprometidos. Na maioria dos casos os animais afetados recuperam-se espontaneamente, mas em alguns casos os papilomas podem persistir at\u00e9 6 meses ou mais, causando <strong>perdas na produ\u00e7\u00e3o e emagrecimento.<\/strong> O diagn\u00f3stico \u00e9 feito clinicamente, pois as altera\u00e7\u00f5es s\u00e3o caracter\u00edsticas. Pode ser feita bi\u00f3psia para observar as caracter\u00edsticas microsc\u00f3picas em cortes histol\u00f3gicos. O tratamento mais utilizado \u00e9 a vacina aut\u00f3gena obtida por meio da inativa\u00e7\u00e3o de um macerado de papilomas coletados do animal afetado.<\/p>\n<p>Autoria: Rodrigo Bozembecker de Almeida<\/p>\n","protected":false},"excerpt":{"rendered":"<p>A papilomatose bovina \u00e9 uma doen\u00e7a infecto-contagiosa da pele e mucosas caracterizada pelo crescimento excessivo das c\u00e9lulas basais, formando tumores conhecidos como \u201cverrugas\u201d. A enfermidade \u00e9 causada por um v\u00edrus pertencente \u00e0 fam\u00edlia Papillomaviridae. V\u00e1rios tipos diferentes de papilomav\u00edrus bovino (BPV) j\u00e1 foram caracterizados, relacionados com o aparecimento de tumores em diferentes locais. A transmiss\u00e3o [&hellip;]<\/p>\n","protected":false},"author":522,"featured_media":0,"parent":176,"menu_order":4,"comment_status":"closed","ping_status":"closed","template":"","meta":{"footnotes":""},"class_list":["post-500","page","type-page","status-publish","hentry"],"_links":{"self":[{"href":"https:\/\/wp.ufpel.edu.br\/labvir\/wp-json\/wp\/v2\/pages\/500","targetHints":{"allow":["GET"]}}],"collection":[{"href":"https:\/\/wp.ufpel.edu.br\/labvir\/wp-json\/wp\/v2\/pages"}],"about":[{"href":"https:\/\/wp.ufpel.edu.br\/labvir\/wp-json\/wp\/v2\/types\/page"}],"author":[{"embeddable":true,"href":"https:\/\/wp.ufpel.edu.br\/labvir\/wp-json\/wp\/v2\/users\/522"}],"replies":[{"embeddable":true,"href":"https:\/\/wp.ufpel.edu.br\/labvir\/wp-json\/wp\/v2\/comments?post=500"}],"version-history":[{"count":3,"href":"https:\/\/wp.ufpel.edu.br\/labvir\/wp-json\/wp\/v2\/pages\/500\/revisions"}],"predecessor-version":[{"id":654,"href":"https:\/\/wp.ufpel.edu.br\/labvir\/wp-json\/wp\/v2\/pages\/500\/revisions\/654"}],"up":[{"embeddable":true,"href":"https:\/\/wp.ufpel.edu.br\/labvir\/wp-json\/wp\/v2\/pages\/176"}],"wp:attachment":[{"href":"https:\/\/wp.ufpel.edu.br\/labvir\/wp-json\/wp\/v2\/media?parent=500"}],"curies":[{"name":"wp","href":"https:\/\/api.w.org\/{rel}","templated":true}]}}