{"id":496,"date":"2019-03-26T09:21:45","date_gmt":"2019-03-26T12:21:45","guid":{"rendered":"https:\/\/wp.ufpel.edu.br\/labvir\/?page_id=496"},"modified":"2019-05-27T11:20:44","modified_gmt":"2019-05-27T14:20:44","slug":"leucose","status":"publish","type":"page","link":"https:\/\/wp.ufpel.edu.br\/labvir\/informacoesuteis\/diarreia-viral-bovina-bvd\/leucose\/","title":{"rendered":"Leucose"},"content":{"rendered":"<p style=\"text-align: justify\"><img loading=\"lazy\" decoding=\"async\" class=\"alignleft\" src=\"http:\/\/www.fmv.ulisboa.pt\/atlas\/linfoide\/imagens\/fig_042.jpg\" alt=\"Imagem relacionada\" width=\"269\" height=\"185\" \/>Leucose viral bovina \u00e9 uma enfermidade infectocontagiosa cr\u00f4nica que tem como agente um v\u00edrus do g\u00eanero <em>Deltaretrov\u00edrus. <\/em>Na maioria dos casos, a doen\u00e7a \u00e9 assintom\u00e1tica, por\u00e9m uma pequena porcentagem dos animais acometidos pode apresentar duas formas cl\u00ednicas, sendo elas a linfocitose persistente, com prolifera\u00e7\u00e3o benigna das c\u00e9lulas, e a forma tumoral maligna, com forma\u00e7\u00e3o de <strong>linfossarcomas <\/strong>em m\u00faltiplos \u00f3rg\u00e3os. As altera\u00e7\u00f5es encontradas dependem da regi\u00e3o acometida por tecido neopl\u00e1sico e s\u00e3o: perda de peso, queda na produ\u00e7\u00e3o de leite, febre e altera\u00e7\u00f5es respirat\u00f3rias e cardiovasculares.\u00a0 A forma assintom\u00e1tica se destaca por conta da <strong>grande perda econ\u00f4mica relacionada \u00e0 doen\u00e7a<\/strong>, envolvendo descarte precoce dos animais, diminui\u00e7\u00e3o na produ\u00e7\u00e3o leiteira e imunossupress\u00e3o. \u00c9 v\u00e1lido lembrar que os animais assintom\u00e1ticos tamb\u00e9m s\u00e3o transmissores da doen\u00e7a, sendo o sangue contaminado a principal forma de transmiss\u00e3o, al\u00e9m de outros flu\u00eddos como saliva, secre\u00e7\u00f5es uterinas, urinas e fezes. A transmiss\u00e3o vertical (transplacent\u00e1ria) \u00e9 poss\u00edvel, por\u00e9m menos comum. O diagn\u00f3stico laboratorial pode ser histopatol\u00f3gico, no qual se realiza a bi\u00f3psia das massas tumorais ou de \u00f3rg\u00e3os, e sorol\u00f3gico, por imundifus\u00e3o em gel de \u00e1gar (IDGA) ou ensaio imunoenzim\u00e1tico (ELISA).<\/p>\n<p>Autoria: Beatriz Essinger<\/p>\n","protected":false},"excerpt":{"rendered":"<p>Leucose viral bovina \u00e9 uma enfermidade infectocontagiosa cr\u00f4nica que tem como agente um v\u00edrus do g\u00eanero Deltaretrov\u00edrus. Na maioria dos casos, a doen\u00e7a \u00e9 assintom\u00e1tica, por\u00e9m uma pequena porcentagem dos animais acometidos pode apresentar duas formas cl\u00ednicas, sendo elas a linfocitose persistente, com prolifera\u00e7\u00e3o benigna das c\u00e9lulas, e a forma tumoral maligna, com forma\u00e7\u00e3o de [&hellip;]<\/p>\n","protected":false},"author":522,"featured_media":0,"parent":176,"menu_order":2,"comment_status":"closed","ping_status":"closed","template":"","meta":{"footnotes":""},"class_list":["post-496","page","type-page","status-publish","hentry"],"_links":{"self":[{"href":"https:\/\/wp.ufpel.edu.br\/labvir\/wp-json\/wp\/v2\/pages\/496","targetHints":{"allow":["GET"]}}],"collection":[{"href":"https:\/\/wp.ufpel.edu.br\/labvir\/wp-json\/wp\/v2\/pages"}],"about":[{"href":"https:\/\/wp.ufpel.edu.br\/labvir\/wp-json\/wp\/v2\/types\/page"}],"author":[{"embeddable":true,"href":"https:\/\/wp.ufpel.edu.br\/labvir\/wp-json\/wp\/v2\/users\/522"}],"replies":[{"embeddable":true,"href":"https:\/\/wp.ufpel.edu.br\/labvir\/wp-json\/wp\/v2\/comments?post=496"}],"version-history":[{"count":3,"href":"https:\/\/wp.ufpel.edu.br\/labvir\/wp-json\/wp\/v2\/pages\/496\/revisions"}],"predecessor-version":[{"id":643,"href":"https:\/\/wp.ufpel.edu.br\/labvir\/wp-json\/wp\/v2\/pages\/496\/revisions\/643"}],"up":[{"embeddable":true,"href":"https:\/\/wp.ufpel.edu.br\/labvir\/wp-json\/wp\/v2\/pages\/176"}],"wp:attachment":[{"href":"https:\/\/wp.ufpel.edu.br\/labvir\/wp-json\/wp\/v2\/media?parent=496"}],"curies":[{"name":"wp","href":"https:\/\/api.w.org\/{rel}","templated":true}]}}