{"id":172,"date":"2015-08-26T16:20:41","date_gmt":"2015-08-26T19:20:41","guid":{"rendered":"https:\/\/wp.ufpel.edu.br\/labvir\/?page_id=172"},"modified":"2019-05-28T08:59:16","modified_gmt":"2019-05-28T11:59:16","slug":"topicos-especiais-em-virologia","status":"publish","type":"page","link":"https:\/\/wp.ufpel.edu.br\/labvir\/disciplinas\/pos-graduacao\/topicos-especiais-em-virologia\/","title":{"rendered":"T\u00f3picos Especiais em Virologia"},"content":{"rendered":"<p><strong>Unidade:<\/strong>\u00a0<a href=\"https:\/\/wp.ufpel.edu.br\/veterinaria\/\">Faculdade de Veterin\u00e1ria \u2013 UFPel<\/a><\/p>\n<p><strong>Departamento:<\/strong> Veterin\u00e1ria Preventiva<\/p>\n<p><strong>Disciplina:<\/strong> 528063 &#8211; T\u00f3picos Especiais em Virologia<\/p>\n<p><strong>Cr\u00e9ditos:<\/strong>\u00a003<\/p>\n<p><strong>Carga hor\u00e1ria:<\/strong>\u00a051 horas<\/p>\n","protected":false},"excerpt":{"rendered":"<p>Unidade:\u00a0Faculdade de Veterin\u00e1ria \u2013 UFPel Departamento: Veterin\u00e1ria Preventiva Disciplina: 528063 &#8211; T\u00f3picos Especiais em Virologia Cr\u00e9ditos:\u00a003 Carga hor\u00e1ria:\u00a051 horas<\/p>\n","protected":false},"author":522,"featured_media":0,"parent":159,"menu_order":5,"comment_status":"closed","ping_status":"closed","template":"","meta":{"footnotes":""},"class_list":["post-172","page","type-page","status-publish","hentry"],"_links":{"self":[{"href":"https:\/\/wp.ufpel.edu.br\/labvir\/wp-json\/wp\/v2\/pages\/172","targetHints":{"allow":["GET"]}}],"collection":[{"href":"https:\/\/wp.ufpel.edu.br\/labvir\/wp-json\/wp\/v2\/pages"}],"about":[{"href":"https:\/\/wp.ufpel.edu.br\/labvir\/wp-json\/wp\/v2\/types\/page"}],"author":[{"embeddable":true,"href":"https:\/\/wp.ufpel.edu.br\/labvir\/wp-json\/wp\/v2\/users\/522"}],"replies":[{"embeddable":true,"href":"https:\/\/wp.ufpel.edu.br\/labvir\/wp-json\/wp\/v2\/comments?post=172"}],"version-history":[{"count":4,"href":"https:\/\/wp.ufpel.edu.br\/labvir\/wp-json\/wp\/v2\/pages\/172\/revisions"}],"predecessor-version":[{"id":721,"href":"https:\/\/wp.ufpel.edu.br\/labvir\/wp-json\/wp\/v2\/pages\/172\/revisions\/721"}],"up":[{"embeddable":true,"href":"https:\/\/wp.ufpel.edu.br\/labvir\/wp-json\/wp\/v2\/pages\/159"}],"wp:attachment":[{"href":"https:\/\/wp.ufpel.edu.br\/labvir\/wp-json\/wp\/v2\/media?parent=172"}],"curies":[{"name":"wp","href":"https:\/\/api.w.org\/{rel}","templated":true}]}}