{"id":294,"date":"2015-07-14T11:15:18","date_gmt":"2015-07-14T14:15:18","guid":{"rendered":"https:\/\/wp.ufpel.edu.br\/laburb\/?page_id=294"},"modified":"2021-05-15T08:22:07","modified_gmt":"2021-05-15T11:22:07","slug":"ensino-2","status":"publish","type":"page","link":"https:\/\/wp.ufpel.edu.br\/laburb\/projetos\/ensino-2\/","title":{"rendered":"Ensino"},"content":{"rendered":"<p style=\"text-align: justify\"><strong>2020<\/strong><\/p>\n<p style=\"text-align: justify\"><a href=\"https:\/\/institucional.ufpel.edu.br\/projetos\/id\/u2104\">Cidades da Fronteira Brasil-Uruguay<\/a><\/p>\n<p style=\"text-align: justify\"><strong>2019<\/strong><\/p>\n<p style=\"text-align: justify\"><a href=\"https:\/\/institucional.ufpel.edu.br\/projetos\/id\/e2881\">Errando se aprende a errar<\/a><\/p>\n<p style=\"text-align: justify\"><a href=\"https:\/\/institucional.ufpel.edu.br\/projetos\/id\/e2884\">II Workshop &#8220;A Arquitetura na produ\u00e7\u00e3o urbana latino-americana. O papel da Universidade na constru\u00e7\u00e3o do direito \u00e0 cidade&#8221;<\/a><\/p>\n<p style=\"text-align: justify\"><a href=\"https:\/\/institucional.ufpel.edu.br\/projetos\/id\/e2672\">Sistemas de Informa\u00e7\u00f5es Geogr\u00e1ficas como ferramenta de Planejamento Urbano e Regional<\/a><\/p>\n<p style=\"text-align: justify\"><strong>2018<\/strong><\/p>\n<p style=\"text-align: justify\"><a href=\"https:\/\/institucional.ufpel.edu.br\/projetos\/id\/e2487\">Feminismos na contemporaneidade.<\/a><\/p>\n<p style=\"text-align: justify\"><strong>2017<\/strong><\/p>\n<p style=\"text-align: justify\"><a href=\"https:\/\/institucional.ufpel.edu.br\/projetos\/id\/e1667\">Atelier de Projeto Urbano: Ocupa\u00e7\u00e3o Uruguai<\/a><\/p>\n<p style=\"text-align: justify\"><a href=\"https:\/\/institucional.ufpel.edu.br\/projetos\/id\/e1649\">Cidades da Fronteira Brasil-Uruguay<\/a><\/p>\n<p style=\"text-align: justify\"><a href=\"https:\/\/institucional.ufpel.edu.br\/projetos\/id\/e1954\">Oficina de cria\u00e7\u00e3o de v\u00eddeos para o curso de Arquitetura e Urbanismo &#8211; 2017<\/a><\/p>\n<p style=\"text-align: justify\"><strong>2016<\/strong><\/p>\n<p style=\"text-align: justify\"><a href=\"https:\/\/institucional.ufpel.edu.br\/projetos\/id\/e1190\">Cidades da Fronteira Brasil-Uruguay<\/a><\/p>\n<p style=\"text-align: justify\"><a href=\"https:\/\/institucional.ufpel.edu.br\/projetos\/id\/e1542\">Oficina de cria\u00e7\u00e3o de v\u00eddeos para o curso de arquitetura e urbanismo<\/a><\/p>\n<p style=\"text-align: justify\"><strong>2015<\/strong><\/p>\n<p style=\"text-align: justify\"><a href=\"https:\/\/institucional.ufpel.edu.br\/projetos\/id\/e651\">Introdu\u00e7\u00e3o ao SIG: geolocaliza\u00e7\u00e3o, an\u00e1lises da paisagem e base de dados de atributos urbanos.<\/a><\/p>\n<p style=\"text-align: justify\"><a href=\"https:\/\/institucional.ufpel.edu.br\/projetos\/id\/e652\">Jornada sobre Mobilidade Urbana<\/a><\/p>\n","protected":false},"excerpt":{"rendered":"<p>2020 Cidades da Fronteira Brasil-Uruguay 2019 Errando se aprende a errar II Workshop &#8220;A Arquitetura na produ\u00e7\u00e3o urbana latino-americana. O papel da Universidade na constru\u00e7\u00e3o do direito \u00e0 cidade&#8221; Sistemas de Informa\u00e7\u00f5es Geogr\u00e1ficas como ferramenta de Planejamento Urbano e Regional&#8230; <a class=\"more-link\" href=\"https:\/\/wp.ufpel.edu.br\/laburb\/projetos\/ensino-2\/\">Continue lendo &rarr;<\/a><\/p>\n","protected":false},"author":336,"featured_media":0,"parent":73,"menu_order":1,"comment_status":"closed","ping_status":"closed","template":"","meta":{"jetpack_post_was_ever_published":false,"footnotes":""},"class_list":["post-294","page","type-page","status-publish","hentry"],"jetpack_sharing_enabled":true,"jetpack_shortlink":"https:\/\/wp.me\/P8N9kW-4K","_links":{"self":[{"href":"https:\/\/wp.ufpel.edu.br\/laburb\/wp-json\/wp\/v2\/pages\/294","targetHints":{"allow":["GET"]}}],"collection":[{"href":"https:\/\/wp.ufpel.edu.br\/laburb\/wp-json\/wp\/v2\/pages"}],"about":[{"href":"https:\/\/wp.ufpel.edu.br\/laburb\/wp-json\/wp\/v2\/types\/page"}],"author":[{"embeddable":true,"href":"https:\/\/wp.ufpel.edu.br\/laburb\/wp-json\/wp\/v2\/users\/336"}],"replies":[{"embeddable":true,"href":"https:\/\/wp.ufpel.edu.br\/laburb\/wp-json\/wp\/v2\/comments?post=294"}],"version-history":[{"count":28,"href":"https:\/\/wp.ufpel.edu.br\/laburb\/wp-json\/wp\/v2\/pages\/294\/revisions"}],"predecessor-version":[{"id":965,"href":"https:\/\/wp.ufpel.edu.br\/laburb\/wp-json\/wp\/v2\/pages\/294\/revisions\/965"}],"up":[{"embeddable":true,"href":"https:\/\/wp.ufpel.edu.br\/laburb\/wp-json\/wp\/v2\/pages\/73"}],"wp:attachment":[{"href":"https:\/\/wp.ufpel.edu.br\/laburb\/wp-json\/wp\/v2\/media?parent=294"}],"curies":[{"name":"wp","href":"https:\/\/api.w.org\/{rel}","templated":true}]}}