{"id":163,"date":"2015-06-23T16:04:11","date_gmt":"2015-06-23T19:04:11","guid":{"rendered":"https:\/\/wp.ufpel.edu.br\/laburb\/?page_id=163"},"modified":"2021-05-15T08:37:11","modified_gmt":"2021-05-15T11:37:11","slug":"softwares","status":"publish","type":"page","link":"https:\/\/wp.ufpel.edu.br\/laburb\/produtos\/softwares\/","title":{"rendered":"Softwares"},"content":{"rendered":"<p class=\"normal\" style=\"text-align: justify\"><strong>UrbanMetrics<\/strong> \u2013 <a href=\"https:\/\/wp.ufpel.edu.br\/urbanmetrics\/\">https:\/\/wp.ufpel.edu.br\/urbanmetrics\/<\/a><\/p>\n<p class=\"normal\" style=\"text-align: justify\">O software UrbanMetrics \u00e9 dedicado \u00e0 an\u00e1lise espacial intraurbana, trabalhando com teoria de grafos e representa\u00e7\u00f5es de cidades mediante pontos, linhas e \u00e1reas. Mede conectividade, acessibilidade, centralidade, converg\u00eancia, oportunidades, potencialidade e polaridade, utilizando dist\u00e2ncias topol\u00f3gicas e geom\u00e9tricas.<\/p>\n<p class=\"normal\" style=\"text-align: justify\"><strong>CityCell<\/strong> \u2013 <a href=\"https:\/\/wp.ufpel.edu.br\/citycell\/\">https:\/\/wp.ufpel.edu.br\/citycell\/<\/a><\/p>\n<p class=\"normal\" style=\"text-align: justify\">A plataforma CityCell \u00e9 dedicada \u00e0 simula\u00e7\u00e3o de crescimento urbano, trabalhando com teoria de aut\u00f4matos celulares, mediante a representa\u00e7\u00e3o integrada da natureza, do espa\u00e7o urbano e de planos e projetos. Opera sobre mediante um grid de c\u00e9lulas retangulares, com regras que consideram teorias de desenvolvimento desigual e limiares de crescimento.<\/p>\n<p class=\"normal\" style=\"text-align: justify\"><strong>PeopleGrid<\/strong> \u2013 <a href=\"http:\/\/www.peoplegrid.com.br\/\"><span style=\"color: #0563c1\">http:\/\/www.peoplegrid.com.br\/<\/span><\/a><\/p>\n<p class=\"normal\" style=\"text-align: justify\">O plataforma PeopleGrid apresenta uma possibilidade de realizar pesquisas pela internet, com perguntas formuladas por pesquisadores e respondidas pelos usu\u00e1rios, mediante marca\u00e7\u00e3o em mapas on line. Opera com a ideia de intersubjetividade, realizando \u00e1lgebra de mapa com os mapeamentos individuais e produzindo mapas coletivos.<\/p>\n<p>&nbsp;<\/p>\n<p>&nbsp;<\/p>\n<p>&nbsp;<\/p>\n","protected":false},"excerpt":{"rendered":"<p>UrbanMetrics \u2013 https:\/\/wp.ufpel.edu.br\/urbanmetrics\/ O software UrbanMetrics \u00e9 dedicado \u00e0 an\u00e1lise espacial intraurbana, trabalhando com teoria de grafos e representa\u00e7\u00f5es de cidades mediante pontos, linhas e \u00e1reas. Mede conectividade, acessibilidade, centralidade, converg\u00eancia, oportunidades, potencialidade e polaridade, utilizando dist\u00e2ncias topol\u00f3gicas e geom\u00e9tricas&#8230;. <a class=\"more-link\" href=\"https:\/\/wp.ufpel.edu.br\/laburb\/produtos\/softwares\/\">Continue lendo &rarr;<\/a><\/p>\n","protected":false},"author":336,"featured_media":0,"parent":62,"menu_order":7,"comment_status":"closed","ping_status":"closed","template":"","meta":{"jetpack_post_was_ever_published":false,"footnotes":""},"class_list":["post-163","page","type-page","status-publish","hentry"],"jetpack_sharing_enabled":true,"jetpack_shortlink":"https:\/\/wp.me\/P8N9kW-2D","_links":{"self":[{"href":"https:\/\/wp.ufpel.edu.br\/laburb\/wp-json\/wp\/v2\/pages\/163","targetHints":{"allow":["GET"]}}],"collection":[{"href":"https:\/\/wp.ufpel.edu.br\/laburb\/wp-json\/wp\/v2\/pages"}],"about":[{"href":"https:\/\/wp.ufpel.edu.br\/laburb\/wp-json\/wp\/v2\/types\/page"}],"author":[{"embeddable":true,"href":"https:\/\/wp.ufpel.edu.br\/laburb\/wp-json\/wp\/v2\/users\/336"}],"replies":[{"embeddable":true,"href":"https:\/\/wp.ufpel.edu.br\/laburb\/wp-json\/wp\/v2\/comments?post=163"}],"version-history":[{"count":5,"href":"https:\/\/wp.ufpel.edu.br\/laburb\/wp-json\/wp\/v2\/pages\/163\/revisions"}],"predecessor-version":[{"id":974,"href":"https:\/\/wp.ufpel.edu.br\/laburb\/wp-json\/wp\/v2\/pages\/163\/revisions\/974"}],"up":[{"embeddable":true,"href":"https:\/\/wp.ufpel.edu.br\/laburb\/wp-json\/wp\/v2\/pages\/62"}],"wp:attachment":[{"href":"https:\/\/wp.ufpel.edu.br\/laburb\/wp-json\/wp\/v2\/media?parent=163"}],"curies":[{"name":"wp","href":"https:\/\/api.w.org\/{rel}","templated":true}]}}