{"id":1281,"date":"2016-04-24T19:35:34","date_gmt":"2016-04-24T22:35:34","guid":{"rendered":"https:\/\/wp.ufpel.edu.br\/labserg\/?page_id=1281"},"modified":"2018-06-02T21:13:25","modified_gmt":"2018-06-03T00:13:25","slug":"ergodrops_2016","status":"publish","type":"page","link":"https:\/\/wp.ufpel.edu.br\/labserg\/quem_somos\/ergodrops_2016\/","title":{"rendered":"ErgoDROPS: disseminando os conceitos de Ergonomia atrav\u00e9s de novas m\u00eddias"},"content":{"rendered":"<p><a title=\"inicio\" name=\"inicio\"><\/a><\/p>\n<tbody>\n<tr>\n<td width=\"645\"><img loading=\"lazy\" decoding=\"async\" class=\"size-full wp-image-75\" style=\"border: 0px;margin: 0px\" src=\"https:\/\/wp.ufpel.edu.br\/labserg\/files\/2018\/06\/ergodrops_head_2016_890x150.jpg\" alt=\"\" width=\"890\" height=\"150\" \/><\/td>\n<\/tr>\n<\/tbody>\n<p><!-- informa\u00e7\u00f5es iniciais in\u00edcio --><\/p>\n<div class=\"bodytext_justify\">Por sua abrang\u00eancia, a Ergonomia pode auxiliar em solu\u00e7\u00f5es numa grande \u00e1rea de abrang\u00eancia contribuindo n\u00e3o s\u00f3 no ambiente ocupacional mas tamb\u00e9m, na vida cotidiana. Neste contexto, o presente projeto considera a seguinte ementa: discuss\u00e3o quanto \u00e0s \u00e1reas de estudo da Ergonomia, mostrando de maneira pratica e did\u00e1tica os tr\u00eas eixos da Ergonomia atrav\u00e9s de v\u00eddeos divulgados em todas as m\u00eddias sociais. Para tanto, tem-se o objetivo de planejar, desenvolver e divulgar atav\u00e9s de uma plataforma virtual de acesso livre para v\u00eddeos conte\u00fados sobre conceitos, normas, t\u00e9cnicas, metodologias e ou simples curiosidades cotidianas que possam contribuir para a promo\u00e7\u00e3o da Ergonomia tanto no meio ocupacional quanto nas rotina di\u00e1ria das pessoas, tendo como publico alvo, profissionais da \u00e1rea de Sa\u00fade e Seguran\u00e7a no Trabalho, estudantes e demais interessados no assunto. O projeto est\u00e1 associado \u00e0 iniciativas do <a href=\"http:\/\/dgp.cnpq.br\/dgp\/espelhogrupo\/9364709860383299\" target=\"_blank\">N\u00facleo de Inova\u00e7\u00e3o e Pesquisa em Engenharia de Produ\u00e7\u00e3o<\/a> (<a href=\"http:\/\/dgp.cnpq.br\/dgp\/espelhogrupo\/9364709860383299\" target=\"_blank\">NIPEP<\/a>). Acompanhe este espa\u00e7o e fique a par de nossas a\u00e7\u00f5es.<\/div>\n<p><!-- informa\u00e7\u00f5es inciais fim --><br \/>\n<!-- detalhes do projeto in\u00edcio--><\/p>\n<div class=\"bodytext_center\">&#8230;&#8230;&#8230;&#8230;&#8230;&#8230;&#8230;&#8230;&#8230;&#8230;&#8230;&#8230;&#8230;&#8230;&#8230;&#8230;&#8230;&#8230;&#8230;&#8230;&#8230;&#8230;&#8230;&#8230;&#8230;&#8230;&#8230;&#8230;&#8230;&#8230;&#8230;&#8230;&#8230;&#8230;&#8230;&#8230;&#8230;&#8230;&#8230;&#8230;&#8230;&#8230;&#8230;&#8230;&#8230;&#8230;&#8230;&#8230;&#8230;&#8230;..<\/div>\n<div class=\"bodytext_left\">1. <strong>Dados do Projeto<\/strong><\/div>\n<div class=\"bodytext_left\"><b>T\u00edtulo do Projeto<\/b>:<\/div>\n<div class=\"bodytext_left\">ErgoDROPS: disseminando os conceitos de Ergonomia atrav\u00e9s de novas m\u00eddias<\/div>\n<div class=\"bodytext_left\"><b>Objetivos (Gerais e Espec\u00edficos)<\/b>:<\/div>\n<div class=\"bodytext_justify\">Planejar, desenvolver e divulgar atav\u00e9s de uma plataforma virtual de acesso livre para v\u00eddeos conte\u00fados sobre conceitos, normas, t\u00e9cnicas, metodologias e ou simples curiosidades cotidianas que possam contribuir para a promo\u00e7\u00e3o da Ergonomia tanto no meio ocupacional quanto nas rotina di\u00e1ria das pessoas, tendo como publico alvo, profissionais da \u00e1rea de Sa\u00fade e Seguran\u00e7a no Trabalho, professores, estudantes e comunidade interessada no assunto. Objetivos espec\u00edficos:<\/br>a. Investigar conte\u00fados relacionados \u00e0 Ergonomia que poder\u00e3o contribuir para o desenvolvimento de v\u00eddeos informativos voltados \u00e0 promo\u00e7\u00e3o da \u00e1rea;<\/br>b. Buscar parcerias e apoio dentro e fora da Universidade que possam contribuir com informa\u00e7\u00f5es, materiais e experi\u00eancia para o melhor desenvolvimento das atividades previstas no projeto;<\/br>c. Desenvolver semin\u00e1rios internos na Universidade com alunos de gradua\u00e7\u00e3o, profissionais  e professores com vistas a consolidar conte\u00fados e parcerias que poder\u00e3o auxiliar na realiza\u00e7\u00e3o das demais atividades do projeto;<\/br>d. Construir material afim de facilitar o entendimento de todas as pessoas sobre  conceitos, normas, t\u00e9cnicas, metodologias e ou simples curiosidades cotidianas relacionados a sa\u00fade do trabalhador e medi\u00e7\u00f5es dentro do ambiente de trabalho.<\/div>\n<div class=\"bodytext_left\"><b>Justificativa\/Relev\u00e2ncia<\/b>:<\/div>\n<div class=\"bodytext_justify\">O grupo social relacionado ao projeto distribui-se parcialmente em discentes da Universidade (p\u00fablico interno) e prioritariamente no comunidade externa atingida pela universidade, que ser\u00e1 instigada a adquirir conhecimento ou aplica\u00e7\u00e3o pr\u00e1tica da Ergonomia no dia-a-dia (p\u00fablico externo). A a\u00e7\u00e3o possui grande import\u00e2ncia para o p\u00fablico interno da Universidade, pois insere este no contexto do tema Ergonomia e Seguran\u00e7a no trabalho e o prepara para consider\u00e1-lo no dia em que ingressar no mercado de trabalho. Relativamente ao grupo externo, a a\u00e7\u00e3o possui import\u00e2ncia no momento em que busca passar de forma did\u00e1tica informa\u00e7\u00f5es sobre o tema Ergonomia e busca compreender os sujeitos e suas demandas no \u00e2mbito do tema Ergonomia e Seguran\u00e7a, permitindo que cada vez mais duvidas sejam esclarecidas a medida que o projeto vai se desenvolvendo. Em ambos os casos as a\u00e7\u00f5es contribuem para a promo\u00e7\u00e3o da Ergonomia e consequente redu\u00e7\u00e3o nos custos sociais das doen\u00e7as ocupacionais e dos acidentes de trabalho.  \u00c9 ineg\u00e1vel que a dissemina\u00e7\u00e3o da intera\u00e7\u00e3o das pessoas com m\u00eddias envolvendo v\u00eddeos e redes sociais esta cada dia mais forte e tende somente a crescer. Assim, o projeto se justifica ao interagir com o p\u00fablico, buscando ajudar diretamente todos os interessados no assunto, permitindo a intera\u00e7\u00e3o entre os atores.<\/div>\n<div class=\"bodytext_left\"><b>Metodologia<\/b>:<\/div>\n<div class=\"bodytext_justify\">A primeira etapa constitui-se de pesquisas internas e atividades em campo, realizadas concomitantemente afim de gerar conte\u00fado, buscando pesquisar, estudar e analisar fortemente, em diversas fontes, artigos e textos das \u00e1reas de Ergonomia e Seguran\u00e7a no Trabalho e pedagogia, visando encontrar maneiras atrativas de introduzir o tema proposto para o p\u00fablico alvo, de modo que as mesmas possam compreender com clareza o que se ensina e repassar para os demais da comunidade. Depois de realizada a leitura, um tema escolhido sobre a Ergonomia ser\u00e1 aprofundado e com recursos j\u00e1 existentes no Laborat\u00f3rio de Seguran\u00e7a e Ergonomia. Um roteiro ser\u00e1 planejado e depois escrito sobre como levar didaticamente o tema para o p\u00fablico desejado. Ser\u00e3o gravados v\u00eddeos com estimativa de dura\u00e7\u00e3o entre dois e tr\u00eas minutos, o qual expor\u00e1 conte\u00fados aos visualizadores do v\u00eddeo a respeito do tema, al\u00e9m de serem mostradas t\u00e9cnicas e equipamentos de forma a facilitar o entendimento do assunto. Em seguida de todos os v\u00eddeos d\u00favidas ser\u00e3o esclarecidas a fim de realizar uma intera\u00e7\u00e3o com o p\u00fablico. Ap\u00f3s a publica\u00e7\u00e3o de cada v\u00eddeo contando com a pr\u00f3pria ferramenta  da plataforma na Web, ser\u00e3o contabilizadas as visualiza\u00e7\u00f5es e a satisfa\u00e7\u00e3o do p\u00fablico em rela\u00e7\u00e3o ao v\u00eddeo e a maneira como o assunto \u00e9 abordado, sempre tendo espa\u00e7o para d\u00favidas, dicas, agradecimentos e criticas, sendo assim um \u00f3timo meio de percep\u00e7\u00e3o do impacto do trabalho realizado.<\/div>\n<div class=\"bodytext_right\"><a href=\"#inicio\"> &lt;&lt; <\/a><\/div>\n<p><!-- detalhes do projeto fim --><br \/>\n<!-- in\u00edcio colaboradores no projeto --><\/p>\n<div class=\"bodytext_center\">&#8230;&#8230;&#8230;&#8230;&#8230;&#8230;&#8230;&#8230;&#8230;&#8230;&#8230;&#8230;&#8230;&#8230;&#8230;&#8230;&#8230;&#8230;&#8230;&#8230;&#8230;&#8230;&#8230;&#8230;&#8230;&#8230;&#8230;&#8230;&#8230;&#8230;&#8230;&#8230;&#8230;&#8230;&#8230;&#8230;&#8230;&#8230;&#8230;&#8230;&#8230;&#8230;&#8230;&#8230;&#8230;&#8230;&#8230;&#8230;&#8230;&#8230;..<\/div>\n<div class=\"bodytext_left\">2. <strong>Colaboradores no Projeto<\/strong><\/br><\/div>\n<div class=\"bodytext_left\"><strong>Orientador<\/strong><\/div>\n<table>\n<tr>\n<td width=\"77\" height=\"101\"><img loading=\"lazy\" decoding=\"async\" class=\"size-full wp-image-75\" title=\"Prof Franz\" src=\"http:\/\/servicosweb.cnpq.br\/wspessoa\/servletrecuperafoto?tipo=1&amp;id=K4760945T2\" width=\"77\" height=\"101\" \/><\/a><\/td>\n<td width=\"20\" height=\"101\"><\/td>\n<td width=\"580\" height=\"101\" valign=\"center\">\n<div class=\"bodytext_left\">LUIS ANTONIO DOS SANTOS FRANZ, Dr.<br \/>Ceng &#8211; Engenharia de Produ\u00e7\u00e3o<br \/><a href=\"http:\/\/lattes.cnpq.br\/9673217950052451\" target=\"_blank\">curr\u00edculo lattes<\/a><\/div>\n<\/td>\n<\/tr>\n<\/table>\n<div class=\"bodytext_left\"><b>Discente colaboradores<\/b>:<\/div>\n<table>\n<tr>\n<td width=\"77\" height=\"101\"><img loading=\"lazy\" decoding=\"async\" class=\"size-full wp-image-75\" title=\"Diogo\" src=\"http:\/\/servicosweb.cnpq.br\/wspessoa\/servletrecuperafoto?tipo=1&amp;id=K8138626T2\" width=\"77\" height=\"101\" \/><\/a><\/td>\n<td width=\"20\" height=\"101\"><\/td>\n<td width=\"580\" height=\"101\" valign=\"center\">\n<div class=\"bodytext_left\">Diogo Soares Gomide.<br \/>Discente do curso de Engenharia de Produ\u00e7\u00e3o<br \/><a href=\"http:\/\/lattes.cnpq.br\/4260687889417891\" target=\"_blank\">curr\u00edculo lattes<\/a><\/div>\n<\/td>\n<\/tr>\n<\/table>\n<div class=\"bodytext_right\"><a href=\"#inicio\"> &lt;&lt; <\/a><\/div>\n<p><!-- fim colaboradores no projeto --><br \/>\n<!-- in\u00edcio resultados e repercuss\u00f5es --><\/p>\n<div class=\"bodytext_center\">&#8230;&#8230;&#8230;&#8230;&#8230;&#8230;&#8230;&#8230;&#8230;&#8230;&#8230;&#8230;&#8230;&#8230;&#8230;&#8230;&#8230;&#8230;&#8230;&#8230;&#8230;&#8230;&#8230;&#8230;&#8230;&#8230;&#8230;&#8230;&#8230;&#8230;&#8230;&#8230;&#8230;&#8230;&#8230;&#8230;&#8230;&#8230;&#8230;&#8230;&#8230;&#8230;&#8230;&#8230;&#8230;&#8230;&#8230;&#8230;&#8230;&#8230;..<\/div>\n<div class=\"bodytext_left\">3. <strong>Resultados e Repercuss\u00f5es<\/strong><\/br><\/div>\n<div class=\"bodytext_left\">.<\/div>\n<div class=\"bodytext_left\">3.2. <strong>Lista de v\u00eddeos<\/strong><\/br><\/div>\n<div class=\"bodytext_justify\">Voc\u00ea pode assistir os v\u00eddeos do ErgoDROPS aqui mesmo, pelo site do projeto. Para assist\u00ed-los clique no t\u00edtulo do v\u00eddeo e a tela do youtube apare\u00e7a abaixo.<\/div>\n<div class=\"animated_box_titulo\"><strong>V\u00eddeo 001 &#8211; Apresenta\u00e7\u00e3o do Projeto ErgoDROPS<\/strong><\/div>\n<div class=\"animated_box_texto\"><\/br><span class=\"embed-youtube\" style=\"text-align:center; display: block;\"><iframe loading=\"lazy\" class=\"youtube-player\" width=\"560\" height=\"315\" src=\"https:\/\/www.youtube.com\/embed\/uVgzrYakUqM?version=3&#038;rel=0&#038;showsearch=0&#038;showinfo=0&#038;iv_load_policy=1&#038;fs=1&#038;hl=pt-BR&#038;autohide=2&#038;wmode=transparent\" allowfullscreen=\"true\" style=\"border:0;\" sandbox=\"allow-scripts allow-same-origin allow-popups allow-presentation allow-popups-to-escape-sandbox\"><\/iframe><\/span><\/br><\/div>\n<div class=\"animated_box_titulo\"><strong>V\u00eddeo 002 &#8211; Usando o medidor de Stress T\u00e9rmico<\/strong><\/div>\n<div class=\"animated_box_texto\"><\/br><span class=\"embed-youtube\" style=\"text-align:center; display: block;\"><iframe loading=\"lazy\" class=\"youtube-player\" width=\"560\" height=\"315\" src=\"https:\/\/www.youtube.com\/embed\/tMNgaZSjV1k?version=3&#038;rel=0&#038;showsearch=0&#038;showinfo=0&#038;iv_load_policy=1&#038;fs=1&#038;hl=pt-BR&#038;autohide=2&#038;wmode=transparent\" allowfullscreen=\"true\" style=\"border:0;\" sandbox=\"allow-scripts allow-same-origin allow-popups allow-presentation allow-popups-to-escape-sandbox\"><\/iframe><\/span><\/br><\/div>\n<div class=\"animated_box_titulo\"><strong>V\u00eddeo 003 &#8211; Dos\u00edmetro: como instalar no corpo<\/strong><\/div>\n<div class=\"animated_box_texto\"><\/br><span class=\"embed-youtube\" style=\"text-align:center; display: block;\"><iframe loading=\"lazy\" class=\"youtube-player\" width=\"560\" height=\"315\" src=\"https:\/\/www.youtube.com\/embed\/0neQWU53_H8?version=3&#038;rel=0&#038;showsearch=0&#038;showinfo=0&#038;iv_load_policy=1&#038;fs=1&#038;hl=pt-BR&#038;autohide=2&#038;wmode=transparent\" allowfullscreen=\"true\" style=\"border:0;\" sandbox=\"allow-scripts allow-same-origin allow-popups allow-presentation allow-popups-to-escape-sandbox\"><\/iframe><\/span><\/br><\/div>\n<div class=\"animated_box_titulo\"><strong>V\u00eddeo 004 &#8211; Respondendo aos seguidores do ErgoDROPS (FAQ 1)<\/strong><\/div>\n<div class=\"animated_box_texto\"><\/br><span class=\"embed-youtube\" style=\"text-align:center; display: block;\"><iframe loading=\"lazy\" class=\"youtube-player\" width=\"560\" height=\"315\" src=\"https:\/\/www.youtube.com\/embed\/Wu9sDN5nUGY?version=3&#038;rel=0&#038;showsearch=0&#038;showinfo=0&#038;iv_load_policy=1&#038;fs=1&#038;hl=pt-BR&#038;autohide=2&#038;wmode=transparent\" allowfullscreen=\"true\" style=\"border:0;\" sandbox=\"allow-scripts allow-same-origin allow-popups allow-presentation allow-popups-to-escape-sandbox\"><\/iframe><\/span><\/br><\/div>\n<div class=\"bodytext_right\"><a href=\"#inicio\"> &lt;&lt; <\/a><\/div>\n<p><!-- fim resultados e repercuss\u00f5es --><\/p>\n","protected":false},"excerpt":{"rendered":"<p>Por sua abrang\u00eancia, a Ergonomia pode auxiliar em solu\u00e7\u00f5es numa grande \u00e1rea de abrang\u00eancia contribuindo n\u00e3o s\u00f3 no ambiente ocupacional mas tamb\u00e9m, na vida cotidiana. Neste contexto, o presente projeto considera a seguinte ementa: discuss\u00e3o quanto \u00e0s \u00e1reas de estudo da Ergonomia, mostrando de maneira pratica e did\u00e1tica os tr\u00eas eixos da Ergonomia atrav\u00e9s de &hellip; <\/p>\n<p><a class=\"more-link btn\" href=\"https:\/\/wp.ufpel.edu.br\/labserg\/quem_somos\/ergodrops_2016\/\">Continue lendo<\/a><\/p>\n","protected":false},"author":275,"featured_media":1284,"parent":166,"menu_order":0,"comment_status":"closed","ping_status":"closed","template":"template-onecolumn.php","meta":{"jetpack_post_was_ever_published":false,"footnotes":""},"class_list":["post-1281","page","type-page","status-publish","has-post-thumbnail","hentry","nodate","item-wrap"],"jetpack_sharing_enabled":true,"jetpack_shortlink":"https:\/\/wp.me\/P3ZG28-kF","_links":{"self":[{"href":"https:\/\/wp.ufpel.edu.br\/labserg\/wp-json\/wp\/v2\/pages\/1281","targetHints":{"allow":["GET"]}}],"collection":[{"href":"https:\/\/wp.ufpel.edu.br\/labserg\/wp-json\/wp\/v2\/pages"}],"about":[{"href":"https:\/\/wp.ufpel.edu.br\/labserg\/wp-json\/wp\/v2\/types\/page"}],"author":[{"embeddable":true,"href":"https:\/\/wp.ufpel.edu.br\/labserg\/wp-json\/wp\/v2\/users\/275"}],"replies":[{"embeddable":true,"href":"https:\/\/wp.ufpel.edu.br\/labserg\/wp-json\/wp\/v2\/comments?post=1281"}],"version-history":[{"count":26,"href":"https:\/\/wp.ufpel.edu.br\/labserg\/wp-json\/wp\/v2\/pages\/1281\/revisions"}],"predecessor-version":[{"id":2195,"href":"https:\/\/wp.ufpel.edu.br\/labserg\/wp-json\/wp\/v2\/pages\/1281\/revisions\/2195"}],"up":[{"embeddable":true,"href":"https:\/\/wp.ufpel.edu.br\/labserg\/wp-json\/wp\/v2\/pages\/166"}],"wp:featuredmedia":[{"embeddable":true,"href":"https:\/\/wp.ufpel.edu.br\/labserg\/wp-json\/wp\/v2\/media\/1284"}],"wp:attachment":[{"href":"https:\/\/wp.ufpel.edu.br\/labserg\/wp-json\/wp\/v2\/media?parent=1281"}],"curies":[{"name":"wp","href":"https:\/\/api.w.org\/{rel}","templated":true}]}}