{"id":69,"date":"2019-08-28T13:55:53","date_gmt":"2019-08-28T16:55:53","guid":{"rendered":"https:\/\/dequimicalaboratorio.wordpress.com\/?page_id=69"},"modified":"2019-08-28T13:55:53","modified_gmt":"2019-08-28T16:55:53","slug":"noticias","status":"publish","type":"page","link":"https:\/\/wp.ufpel.edu.br\/labquimica\/noticias\/","title":{"rendered":"Not\u00edcias"},"content":{"rendered":"\n<p class=\"has-text-align-center\" style=\"line-height:1.5\">Este projeto teve in\u00edcio no ano de 2019, atrav\u00e9s de apoio da Pr\u00f3-Reitoria de<br>Ensino (PRE) da Universidade Federal de Pelotas \u2013 UFPel.<\/p>\n\n\n\n<p class=\"has-text-align-center\">Os v\u00eddeos s\u00e3o divulgados periodicamente; neles temas de conte\u00fados de Qu\u00edmica Inorg\u00e2nica s\u00e3o desenvolvidos.<\/p>\n\n\n\n<p class=\"has-text-align-center\" style=\"line-height:1.5\">O acesso \u00e9 p\u00fablico, sendo divulgado principalmente para os graduandos interessados no estudo dos temas abordados.<\/p>\n\n\n\n<p class=\"has-text-align-center\"><\/p>\n","protected":false},"excerpt":{"rendered":"<p>Este projeto teve in\u00edcio no ano de 2019, atrav\u00e9s de apoio da Pr\u00f3-Reitoria deEnsino (PRE) da Universidade Federal de Pelotas \u2013 UFPel. Os v\u00eddeos s\u00e3o divulgados periodicamente; neles temas de conte\u00fados de Qu\u00edmica Inorg\u00e2nica s\u00e3o desenvolvidos. O acesso \u00e9 p\u00fablico, sendo divulgado principalmente para os graduandos interessados no estudo dos temas abordados.<\/p>\n","protected":false},"author":1043,"featured_media":0,"parent":0,"menu_order":0,"comment_status":"closed","ping_status":"closed","template":"","meta":{"footnotes":""},"class_list":["post-69","page","type-page","status-publish","hentry"],"_links":{"self":[{"href":"https:\/\/wp.ufpel.edu.br\/labquimica\/wp-json\/wp\/v2\/pages\/69","targetHints":{"allow":["GET"]}}],"collection":[{"href":"https:\/\/wp.ufpel.edu.br\/labquimica\/wp-json\/wp\/v2\/pages"}],"about":[{"href":"https:\/\/wp.ufpel.edu.br\/labquimica\/wp-json\/wp\/v2\/types\/page"}],"author":[{"embeddable":true,"href":"https:\/\/wp.ufpel.edu.br\/labquimica\/wp-json\/wp\/v2\/users\/1043"}],"replies":[{"embeddable":true,"href":"https:\/\/wp.ufpel.edu.br\/labquimica\/wp-json\/wp\/v2\/comments?post=69"}],"version-history":[{"count":0,"href":"https:\/\/wp.ufpel.edu.br\/labquimica\/wp-json\/wp\/v2\/pages\/69\/revisions"}],"wp:attachment":[{"href":"https:\/\/wp.ufpel.edu.br\/labquimica\/wp-json\/wp\/v2\/media?parent=69"}],"curies":[{"name":"wp","href":"https:\/\/api.w.org\/{rel}","templated":true}]}}