{"id":28,"date":"2019-08-09T11:59:03","date_gmt":"2019-08-09T14:59:03","guid":{"rendered":"https:\/\/dequimicalaboratorio.wordpress.com\/?page_id=28"},"modified":"2020-07-28T09:22:03","modified_gmt":"2020-07-28T12:22:03","slug":"videos","status":"publish","type":"page","link":"https:\/\/wp.ufpel.edu.br\/labquimica\/videos\/","title":{"rendered":"V\u00eddeos"},"content":{"rendered":"\r\n<p class=\"has-background has-cyan-bluish-gray-background-color\" style=\"font-size: 30px;text-align: center\"><strong>Oxida\u00e7\u00e3o do \u00e1cido ox\u00e1lico<\/strong><\/p>\r\n\r\n\r\n\r\n<figure class=\"wp-block-embed-youtube wp-block-embed is-type-rich wp-embed-aspect-16-9 wp-has-aspect-ratio\">\r\n<div class=\"wp-block-embed__wrapper\">https:\/\/youtu.be\/d-TOada2QE0<\/div>\r\n<\/figure>\r\n","protected":false},"excerpt":{"rendered":"<p>Oxida\u00e7\u00e3o do \u00e1cido ox\u00e1lico<\/p>\n","protected":false},"author":1043,"featured_media":0,"parent":0,"menu_order":0,"comment_status":"closed","ping_status":"closed","template":"","meta":{"footnotes":""},"class_list":["post-28","page","type-page","status-publish","hentry"],"_links":{"self":[{"href":"https:\/\/wp.ufpel.edu.br\/labquimica\/wp-json\/wp\/v2\/pages\/28","targetHints":{"allow":["GET"]}}],"collection":[{"href":"https:\/\/wp.ufpel.edu.br\/labquimica\/wp-json\/wp\/v2\/pages"}],"about":[{"href":"https:\/\/wp.ufpel.edu.br\/labquimica\/wp-json\/wp\/v2\/types\/page"}],"author":[{"embeddable":true,"href":"https:\/\/wp.ufpel.edu.br\/labquimica\/wp-json\/wp\/v2\/users\/1043"}],"replies":[{"embeddable":true,"href":"https:\/\/wp.ufpel.edu.br\/labquimica\/wp-json\/wp\/v2\/comments?post=28"}],"version-history":[{"count":2,"href":"https:\/\/wp.ufpel.edu.br\/labquimica\/wp-json\/wp\/v2\/pages\/28\/revisions"}],"predecessor-version":[{"id":227,"href":"https:\/\/wp.ufpel.edu.br\/labquimica\/wp-json\/wp\/v2\/pages\/28\/revisions\/227"}],"wp:attachment":[{"href":"https:\/\/wp.ufpel.edu.br\/labquimica\/wp-json\/wp\/v2\/media?parent=28"}],"curies":[{"name":"wp","href":"https:\/\/api.w.org\/{rel}","templated":true}]}}