{"id":390,"date":"2023-10-14T13:50:20","date_gmt":"2023-10-14T16:50:20","guid":{"rendered":"https:\/\/wp.ufpel.edu.br\/laboratorioimagensjustica\/?page_id=390"},"modified":"2023-10-14T13:57:42","modified_gmt":"2023-10-14T16:57:42","slug":"iv-seminario-internacional-imagens-da-justica-curriculo-e-educacao-juridica","status":"publish","type":"page","link":"https:\/\/wp.ufpel.edu.br\/laboratorioimagensjustica\/iv-seminario-internacional-imagens-da-justica-curriculo-e-educacao-juridica\/","title":{"rendered":"IV Semin\u00e1rio Internacional Imagens da Justi\u00e7a, Curr\u00edculo e Educa\u00e7\u00e3o Jur\u00eddica"},"content":{"rendered":"\n<p>Com imensa satisfa\u00e7\u00e3o apresentamos o &nbsp;IV Semin\u00e1rio Internacional Imagens da Justi\u00e7a, Curr\u00edculo e Educa\u00e7\u00e3o Jur\u00eddica,&nbsp;\u201c<em>Imagens para resistir em nome da democracia\u201d<\/em>,&nbsp;promovido por uma parceria entre a Universidade Federal de Pelotas, representada pela Faculdade de Educa\u00e7\u00e3o \u2013 Programa de P\u00f3s- Gradua\u00e7\u00e3o em Educa\u00e7\u00e3o e a Faculdade de Direito \u2013 Programa de P\u00f3s-Gradua\u00e7\u00e3o em Direito, e a Universidade Federal do Rio Grande, por meio do Programa de P\u00f3s-Gradua\u00e7\u00e3o em Direito e Justi\u00e7a Social, a ser realizado no formato virtual no per\u00edodo de 19 a 30 de agosto de 2021.<\/p>\n\n\n\n<p>O evento tem como objetivo propiciar conhecimentos e oportunizar o debate sobre a produ\u00e7\u00e3o cient\u00edfica que tem sido desenvolvida no campo do curr\u00edculo, particularmente aquela articulada \u00e0 tem\u00e1tica das imagens e\/ou da educa\u00e7\u00e3o jur\u00eddica, com a participa\u00e7\u00e3o de pesquisadores nacionais e estrangeiros, estudantes de gradua\u00e7\u00e3o e p\u00f3s-gradua\u00e7\u00e3o, docentes da educa\u00e7\u00e3o superior e da educa\u00e7\u00e3o b\u00e1sica, bem como de profissionais da \u00e1rea, na perspectiva de ampliar conhecimentos e potencialidades de an\u00e1lise sobre o curr\u00edculo, bem como de contribuir para a consolida\u00e7\u00e3o da rede internacional de pesquisa gerada nas tr\u00eas primeiras edi\u00e7\u00f5es deste semin\u00e1rio.<\/p>\n\n\n\n<p>A proposta do Semin\u00e1rio surge em 2012 com base no Projeto de Pesquisa \u201cImagens da Justi\u00e7a, Curr\u00edculo e Pedagogia Jur\u00eddica\u201d, financiado pelo CNPq.&nbsp;A partir dessa investiga\u00e7\u00e3o, em que analisamos imagens da justi\u00e7a produzidas por estudantes de cursos de Direito, realizamos cinco eventos, o I e o II Semin\u00e1rio Internacional Imagens da Justi\u00e7a, respectivamente, nos anos de 2012 e 2014, com a parceria do Programa de P\u00f3s-Gradua\u00e7\u00e3o em Educa\u00e7\u00e3o e da Faculdade de Direito desta Universidade, o Semin\u00e1rio \u201cImagens da Justi\u00e7a, Pesquisas e Pr\u00e1ticas inovadoras no ensino jur\u00eddico contempor\u00e2neo\u201d, em 2015, na UFSC &#8211; institui\u00e7\u00e3o parceira da pesquisa, &nbsp;e o Semin\u00e1rio \u201cCurr\u00edculo, Cultura Visual e Pesquisa em Educa\u00e7\u00e3o\u201d, em 2016, na UFPel. Este evento foi promovido j\u00e1 no contexto do Projeto de Pesquisa, \u201cImagens da Justi\u00e7a, Representa\u00e7\u00f5es Curriculares e Pedagogia Jur\u00eddica\u201d, financiada pelo CNPq, em que analisamos imagens de docentes de cinco cursos de Direito, como elemento de estudo do curr\u00edculo do curso, e realizamos, na sequ\u00eancia, o III Semin\u00e1rio Internacional Imagens da Justi\u00e7a.<\/p>\n\n\n\n<p>Nestes dez anos um conjunto de experi\u00eancias investigativas com imagens foram sendo desenvolvidas em diversas universidades parceiras no Brasil, Angola, Chile e Fran\u00e7a, mais particularmente, possibilitando o entrecruzamento dos temas imagens da justi\u00e7a, curr\u00edculo, curr\u00edculo do curso de direito e pedagogia jur\u00eddica.<\/p>\n\n\n\n<p>\u00c9 importante dar relevo \u00e0s produ\u00e7\u00f5es acad\u00eamicas que destes estudos t\u00eam se originado. S\u00e3o artigos cient\u00edficos, monografias, disserta\u00e7\u00f5es, teses, cap\u00edtulos de livros e livros que possibilitaram reverberar a pot\u00eancia expressa nas investiga\u00e7\u00f5es de car\u00e1ter transdisciplinar que dialogam com as tem\u00e1ticas deste semin\u00e1rio. Outro elemento de destaque foi a cria\u00e7\u00e3o em 2019 do Grupo de Pesquisa Laborat\u00f3rio Imagens da Justi\u00e7a (registrado na Diret\u00f3rio de Grupos de Pesquisa &#8211; CNPq) que busca a produ\u00e7\u00e3o interseccional de conhecimentos e para isso utiliza-se de metodologias inovadoras direcionadas \u00e0s ci\u00eancias humanas e sociais na \u00e1rea de imagens, inclusive seus aspectos \u00e9ticos, articulando estudos sobre: educa\u00e7\u00e3o; curr\u00edculo; arte; pol\u00edticas curriculares; justi\u00e7a curricular; democracia; g\u00eanero e sexualidade; etnia e ra\u00e7a; acessibilidade, direitos humanos e pedagogia Jur\u00eddica<\/p>\n\n\n\n<p>Realizar a quarta edi\u00e7\u00e3o do evento de forma virtual ser\u00e1 desafiador, especialmente diante da grave crise sanit\u00e1ria, com tantas vidas perdidas, num cen\u00e1rio de extrema complexidade, agravado pelo quadro de instabilidade econ\u00f4mica, pol\u00edtica e social. No entanto, estando ao lado (e pela) ci\u00eancia, em defesa de uma educa\u00e7\u00e3o p\u00fablica, gratuita, inclusiva e socialmente referenciada, entendemos fundamental debater democracia e os mecanismos de resist\u00eancia, postulando a radicalidade que envolve estes termos como forma de constru\u00e7\u00e3o de uma epistemologia subalterna, n\u00e3o colonial, antissexista, antirracista e antidiscriminat\u00f3ria.<\/p>\n\n\n\n<p>Al\u00e9m do mais, acreditamos que o IV Semin\u00e1rio oportunizar\u00e1 o interc\u00e2mbio de pesquisadores\/as nacionais e estrangeiros\/as, incentivando a coopera\u00e7\u00e3o em investiga\u00e7\u00f5es sobre a tem\u00e1tica focalizada no evento e ampliando potencialidades de coopera\u00e7\u00e3o entre grupos nacionais e internacionais com vistas a ampliar as redes de colabora\u00e7\u00e3o.<\/p>\n","protected":false},"excerpt":{"rendered":"<p>Com imensa satisfa\u00e7\u00e3o apresentamos o &nbsp;IV Semin\u00e1rio Internacional Imagens da Justi\u00e7a, Curr\u00edculo e Educa\u00e7\u00e3o Jur\u00eddica,&nbsp;\u201cImagens para resistir em nome da democracia\u201d,&nbsp;promovido por uma parceria entre a Universidade Federal de Pelotas, representada pela Faculdade de Educa\u00e7\u00e3o \u2013 Programa de P\u00f3s- Gradua\u00e7\u00e3o em Educa\u00e7\u00e3o e a Faculdade de Direito \u2013 Programa de P\u00f3s-Gradua\u00e7\u00e3o em Direito, e a&#8230; <\/p>\n<div class=\"link-more\"><a href=\"https:\/\/wp.ufpel.edu.br\/laboratorioimagensjustica\/iv-seminario-internacional-imagens-da-justica-curriculo-e-educacao-juridica\/\">Leia mais<\/a><\/div>\n","protected":false},"author":1009,"featured_media":0,"parent":0,"menu_order":0,"comment_status":"closed","ping_status":"closed","template":"","meta":{"footnotes":""},"class_list":["post-390","page","type-page","status-publish","hentry"],"_links":{"self":[{"href":"https:\/\/wp.ufpel.edu.br\/laboratorioimagensjustica\/wp-json\/wp\/v2\/pages\/390","targetHints":{"allow":["GET"]}}],"collection":[{"href":"https:\/\/wp.ufpel.edu.br\/laboratorioimagensjustica\/wp-json\/wp\/v2\/pages"}],"about":[{"href":"https:\/\/wp.ufpel.edu.br\/laboratorioimagensjustica\/wp-json\/wp\/v2\/types\/page"}],"author":[{"embeddable":true,"href":"https:\/\/wp.ufpel.edu.br\/laboratorioimagensjustica\/wp-json\/wp\/v2\/users\/1009"}],"replies":[{"embeddable":true,"href":"https:\/\/wp.ufpel.edu.br\/laboratorioimagensjustica\/wp-json\/wp\/v2\/comments?post=390"}],"version-history":[{"count":2,"href":"https:\/\/wp.ufpel.edu.br\/laboratorioimagensjustica\/wp-json\/wp\/v2\/pages\/390\/revisions"}],"predecessor-version":[{"id":428,"href":"https:\/\/wp.ufpel.edu.br\/laboratorioimagensjustica\/wp-json\/wp\/v2\/pages\/390\/revisions\/428"}],"wp:attachment":[{"href":"https:\/\/wp.ufpel.edu.br\/laboratorioimagensjustica\/wp-json\/wp\/v2\/media?parent=390"}],"curies":[{"name":"wp","href":"https:\/\/api.w.org\/{rel}","templated":true}]}}