{"id":120,"date":"2020-08-12T16:45:26","date_gmt":"2020-08-12T19:45:26","guid":{"rendered":"https:\/\/wp.ufpel.edu.br\/laboratorioimagensjustica\/?page_id=120"},"modified":"2020-09-14T20:31:05","modified_gmt":"2020-09-14T23:31:05","slug":"home","status":"publish","type":"page","link":"https:\/\/wp.ufpel.edu.br\/laboratorioimagensjustica\/","title":{"rendered":"Home"},"content":{"rendered":"\n<h2 class=\"wp-block-heading\">Seja bem-vind@!<\/h2>\n\n\n\n<p>Esse \u00e9 o site do nosso <a rel=\"noreferrer noopener\" href=\"https:\/\/wp.ufpel.edu.br\/laboratorioimagensjustica\/a-equipe\/\" target=\"_blank\">grupo de pesquisa<\/a>, que analisa curr\u00edculos de cursos de gradua\u00e7\u00e3o apoiado nos estudos de imagens. Desenho, fotografia, cinema, literatura, s\u00e9ries televisivas, games, pintura e outros artefatos culturais funcionam como elementos de an\u00e1lise. \u00c9 por meio deles que conectamos imagens da justi\u00e7a, arte e educa\u00e7\u00e3o.<\/p>\n\n\n\n<figure class=\"wp-block-image size-large\"><img loading=\"lazy\" decoding=\"async\" width=\"599\" height=\"268\" src=\"https:\/\/wp.ufpel.edu.br\/laboratorioimagensjustica\/files\/2020\/09\/imagem_capa1_marca_dagua.jpg\" alt=\"\" class=\"wp-image-348\" srcset=\"https:\/\/wp.ufpel.edu.br\/laboratorioimagensjustica\/files\/2020\/09\/imagem_capa1_marca_dagua.jpg 599w, https:\/\/wp.ufpel.edu.br\/laboratorioimagensjustica\/files\/2020\/09\/imagem_capa1_marca_dagua-400x179.jpg 400w\" sizes=\"auto, (max-width: 599px) 100vw, 599px\" \/><\/figure>\n\n\n\n<p class=\"has-text-align-center has-small-font-size\">Desenho de aluno durante o primeiro ano de sua gradua\u00e7\u00e3o em Direito\/FURG. Essa imagem e a seguinte foram analisadas por n\u00f3s em artigo cient\u00edfico. Para acess\u00e1-lo, clique <a rel=\"noreferrer noopener\" href=\"https:\/\/wp.ufpel.edu.br\/laboratorioimagensjustica\/files\/2020\/08\/Di%C3%A1logos-entre-imagens-justi%C3%A7a-e-educa%C3%A7%C3%A3o-jur%C3%ADdica.-Curr%C3%ADculo-sem-Fronteiras.pdf\" target=\"_blank\">aqui.<\/a><\/p>\n\n\n\n<p>Buscamos a produ\u00e7\u00e3o interseccional de conhecimentos e para isso utilizamos metodologias inovadoras direcionadas \u00e0s ci\u00eancias humanas e sociais. Outro objetivo \u00e9 pesquisar, divulgar e incentivar a produ\u00e7\u00e3o cient\u00edfica na \u00e1rea de imagens, inclusive seus aspectos \u00e9ticos, articulando estudos sobre:<\/p>\n\n\n\n<ul class=\"wp-block-list\"><li>Educa\u00e7\u00e3o<\/li><li>Curr\u00edculo<\/li><li>Arte<\/li><li>Pol\u00edticas curriculares<\/li><li>Justi\u00e7a curricular<\/li><li>Democracia<\/li><li>G\u00eanero e sexualidade<\/li><li>Etnia e ra\u00e7a<\/li><li>Acessibilidade e direitos humanos<\/li><li>Pedagogia Jur\u00eddica<\/li><\/ul>\n\n\n\n<figure class=\"wp-block-image size-large\"><img loading=\"lazy\" decoding=\"async\" width=\"628\" height=\"308\" src=\"https:\/\/wp.ufpel.edu.br\/laboratorioimagensjustica\/files\/2020\/09\/imagem_capa2_marca_dagua.jpg\" alt=\"\" class=\"wp-image-349\" srcset=\"https:\/\/wp.ufpel.edu.br\/laboratorioimagensjustica\/files\/2020\/09\/imagem_capa2_marca_dagua.jpg 628w, https:\/\/wp.ufpel.edu.br\/laboratorioimagensjustica\/files\/2020\/09\/imagem_capa2_marca_dagua-400x196.jpg 400w, https:\/\/wp.ufpel.edu.br\/laboratorioimagensjustica\/files\/2020\/09\/imagem_capa2_marca_dagua-600x294.jpg 600w\" sizes=\"auto, (max-width: 628px) 100vw, 628px\" \/><\/figure>\n\n\n\n<p class=\"has-text-align-center has-small-font-size\">Desenho de aluno durante o primeiro ano de sua gradua\u00e7\u00e3o em Direito\/FURG.<\/p>\n\n\n\n<p> Aqui no site voc\u00ea encontra uma amostra de nosso <a rel=\"noreferrer noopener\" href=\"https:\/\/wp.ufpel.edu.br\/laboratorioimagensjustica\/banco-de-imagens\/\" target=\"_blank\">Banco de Imagens<\/a>. Ele est\u00e1 em permanente constru\u00e7\u00e3o e \u00e9 uma ferramenta para o desenvolvimento de estudos comparativos e longitudinais.<\/p>\n\n\n\n<p>Trabalhamos para viabilizar a publica\u00e7\u00e3o de <a rel=\"noreferrer noopener\" href=\"https:\/\/wp.ufpel.edu.br\/laboratorioimagensjustica\/repositorio\/\" target=\"_blank\">textos cient\u00edficos e\/ou did\u00e1ticos<\/a> e organiza\u00e7\u00e3o de <a rel=\"noreferrer noopener\" href=\"https:\/\/wp.ufpel.edu.br\/laboratorioimagensjustica\/seminario-internacional-imagens-da-justica-curriculo-e-educacao-juridica\/\" target=\"_blank\">eventos nacionais e internacionais<\/a>. Tamb\u00e9m articulamos di\u00e1logos e interc\u00e2mbios com pesquisadores e grupos de investiga\u00e7\u00e3o e\/ou projetos de pesquisa de interesse comum.<\/p>\n\n\n\n<p>Se gostou e se identificou com o nosso trabalho, <a rel=\"noreferrer noopener\" href=\"https:\/\/wp.ufpel.edu.br\/laboratorioimagensjustica\/contato\/\" target=\"_blank\">entre em contato<\/a> com a gente! Ficaremos muito felizes em conversar com voc\u00ea!<\/p>\n\n\n\n<div style=\"height:100px\" aria-hidden=\"true\" class=\"wp-block-spacer\"><\/div>\n\n\n<ul class=\"wp-block-latest-posts__list wp-block-latest-posts\"><li><a class=\"wp-block-latest-posts__post-title\" href=\"https:\/\/wp.ufpel.edu.br\/laboratorioimagensjustica\/2020\/09\/01\/stephane-defende-sua-tese-no-programa-de-pos-graduacao-em-educacao-da-ufpel\/\">Stephane defende sua tese no Programa de P\u00f3s-Gradua\u00e7\u00e3o em Educa\u00e7\u00e3o da UFPel.<\/a><div class=\"wp-block-latest-posts__post-excerpt\">No dia &#8230;. apresentou a tese intitulada&#8230;<\/div><\/li>\n<li><a class=\"wp-block-latest-posts__post-title\" href=\"https:\/\/wp.ufpel.edu.br\/laboratorioimagensjustica\/2020\/06\/01\/ola-mundo\/\">FaE promove a confer\u00eancia &#8220;Justi\u00e7a curricular em tempos de pandemia&#8221; com o espanhol Jurjo Torres Santom\u00e9<\/a><div class=\"wp-block-latest-posts__post-excerpt\">Professor da Universidade da Coru\u00f1a foi convidado pelo Projeto de Ensino &#8220;O papel do Estado em tempos de pandemia&#8221; O projeto de ensino &#8220;O papel do estado em tempos de pandemia&#8221;, promovido pelo grupo de professores e professoras da \u00e1rea de pol\u00edticas educacionais da Faculdade de Educa\u00e7\u00e3o (FaE), promove no dia 02 de setembro (quarta-feira),&#8230; <div class=\"link-more\"><a href=\"https:\/\/wp.ufpel.edu.br\/laboratorioimagensjustica\/2020\/06\/01\/ola-mundo\/\">Leia mais<\/a><\/div><\/div><\/li>\n<\/ul>","protected":false},"excerpt":{"rendered":"<p>Seja bem-vind@! Esse \u00e9 o site do nosso grupo de pesquisa, que analisa curr\u00edculos de cursos de gradua\u00e7\u00e3o apoiado nos estudos de imagens. Desenho, fotografia, cinema, literatura, s\u00e9ries televisivas, games, pintura e outros artefatos culturais funcionam como elementos de an\u00e1lise. \u00c9 por meio deles que conectamos imagens da justi\u00e7a, arte e educa\u00e7\u00e3o. Desenho de aluno&#8230; <\/p>\n<div class=\"link-more\"><a href=\"https:\/\/wp.ufpel.edu.br\/laboratorioimagensjustica\/\">Leia mais<\/a><\/div>\n","protected":false},"author":836,"featured_media":0,"parent":0,"menu_order":0,"comment_status":"closed","ping_status":"closed","template":"","meta":{"footnotes":""},"class_list":["post-120","page","type-page","status-publish","hentry"],"_links":{"self":[{"href":"https:\/\/wp.ufpel.edu.br\/laboratorioimagensjustica\/wp-json\/wp\/v2\/pages\/120","targetHints":{"allow":["GET"]}}],"collection":[{"href":"https:\/\/wp.ufpel.edu.br\/laboratorioimagensjustica\/wp-json\/wp\/v2\/pages"}],"about":[{"href":"https:\/\/wp.ufpel.edu.br\/laboratorioimagensjustica\/wp-json\/wp\/v2\/types\/page"}],"author":[{"embeddable":true,"href":"https:\/\/wp.ufpel.edu.br\/laboratorioimagensjustica\/wp-json\/wp\/v2\/users\/836"}],"replies":[{"embeddable":true,"href":"https:\/\/wp.ufpel.edu.br\/laboratorioimagensjustica\/wp-json\/wp\/v2\/comments?post=120"}],"version-history":[{"count":11,"href":"https:\/\/wp.ufpel.edu.br\/laboratorioimagensjustica\/wp-json\/wp\/v2\/pages\/120\/revisions"}],"predecessor-version":[{"id":350,"href":"https:\/\/wp.ufpel.edu.br\/laboratorioimagensjustica\/wp-json\/wp\/v2\/pages\/120\/revisions\/350"}],"wp:attachment":[{"href":"https:\/\/wp.ufpel.edu.br\/laboratorioimagensjustica\/wp-json\/wp\/v2\/media?parent=120"}],"curies":[{"name":"wp","href":"https:\/\/api.w.org\/{rel}","templated":true}]}}

<h2 class="wp-block-heading">Seja bem-vind@!</h2>



<p>Esse é o site do nosso <a rel="noreferrer noopener" href="https://wp.ufpel.edu.br/laboratorioimagensjustica/a-equipe/" target="_blank">grupo de pesquisa</a>, que analisa currículos de cursos de graduação apoiado nos estudos de imagens. Desenho, fotografia, cinema, literatura, séries televisivas, games, pintura e outros artefatos culturais funcionam como elementos de análise. É por meio deles que conectamos imagens da justiça, arte e educação.</p>



<figure class="wp-block-image size-large"><img loading="lazy" decoding="async" width="599" height="268" src="https://wp.ufpel.edu.br/laboratorioimagensjustica/files/2020/09/imagem_capa1_marca_dagua.jpg" alt="" class="wp-image-348" srcset="https://wp.ufpel.edu.br/laboratorioimagensjustica/files/2020/09/imagem_capa1_marca_dagua.jpg 599w, https://wp.ufpel.edu.br/laboratorioimagensjustica/files/2020/09/imagem_capa1_marca_dagua-400x179.jpg 400w" sizes="auto, (max-width: 599px) 100vw, 599px" /></figure>



<p class="has-text-align-center has-small-font-size">Desenho de aluno durante o primeiro ano de sua graduação em Direito/FURG. Essa imagem e a seguinte foram analisadas por nós em artigo científico. Para acessá-lo, clique <a rel="noreferrer noopener" href="https://wp.ufpel.edu.br/laboratorioimagensjustica/files/2020/08/Di%C3%A1logos-entre-imagens-justi%C3%A7a-e-educa%C3%A7%C3%A3o-jur%C3%ADdica.-Curr%C3%ADculo-sem-Fronteiras.pdf" target="_blank">aqui.</a></p>



<p>Buscamos a produção interseccional de conhecimentos e para isso utilizamos metodologias inovadoras direcionadas às ciências humanas e sociais. Outro objetivo é pesquisar, divulgar e incentivar a produção científica na área de imagens, inclusive seus aspectos éticos, articulando estudos sobre:</p>



<ul class="wp-block-list"><li>Educação</li><li>Currículo</li><li>Arte</li><li>Políticas curriculares</li><li>Justiça curricular</li><li>Democracia</li><li>Gênero e sexualidade</li><li>Etnia e raça</li><li>Acessibilidade e direitos humanos</li><li>Pedagogia Jurídica</li></ul>



<figure class="wp-block-image size-large"><img loading="lazy" decoding="async" width="628" height="308" src="https://wp.ufpel.edu.br/laboratorioimagensjustica/files/2020/09/imagem_capa2_marca_dagua.jpg" alt="" class="wp-image-349" srcset="https://wp.ufpel.edu.br/laboratorioimagensjustica/files/2020/09/imagem_capa2_marca_dagua.jpg 628w, https://wp.ufpel.edu.br/laboratorioimagensjustica/files/2020/09/imagem_capa2_marca_dagua-400x196.jpg 400w, https://wp.ufpel.edu.br/laboratorioimagensjustica/files/2020/09/imagem_capa2_marca_dagua-600x294.jpg 600w" sizes="auto, (max-width: 628px) 100vw, 628px" /></figure>



<p class="has-text-align-center has-small-font-size">Desenho de aluno durante o primeiro ano de sua graduação em Direito/FURG.</p>



<p> Aqui no site você encontra uma amostra de nosso <a rel="noreferrer noopener" href="https://wp.ufpel.edu.br/laboratorioimagensjustica/banco-de-imagens/" target="_blank">Banco de Imagens</a>. Ele está em permanente construção e é uma ferramenta para o desenvolvimento de estudos comparativos e longitudinais.</p>



<p>Trabalhamos para viabilizar a publicação de <a rel="noreferrer noopener" href="https://wp.ufpel.edu.br/laboratorioimagensjustica/repositorio/" target="_blank">textos científicos e/ou didáticos</a> e organização de <a rel="noreferrer noopener" href="https://wp.ufpel.edu.br/laboratorioimagensjustica/seminario-internacional-imagens-da-justica-curriculo-e-educacao-juridica/" target="_blank">eventos nacionais e internacionais</a>. Também articulamos diálogos e intercâmbios com pesquisadores e grupos de investigação e/ou projetos de pesquisa de interesse comum.</p>



<p>Se gostou e se identificou com o nosso trabalho, <a rel="noreferrer noopener" href="https://wp.ufpel.edu.br/laboratorioimagensjustica/contato/" target="_blank">entre em contato</a> com a gente! Ficaremos muito felizes em conversar com você!</p>



<div style="height:100px" aria-hidden="true" class="wp-block-spacer"></div>


<ul class="wp-block-latest-posts__list wp-block-latest-posts"><li><a class="wp-block-latest-posts__post-title" href="https://wp.ufpel.edu.br/laboratorioimagensjustica/2020/09/01/stephane-defende-sua-tese-no-programa-de-pos-graduacao-em-educacao-da-ufpel/">Stephane defende sua tese no Programa de Pós-Graduação em Educação da UFPel.</a><div class="wp-block-latest-posts__post-excerpt">No dia &#8230;. apresentou a tese intitulada&#8230;</div></li>
<li><a class="wp-block-latest-posts__post-title" href="https://wp.ufpel.edu.br/laboratorioimagensjustica/2020/06/01/ola-mundo/">FaE promove a conferência &#8220;Justiça curricular em tempos de pandemia&#8221; com o espanhol Jurjo Torres Santomé</a><div class="wp-block-latest-posts__post-excerpt">Professor da Universidade da Coruña foi convidado pelo Projeto de Ensino &#8220;O papel do Estado em tempos de pandemia&#8221; O projeto de ensino &#8220;O papel do estado em tempos de pandemia&#8221;, promovido pelo grupo de professores e professoras da área de políticas educacionais da Faculdade de Educação (FaE), promove no dia 02 de setembro (quarta-feira),&#8230; <div class="link-more"><a href="https://wp.ufpel.edu.br/laboratorioimagensjustica/2020/06/01/ola-mundo/">Leia mais</a></div></div></li>
</ul>

<p>Seja bem-vind@! Esse é o site do nosso grupo de pesquisa, que analisa currículos de cursos de graduação apoiado nos estudos de imagens. Desenho, fotografia, cinema, literatura, séries televisivas, games, pintura e outros artefatos culturais funcionam como elementos de análise. É por meio deles que conectamos imagens da justiça, arte e educação. Desenho de aluno&#8230; </p>
<div class="link-more"><a href="https://wp.ufpel.edu.br/laboratorioimagensjustica/">Leia mais</a></div>
