{"id":17,"date":"2014-05-09T23:27:02","date_gmt":"2014-05-10T02:27:02","guid":{"rendered":"https:\/\/wp.ufpel.edu.br\/laboratorioelo\/?page_id=17"},"modified":"2018-07-18T19:31:27","modified_gmt":"2018-07-18T22:31:27","slug":"eventos-e-chamadas","status":"publish","type":"page","link":"https:\/\/wp.ufpel.edu.br\/laboratorioelo\/eventos-e-chamadas\/","title":{"rendered":"Eventos e Chamadas"},"content":{"rendered":"<h4 class=\"entry-title\" style=\"text-align: center\"><span style=\"font-family: tahoma, arial, helvetica, sans-serif;font-size: 24pt;color: #000000\">2017<\/span><\/h4>\n<h1 class=\"entry-title\" style=\"text-align: center\"><span style=\"font-family: helvetica, arial, sans-serif;font-size: 18pt\">1\u00ba Workshop Ultrassonografia e Estudos da Fala<\/span><\/h1>\n<p>&nbsp;<\/p>\n<p><img loading=\"lazy\" decoding=\"async\" class=\"size-full wp-image-517 aligncenter\" src=\"https:\/\/wp.ufpel.edu.br\/laboratorioelo\/files\/2017\/08\/WUSEF.001.jpg\" alt=\"\" width=\"890\" height=\"502\" srcset=\"https:\/\/wp.ufpel.edu.br\/laboratorioelo\/files\/2017\/08\/WUSEF.001.jpg 890w, https:\/\/wp.ufpel.edu.br\/laboratorioelo\/files\/2017\/08\/WUSEF.001-424x239.jpg 424w, https:\/\/wp.ufpel.edu.br\/laboratorioelo\/files\/2017\/08\/WUSEF.001-768x433.jpg 768w\" sizes=\"auto, (max-width: 890px) 100vw, 890px\" \/><\/p>\n<div id=\"x_yui_3_16_0_ym19_1_1502921264005_3365\" style=\"text-align: left\"><strong>\u00a0 \u00a0 <\/strong><\/div>\n<div style=\"text-align: left\">\n<p>Os Laborat\u00f3rios LELO (UFPel) e FONAPLI (UFSC) organizam o 1\u00ba Workshop Ultrassonografia e Estudos da Fala.<\/p>\n<div style=\"text-align: justify\">O\u00a0<i id=\"x_yui_3_16_0_ym19_1_1502921264005_3367\">1\u00ba WUSEF<\/i>\u00a0ocorrer\u00e1 em novembro na UFSC. O evento reunir\u00e1 investigadores que desenvolvem pesquisas sobre a linguagem t\u00edpica e at\u00edpica, que empregam o ultrassom, associado ou n\u00e3o a outras tecnologias, a fim de melhor compreender o funcionamento e o processamento da fala. Alan Wrench, da Queen Margaret University, realizar\u00e1 palestra e curso avan\u00e7ado sobre o software\u00a0 Articulate Assistant Advanced (AAA), programa de computador por ele concebido e empregado em diferentes n\u00facleos de pesquisa. O evento visa a reunir linguistas, professores de l\u00ednguas estrangeiras e fonoaudi\u00f3logos. Eleonora Albano (UNICAMP), M\u00e1rcia Keske-Soares (UFSM), Helena Bolli Mota (UFSM) e Larissa Berti (UNESP) estar\u00e3o presentes e participar\u00e3o das mesas redondas programadas.<\/div>\n<div><\/div>\n<div style=\"text-align: justify\">\n<ul>\n<li><strong>Inscri\u00e7\u00f5es, <a href=\"http:\/\/fonapli.paginas.ufsc.br\/files\/2017\/10\/Chamada-IWUSEF.pdf\"><span style=\"color: #ff9900\">clique aqui<\/span><\/a>.<\/strong><\/li>\n<li><strong>Programa\u00e7\u00e3o, <a href=\"https:\/\/wp.ufpel.edu.br\/laboratorioelo\/2017-programacao-iwusef\/\"><span style=\"color: #ff9900\">clique aqui<\/span><\/a>.<\/strong><\/li>\n<\/ul>\n<\/div>\n<\/div>\n","protected":false},"excerpt":{"rendered":"<p>2017 1\u00ba Workshop Ultrassonografia e Estudos da Fala &nbsp; \u00a0 \u00a0 Os Laborat\u00f3rios LELO (UFPel) e FONAPLI (UFSC) organizam o 1\u00ba Workshop Ultrassonografia e Estudos da Fala. O\u00a01\u00ba WUSEF\u00a0ocorrer\u00e1 em novembro na UFSC. O evento reunir\u00e1 investigadores que desenvolvem pesquisas sobre a linguagem t\u00edpica e at\u00edpica, que empregam o ultrassom, associado ou n\u00e3o a outras&#8230; <\/p>\n<div class=\"link-more\"><a href=\"https:\/\/wp.ufpel.edu.br\/laboratorioelo\/eventos-e-chamadas\/\">Leia mais<\/a><\/div>\n","protected":false},"author":386,"featured_media":0,"parent":0,"menu_order":0,"comment_status":"closed","ping_status":"closed","template":"","meta":{"footnotes":""},"class_list":["post-17","page","type-page","status-publish","hentry"],"yoast_head":"<!-- This site is optimized with the Yoast SEO plugin v26.7 - https:\/\/yoast.com\/wordpress\/plugins\/seo\/ -->\n<title>Eventos e Chamadas - LELO - UFPel<\/title>\n<meta name=\"robots\" content=\"index, follow, max-snippet:-1, max-image-preview:large, max-video-preview:-1\" \/>\n<link rel=\"canonical\" href=\"https:\/\/wp.ufpel.edu.br\/laboratorioelo\/eventos-e-chamadas\/\" \/>\n<meta property=\"og:locale\" content=\"pt_BR\" \/>\n<meta property=\"og:type\" content=\"article\" \/>\n<meta property=\"og:title\" content=\"Eventos e Chamadas - LELO - UFPel\" \/>\n<meta property=\"og:description\" content=\"2017 1\u00ba Workshop Ultrassonografia e Estudos da Fala &nbsp; \u00a0 \u00a0 Os Laborat\u00f3rios LELO (UFPel) e FONAPLI (UFSC) organizam o 1\u00ba Workshop Ultrassonografia e Estudos da Fala. O\u00a01\u00ba WUSEF\u00a0ocorrer\u00e1 em novembro na UFSC. O evento reunir\u00e1 investigadores que desenvolvem pesquisas sobre a linguagem t\u00edpica e at\u00edpica, que empregam o ultrassom, associado ou n\u00e3o a outras... Leia mais\" \/>\n<meta property=\"og:url\" content=\"https:\/\/wp.ufpel.edu.br\/laboratorioelo\/eventos-e-chamadas\/\" \/>\n<meta property=\"og:site_name\" content=\"LELO - UFPel\" \/>\n<meta property=\"article:modified_time\" content=\"2018-07-18T22:31:27+00:00\" \/>\n<meta property=\"og:image\" content=\"https:\/\/wp.ufpel.edu.br\/laboratorioelo\/files\/2017\/08\/WUSEF.001.jpg\" \/>\n\t<meta property=\"og:image:width\" content=\"890\" \/>\n\t<meta property=\"og:image:height\" content=\"502\" \/>\n\t<meta property=\"og:image:type\" content=\"image\/jpeg\" \/>\n<meta name=\"twitter:card\" content=\"summary_large_image\" \/>\n<meta name=\"twitter:label1\" content=\"Est. tempo de leitura\" \/>\n\t<meta name=\"twitter:data1\" content=\"1 minuto\" \/>\n<script type=\"application\/ld+json\" class=\"yoast-schema-graph\">{\"@context\":\"https:\/\/schema.org\",\"@graph\":[{\"@type\":\"WebPage\",\"@id\":\"https:\/\/wp.ufpel.edu.br\/laboratorioelo\/eventos-e-chamadas\/\",\"url\":\"https:\/\/wp.ufpel.edu.br\/laboratorioelo\/eventos-e-chamadas\/\",\"name\":\"Eventos e Chamadas - LELO - UFPel\",\"isPartOf\":{\"@id\":\"https:\/\/wp.ufpel.edu.br\/laboratorioelo\/#website\"},\"primaryImageOfPage\":{\"@id\":\"https:\/\/wp.ufpel.edu.br\/laboratorioelo\/eventos-e-chamadas\/#primaryimage\"},\"image\":{\"@id\":\"https:\/\/wp.ufpel.edu.br\/laboratorioelo\/eventos-e-chamadas\/#primaryimage\"},\"thumbnailUrl\":\"https:\/\/wp.ufpel.edu.br\/laboratorioelo\/files\/2017\/08\/WUSEF.001.jpg\",\"datePublished\":\"2014-05-10T02:27:02+00:00\",\"dateModified\":\"2018-07-18T22:31:27+00:00\",\"breadcrumb\":{\"@id\":\"https:\/\/wp.ufpel.edu.br\/laboratorioelo\/eventos-e-chamadas\/#breadcrumb\"},\"inLanguage\":\"pt-BR\",\"potentialAction\":[{\"@type\":\"ReadAction\",\"target\":[\"https:\/\/wp.ufpel.edu.br\/laboratorioelo\/eventos-e-chamadas\/\"]}]},{\"@type\":\"ImageObject\",\"inLanguage\":\"pt-BR\",\"@id\":\"https:\/\/wp.ufpel.edu.br\/laboratorioelo\/eventos-e-chamadas\/#primaryimage\",\"url\":\"https:\/\/wp.ufpel.edu.br\/laboratorioelo\/files\/2017\/08\/WUSEF.001.jpg\",\"contentUrl\":\"https:\/\/wp.ufpel.edu.br\/laboratorioelo\/files\/2017\/08\/WUSEF.001.jpg\",\"width\":890,\"height\":502},{\"@type\":\"BreadcrumbList\",\"@id\":\"https:\/\/wp.ufpel.edu.br\/laboratorioelo\/eventos-e-chamadas\/#breadcrumb\",\"itemListElement\":[{\"@type\":\"ListItem\",\"position\":1,\"name\":\"Home\",\"item\":\"https:\/\/wp.ufpel.edu.br\/laboratorioelo\/\"},{\"@type\":\"ListItem\",\"position\":2,\"name\":\"Eventos e Chamadas\"}]},{\"@type\":\"WebSite\",\"@id\":\"https:\/\/wp.ufpel.edu.br\/laboratorioelo\/#website\",\"url\":\"https:\/\/wp.ufpel.edu.br\/laboratorioelo\/\",\"name\":\"LELO - UFPEL\",\"description\":\"\",\"publisher\":{\"@id\":\"https:\/\/wp.ufpel.edu.br\/laboratorioelo\/#organization\"},\"potentialAction\":[{\"@type\":\"SearchAction\",\"target\":{\"@type\":\"EntryPoint\",\"urlTemplate\":\"https:\/\/wp.ufpel.edu.br\/laboratorioelo\/?s={search_term_string}\"},\"query-input\":{\"@type\":\"PropertyValueSpecification\",\"valueRequired\":true,\"valueName\":\"search_term_string\"}}],\"inLanguage\":\"pt-BR\"},{\"@type\":\"Organization\",\"@id\":\"https:\/\/wp.ufpel.edu.br\/laboratorioelo\/#organization\",\"name\":\"Laborat\u00f3rio ELO\",\"url\":\"https:\/\/wp.ufpel.edu.br\/laboratorioelo\/\",\"logo\":{\"@type\":\"ImageObject\",\"inLanguage\":\"pt-BR\",\"@id\":\"https:\/\/wp.ufpel.edu.br\/laboratorioelo\/#\/schema\/logo\/image\/\",\"url\":\"https:\/\/wp.ufpel.edu.br\/laboratorioelo\/files\/2017\/08\/Lelo_logo_pretoBranco2-1.png\",\"contentUrl\":\"https:\/\/wp.ufpel.edu.br\/laboratorioelo\/files\/2017\/08\/Lelo_logo_pretoBranco2-1.png\",\"width\":1153,\"height\":569,\"caption\":\"Laborat\u00f3rio ELO\"},\"image\":{\"@id\":\"https:\/\/wp.ufpel.edu.br\/laboratorioelo\/#\/schema\/logo\/image\/\"}}]}<\/script>\n<!-- \/ Yoast SEO plugin. -->","yoast_head_json":{"title":"Eventos e Chamadas - LELO - UFPel","robots":{"index":"index","follow":"follow","max-snippet":"max-snippet:-1","max-image-preview":"max-image-preview:large","max-video-preview":"max-video-preview:-1"},"canonical":"https:\/\/wp.ufpel.edu.br\/laboratorioelo\/eventos-e-chamadas\/","og_locale":"pt_BR","og_type":"article","og_title":"Eventos e Chamadas - LELO - UFPel","og_description":"2017 1\u00ba Workshop Ultrassonografia e Estudos da Fala &nbsp; \u00a0 \u00a0 Os Laborat\u00f3rios LELO (UFPel) e FONAPLI (UFSC) organizam o 1\u00ba Workshop Ultrassonografia e Estudos da Fala. O\u00a01\u00ba WUSEF\u00a0ocorrer\u00e1 em novembro na UFSC. O evento reunir\u00e1 investigadores que desenvolvem pesquisas sobre a linguagem t\u00edpica e at\u00edpica, que empregam o ultrassom, associado ou n\u00e3o a outras... Leia mais","og_url":"https:\/\/wp.ufpel.edu.br\/laboratorioelo\/eventos-e-chamadas\/","og_site_name":"LELO - UFPel","article_modified_time":"2018-07-18T22:31:27+00:00","og_image":[{"width":890,"height":502,"url":"https:\/\/wp.ufpel.edu.br\/laboratorioelo\/files\/2017\/08\/WUSEF.001.jpg","type":"image\/jpeg"}],"twitter_card":"summary_large_image","twitter_misc":{"Est. tempo de leitura":"1 minuto"},"schema":{"@context":"https:\/\/schema.org","@graph":[{"@type":"WebPage","@id":"https:\/\/wp.ufpel.edu.br\/laboratorioelo\/eventos-e-chamadas\/","url":"https:\/\/wp.ufpel.edu.br\/laboratorioelo\/eventos-e-chamadas\/","name":"Eventos e Chamadas - LELO - UFPel","isPartOf":{"@id":"https:\/\/wp.ufpel.edu.br\/laboratorioelo\/#website"},"primaryImageOfPage":{"@id":"https:\/\/wp.ufpel.edu.br\/laboratorioelo\/eventos-e-chamadas\/#primaryimage"},"image":{"@id":"https:\/\/wp.ufpel.edu.br\/laboratorioelo\/eventos-e-chamadas\/#primaryimage"},"thumbnailUrl":"https:\/\/wp.ufpel.edu.br\/laboratorioelo\/files\/2017\/08\/WUSEF.001.jpg","datePublished":"2014-05-10T02:27:02+00:00","dateModified":"2018-07-18T22:31:27+00:00","breadcrumb":{"@id":"https:\/\/wp.ufpel.edu.br\/laboratorioelo\/eventos-e-chamadas\/#breadcrumb"},"inLanguage":"pt-BR","potentialAction":[{"@type":"ReadAction","target":["https:\/\/wp.ufpel.edu.br\/laboratorioelo\/eventos-e-chamadas\/"]}]},{"@type":"ImageObject","inLanguage":"pt-BR","@id":"https:\/\/wp.ufpel.edu.br\/laboratorioelo\/eventos-e-chamadas\/#primaryimage","url":"https:\/\/wp.ufpel.edu.br\/laboratorioelo\/files\/2017\/08\/WUSEF.001.jpg","contentUrl":"https:\/\/wp.ufpel.edu.br\/laboratorioelo\/files\/2017\/08\/WUSEF.001.jpg","width":890,"height":502},{"@type":"BreadcrumbList","@id":"https:\/\/wp.ufpel.edu.br\/laboratorioelo\/eventos-e-chamadas\/#breadcrumb","itemListElement":[{"@type":"ListItem","position":1,"name":"Home","item":"https:\/\/wp.ufpel.edu.br\/laboratorioelo\/"},{"@type":"ListItem","position":2,"name":"Eventos e Chamadas"}]},{"@type":"WebSite","@id":"https:\/\/wp.ufpel.edu.br\/laboratorioelo\/#website","url":"https:\/\/wp.ufpel.edu.br\/laboratorioelo\/","name":"LELO - UFPEL","description":"","publisher":{"@id":"https:\/\/wp.ufpel.edu.br\/laboratorioelo\/#organization"},"potentialAction":[{"@type":"SearchAction","target":{"@type":"EntryPoint","urlTemplate":"https:\/\/wp.ufpel.edu.br\/laboratorioelo\/?s={search_term_string}"},"query-input":{"@type":"PropertyValueSpecification","valueRequired":true,"valueName":"search_term_string"}}],"inLanguage":"pt-BR"},{"@type":"Organization","@id":"https:\/\/wp.ufpel.edu.br\/laboratorioelo\/#organization","name":"Laborat\u00f3rio ELO","url":"https:\/\/wp.ufpel.edu.br\/laboratorioelo\/","logo":{"@type":"ImageObject","inLanguage":"pt-BR","@id":"https:\/\/wp.ufpel.edu.br\/laboratorioelo\/#\/schema\/logo\/image\/","url":"https:\/\/wp.ufpel.edu.br\/laboratorioelo\/files\/2017\/08\/Lelo_logo_pretoBranco2-1.png","contentUrl":"https:\/\/wp.ufpel.edu.br\/laboratorioelo\/files\/2017\/08\/Lelo_logo_pretoBranco2-1.png","width":1153,"height":569,"caption":"Laborat\u00f3rio ELO"},"image":{"@id":"https:\/\/wp.ufpel.edu.br\/laboratorioelo\/#\/schema\/logo\/image\/"}}]}},"jetpack_sharing_enabled":true,"_links":{"self":[{"href":"https:\/\/wp.ufpel.edu.br\/laboratorioelo\/wp-json\/wp\/v2\/pages\/17","targetHints":{"allow":["GET"]}}],"collection":[{"href":"https:\/\/wp.ufpel.edu.br\/laboratorioelo\/wp-json\/wp\/v2\/pages"}],"about":[{"href":"https:\/\/wp.ufpel.edu.br\/laboratorioelo\/wp-json\/wp\/v2\/types\/page"}],"author":[{"embeddable":true,"href":"https:\/\/wp.ufpel.edu.br\/laboratorioelo\/wp-json\/wp\/v2\/users\/386"}],"replies":[{"embeddable":true,"href":"https:\/\/wp.ufpel.edu.br\/laboratorioelo\/wp-json\/wp\/v2\/comments?post=17"}],"version-history":[{"count":38,"href":"https:\/\/wp.ufpel.edu.br\/laboratorioelo\/wp-json\/wp\/v2\/pages\/17\/revisions"}],"predecessor-version":[{"id":1142,"href":"https:\/\/wp.ufpel.edu.br\/laboratorioelo\/wp-json\/wp\/v2\/pages\/17\/revisions\/1142"}],"wp:attachment":[{"href":"https:\/\/wp.ufpel.edu.br\/laboratorioelo\/wp-json\/wp\/v2\/media?parent=17"}],"curies":[{"name":"wp","href":"https:\/\/api.w.org\/{rel}","templated":true}]}}