{"id":1350,"date":"2019-01-12T20:20:10","date_gmt":"2019-01-12T22:20:10","guid":{"rendered":"https:\/\/wp.ufpel.edu.br\/laboratorioelo\/?page_id=1350"},"modified":"2019-01-12T20:22:07","modified_gmt":"2019-01-12T22:22:07","slug":"wuf","status":"publish","type":"page","link":"https:\/\/wp.ufpel.edu.br\/laboratorioelo\/wuf\/","title":{"rendered":"WORKSHOP EM ULTRASSONOGRAFIA DE FALA"},"content":{"rendered":"<h1 style=\"text-align: center\"><span style=\"color: #000000;font-size: 18pt\">Comunica\u00e7\u00f5es<\/span><\/h1>\n<p style=\"text-align: justify\"><strong>Data:<\/strong>\u00a010\/12\/2018\u00a0<strong>Hor\u00e1rio:<\/strong>\u00a015:10\u00a0<strong>Local:<\/strong>\u00a0Labor\u00e1torio 5 &#8211; Subsolo<br \/>\n<strong>T\u00edtulo:\u00a0<\/strong>A ULTRASSONOGRAFIA APLICADA \u00c0 AQUISI\u00c7\u00c3O DO SEGMENTO RETROFLEXO EM INGL\u00caS<br \/>\n<strong>Autores:<\/strong> Misael Kr\u00fcger Lemes, N\u00e1tali Matias Duarte e Giovana Ferreira-Gon\u00e7alves<\/p>\n<p style=\"text-align: justify\"><strong>Data:<\/strong>\u00a010\/12\/2018\u00a0<strong>Hor\u00e1rio:<\/strong>\u00a014:30\u00a0<strong>Local:<\/strong>\u00a0Labor\u00e1torio 5 &#8211; Subsolo<br \/>\n<strong>T\u00edtulo:\u00a0<\/strong>A CONFIGURA\u00c7\u00c3O GESTUAL DO R\u00d3TICO NO DIALETO PELOTENSE<br \/>\n<strong>Autores:<\/strong> Patr\u00edcia Pereira Melcheque, Giovana Ferreira-Gon\u00e7alves e Mirian Rose Brum-de-Paula (UFPel)<\/p>\n<p><span style=\"color: #000000\">Para acessar a programa\u00e7\u00e3o <strong><em><a style=\"text-decoration: none\" href=\"https:\/\/wp.ufpel.edu.br\/laboratorioelo\/files\/2019\/01\/Programa%C3%A7%C3%A3o-Workshop.pdf\" target=\"_blank\" rel=\"noopener\">clique aqui<\/a><\/em><\/strong><\/span><br \/>\n<span style=\"color: #000000\">Para acessar o caderno de resumos <em><strong><a style=\"text-decoration: none\" href=\"https:\/\/wp.ufpel.edu.br\/laboratorioelo\/files\/2019\/01\/Caderno-de-Resumos-Workshop.pdf\" target=\"_blank\" rel=\"noopener\">clique aqui<\/a><\/strong><\/em><\/span><\/p>\n","protected":false},"excerpt":{"rendered":"<p>Comunica\u00e7\u00f5es Data:\u00a010\/12\/2018\u00a0Hor\u00e1rio:\u00a015:10\u00a0Local:\u00a0Labor\u00e1torio 5 &#8211; Subsolo T\u00edtulo:\u00a0A ULTRASSONOGRAFIA APLICADA \u00c0 AQUISI\u00c7\u00c3O DO SEGMENTO RETROFLEXO EM INGL\u00caS Autores: Misael Kr\u00fcger Lemes, N\u00e1tali Matias Duarte e Giovana Ferreira-Gon\u00e7alves Data:\u00a010\/12\/2018\u00a0Hor\u00e1rio:\u00a014:30\u00a0Local:\u00a0Labor\u00e1torio 5 &#8211; Subsolo T\u00edtulo:\u00a0A CONFIGURA\u00c7\u00c3O GESTUAL DO R\u00d3TICO NO DIALETO PELOTENSE Autores: Patr\u00edcia Pereira Melcheque, Giovana Ferreira-Gon\u00e7alves e Mirian Rose Brum-de-Paula (UFPel) Para acessar a programa\u00e7\u00e3o clique aqui Para&#8230; <\/p>\n<div class=\"link-more\"><a href=\"https:\/\/wp.ufpel.edu.br\/laboratorioelo\/wuf\/\">Leia mais<\/a><\/div>\n","protected":false},"author":386,"featured_media":0,"parent":0,"menu_order":0,"comment_status":"closed","ping_status":"closed","template":"","meta":{"footnotes":""},"class_list":["post-1350","page","type-page","status-publish","hentry"],"yoast_head":"<!-- This site is optimized with the Yoast SEO plugin v26.7 - https:\/\/yoast.com\/wordpress\/plugins\/seo\/ -->\n<title>WORKSHOP EM ULTRASSONOGRAFIA DE FALA - LELO - UFPel<\/title>\n<meta name=\"robots\" content=\"index, follow, max-snippet:-1, max-image-preview:large, max-video-preview:-1\" \/>\n<link rel=\"canonical\" href=\"https:\/\/wp.ufpel.edu.br\/laboratorioelo\/wuf\/\" \/>\n<meta property=\"og:locale\" content=\"pt_BR\" \/>\n<meta property=\"og:type\" content=\"article\" \/>\n<meta property=\"og:title\" content=\"WORKSHOP EM ULTRASSONOGRAFIA DE FALA - LELO - UFPel\" \/>\n<meta property=\"og:description\" content=\"Comunica\u00e7\u00f5es Data:\u00a010\/12\/2018\u00a0Hor\u00e1rio:\u00a015:10\u00a0Local:\u00a0Labor\u00e1torio 5 &#8211; Subsolo T\u00edtulo:\u00a0A ULTRASSONOGRAFIA APLICADA \u00c0 AQUISI\u00c7\u00c3O DO SEGMENTO RETROFLEXO EM INGL\u00caS Autores: Misael Kr\u00fcger Lemes, N\u00e1tali Matias Duarte e Giovana Ferreira-Gon\u00e7alves Data:\u00a010\/12\/2018\u00a0Hor\u00e1rio:\u00a014:30\u00a0Local:\u00a0Labor\u00e1torio 5 &#8211; Subsolo T\u00edtulo:\u00a0A CONFIGURA\u00c7\u00c3O GESTUAL DO R\u00d3TICO NO DIALETO PELOTENSE Autores: Patr\u00edcia Pereira Melcheque, Giovana Ferreira-Gon\u00e7alves e Mirian Rose Brum-de-Paula (UFPel) Para acessar a programa\u00e7\u00e3o clique aqui Para... Leia mais\" \/>\n<meta property=\"og:url\" content=\"https:\/\/wp.ufpel.edu.br\/laboratorioelo\/wuf\/\" \/>\n<meta property=\"og:site_name\" content=\"LELO - UFPel\" \/>\n<meta property=\"article:modified_time\" content=\"2019-01-12T22:22:07+00:00\" \/>\n<meta name=\"twitter:card\" content=\"summary_large_image\" \/>\n<script type=\"application\/ld+json\" class=\"yoast-schema-graph\">{\"@context\":\"https:\/\/schema.org\",\"@graph\":[{\"@type\":\"WebPage\",\"@id\":\"https:\/\/wp.ufpel.edu.br\/laboratorioelo\/wuf\/\",\"url\":\"https:\/\/wp.ufpel.edu.br\/laboratorioelo\/wuf\/\",\"name\":\"WORKSHOP EM ULTRASSONOGRAFIA DE FALA - LELO - UFPel\",\"isPartOf\":{\"@id\":\"https:\/\/wp.ufpel.edu.br\/laboratorioelo\/#website\"},\"datePublished\":\"2019-01-12T22:20:10+00:00\",\"dateModified\":\"2019-01-12T22:22:07+00:00\",\"breadcrumb\":{\"@id\":\"https:\/\/wp.ufpel.edu.br\/laboratorioelo\/wuf\/#breadcrumb\"},\"inLanguage\":\"pt-BR\",\"potentialAction\":[{\"@type\":\"ReadAction\",\"target\":[\"https:\/\/wp.ufpel.edu.br\/laboratorioelo\/wuf\/\"]}]},{\"@type\":\"BreadcrumbList\",\"@id\":\"https:\/\/wp.ufpel.edu.br\/laboratorioelo\/wuf\/#breadcrumb\",\"itemListElement\":[{\"@type\":\"ListItem\",\"position\":1,\"name\":\"Home\",\"item\":\"https:\/\/wp.ufpel.edu.br\/laboratorioelo\/\"},{\"@type\":\"ListItem\",\"position\":2,\"name\":\"WORKSHOP EM ULTRASSONOGRAFIA DE FALA\"}]},{\"@type\":\"WebSite\",\"@id\":\"https:\/\/wp.ufpel.edu.br\/laboratorioelo\/#website\",\"url\":\"https:\/\/wp.ufpel.edu.br\/laboratorioelo\/\",\"name\":\"LELO - UFPEL\",\"description\":\"\",\"publisher\":{\"@id\":\"https:\/\/wp.ufpel.edu.br\/laboratorioelo\/#organization\"},\"potentialAction\":[{\"@type\":\"SearchAction\",\"target\":{\"@type\":\"EntryPoint\",\"urlTemplate\":\"https:\/\/wp.ufpel.edu.br\/laboratorioelo\/?s={search_term_string}\"},\"query-input\":{\"@type\":\"PropertyValueSpecification\",\"valueRequired\":true,\"valueName\":\"search_term_string\"}}],\"inLanguage\":\"pt-BR\"},{\"@type\":\"Organization\",\"@id\":\"https:\/\/wp.ufpel.edu.br\/laboratorioelo\/#organization\",\"name\":\"Laborat\u00f3rio ELO\",\"url\":\"https:\/\/wp.ufpel.edu.br\/laboratorioelo\/\",\"logo\":{\"@type\":\"ImageObject\",\"inLanguage\":\"pt-BR\",\"@id\":\"https:\/\/wp.ufpel.edu.br\/laboratorioelo\/#\/schema\/logo\/image\/\",\"url\":\"https:\/\/wp.ufpel.edu.br\/laboratorioelo\/files\/2017\/08\/Lelo_logo_pretoBranco2-1.png\",\"contentUrl\":\"https:\/\/wp.ufpel.edu.br\/laboratorioelo\/files\/2017\/08\/Lelo_logo_pretoBranco2-1.png\",\"width\":1153,\"height\":569,\"caption\":\"Laborat\u00f3rio ELO\"},\"image\":{\"@id\":\"https:\/\/wp.ufpel.edu.br\/laboratorioelo\/#\/schema\/logo\/image\/\"}}]}<\/script>\n<!-- \/ Yoast SEO plugin. -->","yoast_head_json":{"title":"WORKSHOP EM ULTRASSONOGRAFIA DE FALA - LELO - UFPel","robots":{"index":"index","follow":"follow","max-snippet":"max-snippet:-1","max-image-preview":"max-image-preview:large","max-video-preview":"max-video-preview:-1"},"canonical":"https:\/\/wp.ufpel.edu.br\/laboratorioelo\/wuf\/","og_locale":"pt_BR","og_type":"article","og_title":"WORKSHOP EM ULTRASSONOGRAFIA DE FALA - LELO - UFPel","og_description":"Comunica\u00e7\u00f5es Data:\u00a010\/12\/2018\u00a0Hor\u00e1rio:\u00a015:10\u00a0Local:\u00a0Labor\u00e1torio 5 &#8211; Subsolo T\u00edtulo:\u00a0A ULTRASSONOGRAFIA APLICADA \u00c0 AQUISI\u00c7\u00c3O DO SEGMENTO RETROFLEXO EM INGL\u00caS Autores: Misael Kr\u00fcger Lemes, N\u00e1tali Matias Duarte e Giovana Ferreira-Gon\u00e7alves Data:\u00a010\/12\/2018\u00a0Hor\u00e1rio:\u00a014:30\u00a0Local:\u00a0Labor\u00e1torio 5 &#8211; Subsolo T\u00edtulo:\u00a0A CONFIGURA\u00c7\u00c3O GESTUAL DO R\u00d3TICO NO DIALETO PELOTENSE Autores: Patr\u00edcia Pereira Melcheque, Giovana Ferreira-Gon\u00e7alves e Mirian Rose Brum-de-Paula (UFPel) Para acessar a programa\u00e7\u00e3o clique aqui Para... Leia mais","og_url":"https:\/\/wp.ufpel.edu.br\/laboratorioelo\/wuf\/","og_site_name":"LELO - UFPel","article_modified_time":"2019-01-12T22:22:07+00:00","twitter_card":"summary_large_image","schema":{"@context":"https:\/\/schema.org","@graph":[{"@type":"WebPage","@id":"https:\/\/wp.ufpel.edu.br\/laboratorioelo\/wuf\/","url":"https:\/\/wp.ufpel.edu.br\/laboratorioelo\/wuf\/","name":"WORKSHOP EM ULTRASSONOGRAFIA DE FALA - LELO - UFPel","isPartOf":{"@id":"https:\/\/wp.ufpel.edu.br\/laboratorioelo\/#website"},"datePublished":"2019-01-12T22:20:10+00:00","dateModified":"2019-01-12T22:22:07+00:00","breadcrumb":{"@id":"https:\/\/wp.ufpel.edu.br\/laboratorioelo\/wuf\/#breadcrumb"},"inLanguage":"pt-BR","potentialAction":[{"@type":"ReadAction","target":["https:\/\/wp.ufpel.edu.br\/laboratorioelo\/wuf\/"]}]},{"@type":"BreadcrumbList","@id":"https:\/\/wp.ufpel.edu.br\/laboratorioelo\/wuf\/#breadcrumb","itemListElement":[{"@type":"ListItem","position":1,"name":"Home","item":"https:\/\/wp.ufpel.edu.br\/laboratorioelo\/"},{"@type":"ListItem","position":2,"name":"WORKSHOP EM ULTRASSONOGRAFIA DE FALA"}]},{"@type":"WebSite","@id":"https:\/\/wp.ufpel.edu.br\/laboratorioelo\/#website","url":"https:\/\/wp.ufpel.edu.br\/laboratorioelo\/","name":"LELO - UFPEL","description":"","publisher":{"@id":"https:\/\/wp.ufpel.edu.br\/laboratorioelo\/#organization"},"potentialAction":[{"@type":"SearchAction","target":{"@type":"EntryPoint","urlTemplate":"https:\/\/wp.ufpel.edu.br\/laboratorioelo\/?s={search_term_string}"},"query-input":{"@type":"PropertyValueSpecification","valueRequired":true,"valueName":"search_term_string"}}],"inLanguage":"pt-BR"},{"@type":"Organization","@id":"https:\/\/wp.ufpel.edu.br\/laboratorioelo\/#organization","name":"Laborat\u00f3rio ELO","url":"https:\/\/wp.ufpel.edu.br\/laboratorioelo\/","logo":{"@type":"ImageObject","inLanguage":"pt-BR","@id":"https:\/\/wp.ufpel.edu.br\/laboratorioelo\/#\/schema\/logo\/image\/","url":"https:\/\/wp.ufpel.edu.br\/laboratorioelo\/files\/2017\/08\/Lelo_logo_pretoBranco2-1.png","contentUrl":"https:\/\/wp.ufpel.edu.br\/laboratorioelo\/files\/2017\/08\/Lelo_logo_pretoBranco2-1.png","width":1153,"height":569,"caption":"Laborat\u00f3rio ELO"},"image":{"@id":"https:\/\/wp.ufpel.edu.br\/laboratorioelo\/#\/schema\/logo\/image\/"}}]}},"jetpack_sharing_enabled":true,"_links":{"self":[{"href":"https:\/\/wp.ufpel.edu.br\/laboratorioelo\/wp-json\/wp\/v2\/pages\/1350","targetHints":{"allow":["GET"]}}],"collection":[{"href":"https:\/\/wp.ufpel.edu.br\/laboratorioelo\/wp-json\/wp\/v2\/pages"}],"about":[{"href":"https:\/\/wp.ufpel.edu.br\/laboratorioelo\/wp-json\/wp\/v2\/types\/page"}],"author":[{"embeddable":true,"href":"https:\/\/wp.ufpel.edu.br\/laboratorioelo\/wp-json\/wp\/v2\/users\/386"}],"replies":[{"embeddable":true,"href":"https:\/\/wp.ufpel.edu.br\/laboratorioelo\/wp-json\/wp\/v2\/comments?post=1350"}],"version-history":[{"count":7,"href":"https:\/\/wp.ufpel.edu.br\/laboratorioelo\/wp-json\/wp\/v2\/pages\/1350\/revisions"}],"predecessor-version":[{"id":1361,"href":"https:\/\/wp.ufpel.edu.br\/laboratorioelo\/wp-json\/wp\/v2\/pages\/1350\/revisions\/1361"}],"wp:attachment":[{"href":"https:\/\/wp.ufpel.edu.br\/laboratorioelo\/wp-json\/wp\/v2\/media?parent=1350"}],"curies":[{"name":"wp","href":"https:\/\/api.w.org\/{rel}","templated":true}]}}

<h1 style="text-align: center"><span style="color: #000000;font-size: 18pt">Comunicações</span></h1>
<p style="text-align: justify"><strong>Data:</strong> 10/12/2018 <strong>Horário:</strong> 15:10 <strong>Local:</strong> Laborátorio 5 &#8211; Subsolo<br />
<strong>Título: </strong>A ULTRASSONOGRAFIA APLICADA À AQUISIÇÃO DO SEGMENTO RETROFLEXO EM INGLÊS<br />
<strong>Autores:</strong> Misael Krüger Lemes, Nátali Matias Duarte e Giovana Ferreira-Gonçalves</p>
<p style="text-align: justify"><strong>Data:</strong> 10/12/2018 <strong>Horário:</strong> 14:30 <strong>Local:</strong> Laborátorio 5 &#8211; Subsolo<br />
<strong>Título: </strong>A CONFIGURAÇÃO GESTUAL DO RÓTICO NO DIALETO PELOTENSE<br />
<strong>Autores:</strong> Patrícia Pereira Melcheque, Giovana Ferreira-Gonçalves e Mirian Rose Brum-de-Paula (UFPel)</p>
<p><span style="color: #000000">Para acessar a programação <strong><em><a style="text-decoration: none" href="https://wp.ufpel.edu.br/laboratorioelo/files/2019/01/Programa%C3%A7%C3%A3o-Workshop.pdf" target="_blank" rel="noopener">clique aqui</a></em></strong></span><br />
<span style="color: #000000">Para acessar o caderno de resumos <em><strong><a style="text-decoration: none" href="https://wp.ufpel.edu.br/laboratorioelo/files/2019/01/Caderno-de-Resumos-Workshop.pdf" target="_blank" rel="noopener">clique aqui</a></strong></em></span></p>

<p>Comunicações Data: 10/12/2018 Horário: 15:10 Local: Laborátorio 5 &#8211; Subsolo Título: A ULTRASSONOGRAFIA APLICADA À AQUISIÇÃO DO SEGMENTO RETROFLEXO EM INGLÊS Autores: Misael Krüger Lemes, Nátali Matias Duarte e Giovana Ferreira-Gonçalves Data: 10/12/2018 Horário: 14:30 Local: Laborátorio 5 &#8211; Subsolo Título: A CONFIGURAÇÃO GESTUAL DO RÓTICO NO DIALETO PELOTENSE Autores: Patrícia Pereira Melcheque, Giovana Ferreira-Gonçalves e Mirian Rose Brum-de-Paula (UFPel) Para acessar a programação clique aqui Para&#8230; </p>
<div class="link-more"><a href="https://wp.ufpel.edu.br/laboratorioelo/wuf/">Leia mais</a></div>

<!-- This site is optimized with the Yoast SEO plugin v26.7 - https://yoast.com/wordpress/plugins/seo/ -->
<title>WORKSHOP EM ULTRASSONOGRAFIA DE FALA - LELO - UFPel</title>
<meta name="robots" content="index, follow, max-snippet:-1, max-image-preview:large, max-video-preview:-1" />
<link rel="canonical" href="https://wp.ufpel.edu.br/laboratorioelo/wuf/" />
<meta property="og:locale" content="pt_BR" />
<meta property="og:type" content="article" />
<meta property="og:title" content="WORKSHOP EM ULTRASSONOGRAFIA DE FALA - LELO - UFPel" />
<meta property="og:description" content="Comunicações Data: 10/12/2018 Horário: 15:10 Local: Laborátorio 5 &#8211; Subsolo Título: A ULTRASSONOGRAFIA APLICADA À AQUISIÇÃO DO SEGMENTO RETROFLEXO EM INGLÊS Autores: Misael Krüger Lemes, Nátali Matias Duarte e Giovana Ferreira-Gonçalves Data: 10/12/2018 Horário: 14:30 Local: Laborátorio 5 &#8211; Subsolo Título: A CONFIGURAÇÃO GESTUAL DO RÓTICO NO DIALETO PELOTENSE Autores: Patrícia Pereira Melcheque, Giovana Ferreira-Gonçalves e Mirian Rose Brum-de-Paula (UFPel) Para acessar a programação clique aqui Para... Leia mais" />
<meta property="og:url" content="https://wp.ufpel.edu.br/laboratorioelo/wuf/" />
<meta property="og:site_name" content="LELO - UFPel" />
<meta property="article:modified_time" content="2019-01-12T22:22:07+00:00" />
<meta name="twitter:card" content="summary_large_image" />
<script type="application/ld+json" class="yoast-schema-graph">{"@context":"https://schema.org","@graph":[{"@type":"WebPage","@id":"https://wp.ufpel.edu.br/laboratorioelo/wuf/","url":"https://wp.ufpel.edu.br/laboratorioelo/wuf/","name":"WORKSHOP EM ULTRASSONOGRAFIA DE FALA - LELO - UFPel","isPartOf":{"@id":"https://wp.ufpel.edu.br/laboratorioelo/#website"},"datePublished":"2019-01-12T22:20:10+00:00","dateModified":"2019-01-12T22:22:07+00:00","breadcrumb":{"@id":"https://wp.ufpel.edu.br/laboratorioelo/wuf/#breadcrumb"},"inLanguage":"pt-BR","potentialAction":[{"@type":"ReadAction","target":["https://wp.ufpel.edu.br/laboratorioelo/wuf/"]}]},{"@type":"BreadcrumbList","@id":"https://wp.ufpel.edu.br/laboratorioelo/wuf/#breadcrumb","itemListElement":[{"@type":"ListItem","position":1,"name":"Home","item":"https://wp.ufpel.edu.br/laboratorioelo/"},{"@type":"ListItem","position":2,"name":"WORKSHOP EM ULTRASSONOGRAFIA DE FALA"}]},{"@type":"WebSite","@id":"https://wp.ufpel.edu.br/laboratorioelo/#website","url":"https://wp.ufpel.edu.br/laboratorioelo/","name":"LELO - UFPEL","description":"","publisher":{"@id":"https://wp.ufpel.edu.br/laboratorioelo/#organization"},"potentialAction":[{"@type":"SearchAction","target":{"@type":"EntryPoint","urlTemplate":"https://wp.ufpel.edu.br/laboratorioelo/?s={search_term_string}"},"query-input":{"@type":"PropertyValueSpecification","valueRequired":true,"valueName":"search_term_string"}}],"inLanguage":"pt-BR"},{"@type":"Organization","@id":"https://wp.ufpel.edu.br/laboratorioelo/#organization","name":"Laboratório ELO","url":"https://wp.ufpel.edu.br/laboratorioelo/","logo":{"@type":"ImageObject","inLanguage":"pt-BR","@id":"https://wp.ufpel.edu.br/laboratorioelo/#/schema/logo/image/","url":"https://wp.ufpel.edu.br/laboratorioelo/files/2017/08/Lelo_logo_pretoBranco2-1.png","contentUrl":"https://wp.ufpel.edu.br/laboratorioelo/files/2017/08/Lelo_logo_pretoBranco2-1.png","width":1153,"height":569,"caption":"Laboratório ELO"},"image":{"@id":"https://wp.ufpel.edu.br/laboratorioelo/#/schema/logo/image/"}}]}</script>
<!-- / Yoast SEO plugin. -->

Comunicações Data: 10/12/2018 Horário: 15:10 Local: Laborátorio 5 &#8211; Subsolo Título: A ULTRASSONOGRAFIA APLICADA À AQUISIÇÃO DO SEGMENTO RETROFLEXO EM INGLÊS Autores: Misael Krüger Lemes, Nátali Matias Duarte e Giovana Ferreira-Gonçalves Data: 10/12/2018 Horário: 14:30 Local: Laborátorio 5 &#8211; Subsolo Título: A CONFIGURAÇÃO GESTUAL DO RÓTICO NO DIALETO PELOTENSE Autores: Patrícia Pereira Melcheque, Giovana Ferreira-Gonçalves e Mirian Rose Brum-de-Paula (UFPel) Para acessar a programação clique aqui Para... Leia mais

Laboratório ELO
